{"id":871,"date":"2024-01-12T09:26:18","date_gmt":"2024-01-12T12:26:18","guid":{"rendered":"https:\/\/portal.uern.br\/paudosferros\/enfermagem\/?page_id=871"},"modified":"2024-01-15T08:23:54","modified_gmt":"2024-01-15T11:23:54","slug":"corpo-tecnico","status":"publish","type":"page","link":"https:\/\/portal.uern.br\/paudosferros\/enfermagem\/corpo-tecnico\/","title":{"rendered":"Corpo T\u00e9cnico"},"content":{"rendered":"<table style=\"border-collapse: collapse;width: 100%;height: 109px\">\n<tbody>\n<tr style=\"height: 56px\">\n<td style=\"width: 100%;height: 56px\">\n<ul>\n<li>Rafaela Moreira Gurgel da Costa &#8211; Agente T\u00e9cnico Administrativo<\/li>\n<\/ul>\n<p>Curr\u00edculo Lattes: <a href=\"http:\/\/lattes.cnpq.br\/2729433711447185\">http:\/\/lattes.cnpq.br\/2729433711447185<\/a><\/td>\n<\/tr>\n<tr style=\"height: 29px\">\n<td style=\"width: 100%;height: 29px\">\n<ul>\n<li>Mary Jeane Ferreira Rocha &#8211; Assitente T\u00e9cnico Administrativo<\/li>\n<\/ul>\n<p>Cur\u00edculo Lattes: <a href=\"http:\/\/lattes.cnpq.br\/2369688057097392\">http:\/\/lattes.cnpq.br\/2369688057097392<\/a><\/td>\n<\/tr>\n<tr style=\"height: 24px\">\n<td style=\"width: 100%;height: 24px\">\n<ul>\n<li>Jo\u00e3o Bezerra de Queiroz Neto &#8211; T\u00e9cnico Especializado Laborat\u00f3rio<\/li>\n<\/ul>\n<p>Curr\u00edculo Lattes: <a href=\"http:\/\/lattes.cnpq.br\/4206397516301920\">http:\/\/lattes.cnpq.br\/4206397516301920<\/a><\/td>\n<\/tr>\n<\/tbody>\n<\/table>\n","protected":false},"excerpt":{"rendered":"<p>Rafaela Moreira Gurgel da Costa &#8211; Agente T\u00e9cnico Administrativo Curr\u00edculo Lattes: http:\/\/lattes.cnpq.br\/2729433711447185 Mary Jeane Ferreira Rocha &#8211; Assitente T\u00e9cnico Administrativo Cur\u00edculo Lattes: http:\/\/lattes.cnpq.br\/2369688057097392 Jo\u00e3o Bezerra de Queiroz Neto &#8211; T\u00e9cnico Especializado Laborat\u00f3rio Curr\u00edculo Lattes: http:\/\/lattes.cnpq.br\/4206397516301920<\/p>\n","protected":false},"author":17,"featured_media":0,"parent":0,"menu_order":0,"comment_status":"closed","ping_status":"closed","template":"","meta":{"footnotes":""},"class_list":["post-871","page","type-page","status-publish","hentry"],"_links":{"self":[{"href":"https:\/\/portal.uern.br\/paudosferros\/enfermagem\/wp-json\/wp\/v2\/pages\/871","targetHints":{"allow":["GET"]}}],"collection":[{"href":"https:\/\/portal.uern.br\/paudosferros\/enfermagem\/wp-json\/wp\/v2\/pages"}],"about":[{"href":"https:\/\/portal.uern.br\/paudosferros\/enfermagem\/wp-json\/wp\/v2\/types\/page"}],"author":[{"embeddable":true,"href":"https:\/\/portal.uern.br\/paudosferros\/enfermagem\/wp-json\/wp\/v2\/users\/17"}],"replies":[{"embeddable":true,"href":"https:\/\/portal.uern.br\/paudosferros\/enfermagem\/wp-json\/wp\/v2\/comments?post=871"}],"version-history":[{"count":4,"href":"https:\/\/portal.uern.br\/paudosferros\/enfermagem\/wp-json\/wp\/v2\/pages\/871\/revisions"}],"predecessor-version":[{"id":927,"href":"https:\/\/portal.uern.br\/paudosferros\/enfermagem\/wp-json\/wp\/v2\/pages\/871\/revisions\/927"}],"wp:attachment":[{"href":"https:\/\/portal.uern.br\/paudosferros\/enfermagem\/wp-json\/wp\/v2\/media?parent=871"}],"curies":[{"name":"wp","href":"https:\/\/api.w.org\/{rel}","templated":true}]}}