{"id":695,"date":"2023-07-19T20:48:19","date_gmt":"2023-07-19T23:48:19","guid":{"rendered":"https:\/\/portal.uern.br\/paudosferros\/enfermagem\/?page_id=695"},"modified":"2023-07-19T20:48:19","modified_gmt":"2023-07-19T23:48:19","slug":"perfil-do-egresso","status":"publish","type":"page","link":"https:\/\/portal.uern.br\/paudosferros\/enfermagem\/perfil-do-egresso\/","title":{"rendered":"Perfil do Egresso"},"content":{"rendered":"<h5><strong>1. CURSO DE BACHARELADO E LICENCIATURA EM ENFERMAGEM<\/strong><\/h5>\n<ul>\n<li>Comprometido com a constru\u00e7\u00e3o do trabalho da enfermagem e aprofundamento de sua qualifica\u00e7\u00e3o \u00e9tico-pol\u00edtico, t\u00e9cnico-cient\u00edfico e cultural dos demais trabalhadores de enfermagem;<\/li>\n<li>Comprometido com processos de qualifica\u00e7\u00e3o na educa\u00e7\u00e3o b\u00e1sica e na educa\u00e7\u00e3o profissional;<\/li>\n<li>Comprometido com o fortalecimento e a constru\u00e7\u00e3o permanente do Sistema \u00danico de Sa\u00fade;<\/li>\n<li>Capaz de identificar as necessidades sociais da popula\u00e7\u00e3o e seus determinantes;<\/li>\n<li>Capaz de intervir na produ\u00e7\u00e3o dos servi\u00e7os de sa\u00fade com vistas \u00e0 transforma\u00e7\u00e3o dos perfis epidemiol\u00f3gicos e aperfei\u00e7oamento do processo sa\u00fade-doen\u00e7a;<\/li>\n<li>Coordenador do trabalho de enfermagem, parcela do trabalho coletivo em sa\u00fade, materializado nos processos gerenciar, assistir\/intervir, ensinar\/aprender e investigar, nos modelos cl\u00ednico e epidemiol\u00f3gico de produ\u00e7\u00e3o dos servi\u00e7os de sa\u00fade;<\/li>\n<li>Produtor de conhecimentos comprometidos com a transforma\u00e7\u00e3o dos perfis epidemiol\u00f3gicos;<\/li>\n<li>Respons\u00e1vel pelo processo de forma\u00e7\u00e3o dos trabalhadores de enfermagem e participantes dos processos de forma\u00e7\u00e3o de outros trabalhadores de sa\u00fade, processos de educa\u00e7\u00e3o permanente, bem como na educa\u00e7\u00e3o b\u00e1sica;<\/li>\n<li>Capaz de estabelecer novas rela\u00e7\u00f5es com o contexto social, reconhecendo a estrutura e as formas de organiza\u00e7\u00e3o social, suas transforma\u00e7\u00f5es e express\u00f5es;<\/li>\n<li>Capaz de compreender a pol\u00edtica de sa\u00fade no contexto das pol\u00edticas sociais, reconhecendo os perfis epidemiol\u00f3gicos das popula\u00e7\u00f5es;<\/li>\n<li>Capaz de compreender a pol\u00edtica de educa\u00e7\u00e3o em enfermagem no contexto da pol\u00edtica nacional de educa\u00e7\u00e3o;<\/li>\n<li>Capaz de compreender o processo investigar como principio educativo;<\/li>\n<li>Capaz de reconhecer as rela\u00e7\u00f5es de trabalho e seus desdobramentos na sa\u00fade e educa\u00e7\u00e3o;<\/li>\n<li>Capaz de responder \u00e0s especificidades regionais de sa\u00fade atrav\u00e9s de interven\u00e7\u00f5es planejadas estrategicamente;<\/li>\n<li>Comprometido com a organiza\u00e7\u00e3o pol\u00edtica da categoria;<\/li>\n<li>Articulador, negociador, capaz de estabelecer alian\u00e7as e parcerias<\/li>\n<\/ul>\n<h5><strong>2.<\/strong>\u00a0<strong>CURSO DE BACHARELADO EM ENFERMAGEM<\/strong><\/h5>\n<p>O Curso de Gradua\u00e7\u00e3o Bacharelado em Enfermagem, do Campus Avan\u00e7ado de Pau dos Ferros, da Universidade do Estado do Rio Grande do Norte (CEN\/CAPF\/UERN) tem como perfil profissional a ser formado:<\/p>\n<ul>\n<li>Enfermeiro bacharel, generalista, humanista, cr\u00edtico e reflexivo;<\/li>\n<li>Qualificado para o exerc\u00edcio de Enfermagem, com base no rigor t\u00e9cnico, cient\u00edfico, \u00e9tico e pol\u00edtico;<\/li>\n<li>Capaz de conhecer e intervir sobre os problemas\/situa\u00e7\u00f5es de sa\u00fade-doen\u00e7a mais prevalentes que comp\u00f5em o perfil epidemiol\u00f3gico nacional, com \u00eanfase na sua regi\u00e3o\/local de atua\u00e7\u00e3o, identificando nas dimens\u00f5es biopsicossociais e os seus determinantes;<\/li>\n<li>Capaz de atuar, com senso de responsabilidade social e compromisso com a cidadania, como promotor da sa\u00fade integral da pessoa, em sua integralidade biol\u00f3gica, psicol\u00f3gica, social e espiritual e no exerc\u00edcio da cidadania.<\/li>\n<\/ul>\n<p>Ressalta-se, na constru\u00e7\u00e3o deste perfil profissional, caracter\u00edsticas espec\u00edficas neste egresso:<\/p>\n<ul>\n<li>Apto a coordenar o trabalho da enfermagem, parcela do trabalho coletivo em sa\u00fade, materializado nos processos assistir\/intervir, gerenciar, ensinar\/aprender e investigar, nos modelos cl\u00ednico e epidemiol\u00f3gico de produ\u00e7\u00e3o dos servi\u00e7os de sa\u00fade;<\/li>\n<li>Capacitado para compreender a pol\u00edtica de sa\u00fade vigente, no contexto das pol\u00edticas sociais, intervindo nos perfis epidemiol\u00f3gicos das popula\u00e7\u00f5es\/indiv\u00edduos e na produ\u00e7\u00e3o dos servi\u00e7os de sa\u00fade\/enfermagem, mediante interven\u00e7\u00f5es planejadas estrategicamente;<\/li>\n<li>Comprometido com as necessidades sociais de sa\u00fade e com a luta em defesa do Sistema \u00danico de Sa\u00fade (SUS), buscando seu fortalecimento e constru\u00e7\u00e3o permanente para consecu\u00e7\u00e3o do direito universal \u00e0 sa\u00fade;<\/li>\n<li>Capacitado para realizar o processo de trabalho ensinar\/aprender voltado para o desenvolvimento da educa\u00e7\u00e3o em sa\u00fade, na perspectiva da Vigil\u00e2ncia \u00e0 Sa\u00fade, visando o empoderamento do indiv\u00edduo, fam\u00edlia, comunidade;<\/li>\n<li>Capacitado para realizar o processo de trabalho ensinar\/aprender voltado para o desenvolvimento da educa\u00e7\u00e3o permanente em sa\u00fade, comprometendo-se com seu pr\u00f3prio processo de forma\u00e7\u00e3o e dos demais trabalhadores de enfermagem na perspectiva da articula\u00e7\u00e3o ensino\/trabalho;<\/li>\n<li>Capacitado para executar o processo pesquisar como eixo norteador dos demais processos de trabalho;<\/li>\n<li>Consciente das rela\u00e7\u00f5es estabelecidas no mundo do trabalho e seus desdobramentos na produ\u00e7\u00e3o dos servi\u00e7os de sa\u00fade e enfermagem;<\/li>\n<li>Comprometido com a organiza\u00e7\u00e3o pol\u00edtica da categoria;<\/li>\n<li>Capacitado para articular, liderar, negociar e estabelecer alian\u00e7as e parcerias.<\/li>\n<\/ul>\n","protected":false},"excerpt":{"rendered":"<p>1. CURSO DE BACHARELADO E LICENCIATURA EM ENFERMAGEM Comprometido com a constru\u00e7\u00e3o do trabalho da enfermagem e aprofundamento de sua qualifica\u00e7\u00e3o \u00e9tico-pol\u00edtico, t\u00e9cnico-cient\u00edfico e cultural dos demais trabalhadores de enfermagem; Comprometido com processos de qualifica\u00e7\u00e3o na educa\u00e7\u00e3o b\u00e1sica e na educa\u00e7\u00e3o profissional; Comprometido com o fortalecimento e a constru\u00e7\u00e3o permanente do Sistema \u00danico de Sa\u00fade; [&hellip;]<\/p>\n","protected":false},"author":1,"featured_media":0,"parent":0,"menu_order":0,"comment_status":"closed","ping_status":"closed","template":"","meta":{"footnotes":""},"class_list":["post-695","page","type-page","status-publish","hentry"],"_links":{"self":[{"href":"https:\/\/portal.uern.br\/paudosferros\/enfermagem\/wp-json\/wp\/v2\/pages\/695","targetHints":{"allow":["GET"]}}],"collection":[{"href":"https:\/\/portal.uern.br\/paudosferros\/enfermagem\/wp-json\/wp\/v2\/pages"}],"about":[{"href":"https:\/\/portal.uern.br\/paudosferros\/enfermagem\/wp-json\/wp\/v2\/types\/page"}],"author":[{"embeddable":true,"href":"https:\/\/portal.uern.br\/paudosferros\/enfermagem\/wp-json\/wp\/v2\/users\/1"}],"replies":[{"embeddable":true,"href":"https:\/\/portal.uern.br\/paudosferros\/enfermagem\/wp-json\/wp\/v2\/comments?post=695"}],"version-history":[{"count":1,"href":"https:\/\/portal.uern.br\/paudosferros\/enfermagem\/wp-json\/wp\/v2\/pages\/695\/revisions"}],"predecessor-version":[{"id":696,"href":"https:\/\/portal.uern.br\/paudosferros\/enfermagem\/wp-json\/wp\/v2\/pages\/695\/revisions\/696"}],"wp:attachment":[{"href":"https:\/\/portal.uern.br\/paudosferros\/enfermagem\/wp-json\/wp\/v2\/media?parent=695"}],"curies":[{"name":"wp","href":"https:\/\/api.w.org\/{rel}","templated":true}]}}