{"id":667,"date":"2023-07-19T20:42:03","date_gmt":"2023-07-19T23:42:03","guid":{"rendered":"https:\/\/portal.uern.br\/paudosferros\/enfermagem\/?page_id=667"},"modified":"2023-07-19T20:42:03","modified_gmt":"2023-07-19T23:42:03","slug":"semestre-2012-2","status":"publish","type":"page","link":"https:\/\/portal.uern.br\/paudosferros\/enfermagem\/semestre-2012-2\/","title":{"rendered":"Semestre 2012.2"},"content":{"rendered":"<table cellspacing=\"0\" cellpadding=\"0\">\n<tbody>\n<tr>\n<td>Aline Ferreira Silva de Oliveira<\/td>\n<\/tr>\n<tr>\n<td>Ana L\u00eddia Carvalho Pinheiro Lins<\/td>\n<\/tr>\n<tr>\n<td>Averl\u00e2ndio Wallysson Soares da Costa<\/td>\n<\/tr>\n<tr>\n<td>Cynara Rafaella Motta de Morais<\/td>\n<\/tr>\n<tr>\n<td>D\u00eaniar Cryslene de Sousa Aires<\/td>\n<\/tr>\n<tr>\n<td>Djenane Rocha Silvestre<\/td>\n<\/tr>\n<tr>\n<td>Elias Sabino Diniz J\u00fanior<\/td>\n<\/tr>\n<tr>\n<td>\u00c9rika Diniz Jales<\/td>\n<\/tr>\n<tr>\n<td>Felipe C\u00e9sar Chaves de Oliveira<\/td>\n<\/tr>\n<tr>\n<td>Jailson Halysson de Queiroz<\/td>\n<\/tr>\n<tr>\n<td>Jos\u00e9 Leandro Barbosa Vieira<\/td>\n<\/tr>\n<tr>\n<td>La\u00e9cia Lizianne de Paiva<\/td>\n<\/tr>\n<tr>\n<td>Lourena Michele Alves de Lima<\/td>\n<\/tr>\n<tr>\n<td>L\u00facia de F\u00e1tima Rodrigues de Oliveira<\/td>\n<\/tr>\n<tr>\n<td>Marcello Virg\u00ednio de Souza Leonardo<\/td>\n<\/tr>\n<tr>\n<td>Mariana de Morais Fortunato<\/td>\n<\/tr>\n<tr>\n<td>Mar\u00edlia Cl\u00e9ssia Pinheiro<\/td>\n<\/tr>\n<tr>\n<td>Nadyja Rafhaelle Bandeira de Lima<\/td>\n<\/tr>\n<tr>\n<td>Ra\u00edssa Ferreira Di\u00f3genes<\/td>\n<\/tr>\n<tr>\n<td>Valqu\u00edria de Souza Freitas<\/td>\n<\/tr>\n<\/tbody>\n<\/table>\n","protected":false},"excerpt":{"rendered":"<p>Aline Ferreira Silva de Oliveira Ana L\u00eddia Carvalho Pinheiro Lins Averl\u00e2ndio Wallysson Soares da Costa Cynara Rafaella Motta de Morais D\u00eaniar Cryslene de Sousa Aires Djenane Rocha Silvestre Elias Sabino Diniz J\u00fanior \u00c9rika Diniz Jales Felipe C\u00e9sar Chaves de Oliveira Jailson Halysson de Queiroz Jos\u00e9 Leandro Barbosa Vieira La\u00e9cia Lizianne de Paiva Lourena Michele Alves [&hellip;]<\/p>\n","protected":false},"author":1,"featured_media":0,"parent":0,"menu_order":0,"comment_status":"closed","ping_status":"closed","template":"","meta":{"footnotes":""},"class_list":["post-667","page","type-page","status-publish","hentry"],"_links":{"self":[{"href":"https:\/\/portal.uern.br\/paudosferros\/enfermagem\/wp-json\/wp\/v2\/pages\/667","targetHints":{"allow":["GET"]}}],"collection":[{"href":"https:\/\/portal.uern.br\/paudosferros\/enfermagem\/wp-json\/wp\/v2\/pages"}],"about":[{"href":"https:\/\/portal.uern.br\/paudosferros\/enfermagem\/wp-json\/wp\/v2\/types\/page"}],"author":[{"embeddable":true,"href":"https:\/\/portal.uern.br\/paudosferros\/enfermagem\/wp-json\/wp\/v2\/users\/1"}],"replies":[{"embeddable":true,"href":"https:\/\/portal.uern.br\/paudosferros\/enfermagem\/wp-json\/wp\/v2\/comments?post=667"}],"version-history":[{"count":1,"href":"https:\/\/portal.uern.br\/paudosferros\/enfermagem\/wp-json\/wp\/v2\/pages\/667\/revisions"}],"predecessor-version":[{"id":668,"href":"https:\/\/portal.uern.br\/paudosferros\/enfermagem\/wp-json\/wp\/v2\/pages\/667\/revisions\/668"}],"wp:attachment":[{"href":"https:\/\/portal.uern.br\/paudosferros\/enfermagem\/wp-json\/wp\/v2\/media?parent=667"}],"curies":[{"name":"wp","href":"https:\/\/api.w.org\/{rel}","templated":true}]}}