{"id":669,"date":"2023-07-19T20:27:30","date_gmt":"2023-07-19T23:27:30","guid":{"rendered":"https:\/\/portal.uern.br\/paudosferros\/educacaofisica\/?page_id=669"},"modified":"2023-07-19T20:27:30","modified_gmt":"2023-07-19T23:27:30","slug":"editais","status":"publish","type":"page","link":"https:\/\/portal.uern.br\/paudosferros\/educacaofisica\/editais\/","title":{"rendered":"Editais"},"content":{"rendered":"<p><strong>OUTROS EDITAIS:<\/strong><\/p>\n<ul>\n<li>EDITAIS DA PR\u00d3-REITORIA DE ENSINO &#8211; PROEG\u00a0<a href=\"https:\/\/proeg.uern.br\/default.asp?item=proeg-editais\" target=\"_blank\" rel=\"noopener\">(Ver editais)<\/a><\/li>\n<li>EDITAIS DA PR\u00d3-REITORIA DE EXTENS\u00c3O &#8211; PROEX (<a href=\"http:\/\/proex.uern.br\/default.asp?item=2020\" target=\"_blank\" rel=\"noopener\">Ver editais<\/a>)<\/li>\n<li>EDITAIS DA PR\u00d3-REITORIA DE ASSUNTOS ESTUDANTIS &#8211; PRAE\u00a0<a href=\"https:\/\/prorhae.uern.br\/dae\/default.asp?item=dae-edital\" target=\"_blank\" rel=\"noopener\">(Ver editais)<\/a><\/li>\n<\/ul>\n","protected":false},"excerpt":{"rendered":"<p>OUTROS EDITAIS: EDITAIS DA PR\u00d3-REITORIA DE ENSINO &#8211; PROEG\u00a0(Ver editais) EDITAIS DA PR\u00d3-REITORIA DE EXTENS\u00c3O &#8211; PROEX (Ver editais) EDITAIS DA PR\u00d3-REITORIA DE ASSUNTOS ESTUDANTIS &#8211; PRAE\u00a0(Ver editais)<\/p>\n","protected":false},"author":1,"featured_media":0,"parent":0,"menu_order":0,"comment_status":"closed","ping_status":"closed","template":"","meta":{"footnotes":""},"class_list":["post-669","page","type-page","status-publish","hentry"],"_links":{"self":[{"href":"https:\/\/portal.uern.br\/paudosferros\/educacaofisica\/wp-json\/wp\/v2\/pages\/669","targetHints":{"allow":["GET"]}}],"collection":[{"href":"https:\/\/portal.uern.br\/paudosferros\/educacaofisica\/wp-json\/wp\/v2\/pages"}],"about":[{"href":"https:\/\/portal.uern.br\/paudosferros\/educacaofisica\/wp-json\/wp\/v2\/types\/page"}],"author":[{"embeddable":true,"href":"https:\/\/portal.uern.br\/paudosferros\/educacaofisica\/wp-json\/wp\/v2\/users\/1"}],"replies":[{"embeddable":true,"href":"https:\/\/portal.uern.br\/paudosferros\/educacaofisica\/wp-json\/wp\/v2\/comments?post=669"}],"version-history":[{"count":1,"href":"https:\/\/portal.uern.br\/paudosferros\/educacaofisica\/wp-json\/wp\/v2\/pages\/669\/revisions"}],"predecessor-version":[{"id":670,"href":"https:\/\/portal.uern.br\/paudosferros\/educacaofisica\/wp-json\/wp\/v2\/pages\/669\/revisions\/670"}],"wp:attachment":[{"href":"https:\/\/portal.uern.br\/paudosferros\/educacaofisica\/wp-json\/wp\/v2\/media?parent=669"}],"curies":[{"name":"wp","href":"https:\/\/api.w.org\/{rel}","templated":true}]}}