{"id":629,"date":"2023-05-25T13:13:24","date_gmt":"2023-05-25T16:13:24","guid":{"rendered":"https:\/\/portal.uern.br\/paudosferros\/dlv\/?page_id=629"},"modified":"2024-04-08T09:56:02","modified_gmt":"2024-04-08T12:56:02","slug":"projeto-nucleo-de-estudos-de-culturas-literaturas-e-lingua-portuguesa-neclep","status":"publish","type":"page","link":"https:\/\/portal.uern.br\/paudosferros\/dlv\/projetos-de-extensao\/projeto-nucleo-de-estudos-de-culturas-literaturas-e-lingua-portuguesa-neclep\/","title":{"rendered":"Projeto N\u00facleo de Estudos de Culturas, Literaturas e L\u00edngua Portuguesa (NECLEP)"},"content":{"rendered":"<p align=\"justify\"><span style=\"font-family: Arial, serif\">Atualmente, os professores e estudantes do Curso de Letras &#8211; L\u00edngua Portuguesa do DLV\/CAPF\/UERN realizam atividades extensionistas, como realiza\u00e7\u00e3o de cursos, ciclo de palestras, oficinas de teatro, voltados para a comunidade escolar e comunidade em geral, na \u00e1rea de Literaturas, culturas e L\u00edngua Portuguesa. <\/span><span style=\"font-family: Arial, serif\">Esse projeto \u00e9 atualizado e\/ou reconfigurado anualmente, atrav\u00e9s da proposi\u00e7\u00e3o de novas atividades previstas em editais lan\u00e7ados pela Pr\u00f3-Reitoria de extens\u00e3o da UERN. <\/span><\/p>\n","protected":false},"excerpt":{"rendered":"<p>Atualmente, os professores e estudantes do Curso de Letras &#8211; L\u00edngua Portuguesa do DLV\/CAPF\/UERN realizam atividades extensionistas, como realiza\u00e7\u00e3o de cursos, ciclo de palestras, oficinas de teatro, voltados para a comunidade escolar e comunidade em geral, na \u00e1rea de Literaturas, culturas e L\u00edngua Portuguesa. Esse projeto \u00e9 atualizado e\/ou reconfigurado anualmente, atrav\u00e9s da proposi\u00e7\u00e3o de [&hellip;]<\/p>\n","protected":false},"author":5,"featured_media":0,"parent":567,"menu_order":0,"comment_status":"closed","ping_status":"closed","template":"","meta":{"footnotes":""},"class_list":["post-629","page","type-page","status-publish","hentry"],"_links":{"self":[{"href":"https:\/\/portal.uern.br\/paudosferros\/dlv\/wp-json\/wp\/v2\/pages\/629","targetHints":{"allow":["GET"]}}],"collection":[{"href":"https:\/\/portal.uern.br\/paudosferros\/dlv\/wp-json\/wp\/v2\/pages"}],"about":[{"href":"https:\/\/portal.uern.br\/paudosferros\/dlv\/wp-json\/wp\/v2\/types\/page"}],"author":[{"embeddable":true,"href":"https:\/\/portal.uern.br\/paudosferros\/dlv\/wp-json\/wp\/v2\/users\/5"}],"replies":[{"embeddable":true,"href":"https:\/\/portal.uern.br\/paudosferros\/dlv\/wp-json\/wp\/v2\/comments?post=629"}],"version-history":[{"count":3,"href":"https:\/\/portal.uern.br\/paudosferros\/dlv\/wp-json\/wp\/v2\/pages\/629\/revisions"}],"predecessor-version":[{"id":1559,"href":"https:\/\/portal.uern.br\/paudosferros\/dlv\/wp-json\/wp\/v2\/pages\/629\/revisions\/1559"}],"up":[{"embeddable":true,"href":"https:\/\/portal.uern.br\/paudosferros\/dlv\/wp-json\/wp\/v2\/pages\/567"}],"wp:attachment":[{"href":"https:\/\/portal.uern.br\/paudosferros\/dlv\/wp-json\/wp\/v2\/media?parent=629"}],"curies":[{"name":"wp","href":"https:\/\/api.w.org\/{rel}","templated":true}]}}