{"id":6,"date":"2023-01-31T14:12:45","date_gmt":"2023-01-31T17:12:45","guid":{"rendered":"http:\/\/beta.apps.uern.br\/wordpress\/paudosferros\/dlv\/?page_id=6"},"modified":"2025-04-04T09:49:45","modified_gmt":"2025-04-04T12:49:45","slug":"apresentacao","status":"publish","type":"page","link":"https:\/\/portal.uern.br\/paudosferros\/dlv\/","title":{"rendered":"APRESENTA\u00c7\u00c3O"},"content":{"rendered":"<p>&nbsp;<\/p>\n<hr \/>\n<p style=\"text-align: justify\">O Departamento de Letras Vern\u00e1culas do Campus Avan\u00e7ado de Pau dos Ferros (DLV\/CAPF\/UERN) atua no Alto Oeste Potiguar, e adjac\u00eancias, abrangendo, ainda, alguns munic\u00edpios dos Estados circunvizinhos \u2013 Para\u00edba e Cear\u00e1. Desmembrado do antigo Departamento de Letras, o DLV\/CAPF tem desenvolvidos atividades desde o ano de 1977, quando foi implantado o curso de Letras com Habilita\u00e7\u00e3o em L\u00edngua Portuguesa e Respectivas Literaturas. Atualmente, conta, al\u00e9m desse curso, com o curso \u00e0 dist\u00e2ncia de Letras LIBRAS e conta com uma forte atua\u00e7\u00e3o docente em Programas de P\u00f3s-Gradua\u00e7\u00e3o (Stricto Sensu), Mestrado e Doutorado, fortalecendo, cada vez mais, uma forma\u00e7\u00e3o acad\u00eamico-profissional mais ampla e consistente.<\/p>\n<p>&nbsp;<\/p>\n<hr \/>\n<p style=\"text-align: justify\"><span style=\"font-family: georgia, palatino, serif;font-size: 14pt\"><strong>Local de Funcionamento do Departamento<\/strong><\/span><br \/>\nUniversidade do Estado do Rio Grande do Norte &#8211; UERN<br \/>\nCampus\u00a0Avan\u00e7ado de Pau dos Ferros &#8211; CAPF<br \/>\nBR-405, Km-153, bairro Arizona, Pau dos Ferros\/RN, CEP. 59990-000<\/p>\n<p>&nbsp;<\/p>\n<hr \/>\n<p style=\"text-align: justify\"><span style=\"font-family: georgia, palatino, serif;font-size: 14pt\"><strong>Contatos:<\/strong><\/span><br \/>\n<strong>Telefone\/whatsapp:<\/strong> (84) 99948-0533 (Secretaria do DLV)<br \/>\n<strong>E-mail:<\/strong>\u00a0dlv_pferros@uern.br<\/p>\n<p>&nbsp;<\/p>\n<hr \/>\n<p style=\"text-align: justify\"><span style=\"font-family: georgia, palatino, serif\"><strong><span style=\"font-size: 18pt\">Hor\u00e1rio de funcionamento<\/span><\/strong><\/span><\/p>\n<p>7 \u00e0s 13h<\/p>\n<p>16h \u00e0s 22h<\/p>\n<p>&nbsp;<\/p>\n<p>&nbsp;<\/p>\n<p>&nbsp;<\/p>\n<p style=\"text-align: justify\">\n","protected":false},"excerpt":{"rendered":"<p>&nbsp; O Departamento de Letras Vern\u00e1culas do Campus Avan\u00e7ado de Pau dos Ferros (DLV\/CAPF\/UERN) atua no Alto Oeste Potiguar, e adjac\u00eancias, abrangendo, ainda, alguns munic\u00edpios dos Estados circunvizinhos \u2013 Para\u00edba e Cear\u00e1. Desmembrado do antigo Departamento de Letras, o DLV\/CAPF tem desenvolvidos atividades desde o ano de 1977, quando foi implantado o curso de Letras [&hellip;]<\/p>\n","protected":false},"author":1,"featured_media":0,"parent":0,"menu_order":0,"comment_status":"closed","ping_status":"closed","template":"","meta":{"footnotes":""},"class_list":["post-6","page","type-page","status-publish","hentry"],"_links":{"self":[{"href":"https:\/\/portal.uern.br\/paudosferros\/dlv\/wp-json\/wp\/v2\/pages\/6","targetHints":{"allow":["GET"]}}],"collection":[{"href":"https:\/\/portal.uern.br\/paudosferros\/dlv\/wp-json\/wp\/v2\/pages"}],"about":[{"href":"https:\/\/portal.uern.br\/paudosferros\/dlv\/wp-json\/wp\/v2\/types\/page"}],"author":[{"embeddable":true,"href":"https:\/\/portal.uern.br\/paudosferros\/dlv\/wp-json\/wp\/v2\/users\/1"}],"replies":[{"embeddable":true,"href":"https:\/\/portal.uern.br\/paudosferros\/dlv\/wp-json\/wp\/v2\/comments?post=6"}],"version-history":[{"count":34,"href":"https:\/\/portal.uern.br\/paudosferros\/dlv\/wp-json\/wp\/v2\/pages\/6\/revisions"}],"predecessor-version":[{"id":1774,"href":"https:\/\/portal.uern.br\/paudosferros\/dlv\/wp-json\/wp\/v2\/pages\/6\/revisions\/1774"}],"wp:attachment":[{"href":"https:\/\/portal.uern.br\/paudosferros\/dlv\/wp-json\/wp\/v2\/media?parent=6"}],"curies":[{"name":"wp","href":"https:\/\/api.w.org\/{rel}","templated":true}]}}