{"id":328,"date":"2023-02-09T10:18:38","date_gmt":"2023-02-09T13:18:38","guid":{"rendered":"http:\/\/beta.apps.uern.br\/wordpress\/paudosferros\/dlv\/?page_id=328"},"modified":"2023-02-09T10:18:38","modified_gmt":"2023-02-09T13:18:38","slug":"biblioteca-virtual","status":"publish","type":"page","link":"https:\/\/portal.uern.br\/paudosferros\/dlv\/biblioteca-virtual\/","title":{"rendered":"Biblioteca Virtual"},"content":{"rendered":"<p>Visite os peri\u00f3dicos da CAPES, um portal de refer\u00eancia em divulga\u00e7\u00e3o cient\u00edfica em todo o pa\u00eds:<\/p>\n<p><a href=\"http:\/\/www.periodicos.capes.gov.br\/\">http:\/\/www.periodicos.capes.gov.br\/<\/a><\/p>\n","protected":false},"excerpt":{"rendered":"<p>Visite os peri\u00f3dicos da CAPES, um portal de refer\u00eancia em divulga\u00e7\u00e3o cient\u00edfica em todo o pa\u00eds: http:\/\/www.periodicos.capes.gov.br\/<\/p>\n","protected":false},"author":1,"featured_media":0,"parent":0,"menu_order":0,"comment_status":"closed","ping_status":"closed","template":"","meta":{"footnotes":""},"class_list":["post-328","page","type-page","status-publish","hentry"],"_links":{"self":[{"href":"https:\/\/portal.uern.br\/paudosferros\/dlv\/wp-json\/wp\/v2\/pages\/328","targetHints":{"allow":["GET"]}}],"collection":[{"href":"https:\/\/portal.uern.br\/paudosferros\/dlv\/wp-json\/wp\/v2\/pages"}],"about":[{"href":"https:\/\/portal.uern.br\/paudosferros\/dlv\/wp-json\/wp\/v2\/types\/page"}],"author":[{"embeddable":true,"href":"https:\/\/portal.uern.br\/paudosferros\/dlv\/wp-json\/wp\/v2\/users\/1"}],"replies":[{"embeddable":true,"href":"https:\/\/portal.uern.br\/paudosferros\/dlv\/wp-json\/wp\/v2\/comments?post=328"}],"version-history":[{"count":2,"href":"https:\/\/portal.uern.br\/paudosferros\/dlv\/wp-json\/wp\/v2\/pages\/328\/revisions"}],"predecessor-version":[{"id":584,"href":"https:\/\/portal.uern.br\/paudosferros\/dlv\/wp-json\/wp\/v2\/pages\/328\/revisions\/584"}],"wp:attachment":[{"href":"https:\/\/portal.uern.br\/paudosferros\/dlv\/wp-json\/wp\/v2\/media?parent=328"}],"curies":[{"name":"wp","href":"https:\/\/api.w.org\/{rel}","templated":true}]}}