{"id":322,"date":"2023-02-09T10:13:43","date_gmt":"2023-02-09T13:13:43","guid":{"rendered":"http:\/\/beta.apps.uern.br\/wordpress\/paudosferros\/dlv\/?page_id=322"},"modified":"2023-05-25T10:27:18","modified_gmt":"2023-05-25T13:27:18","slug":"resped","status":"publish","type":"page","link":"https:\/\/portal.uern.br\/paudosferros\/dlv\/resped\/","title":{"rendered":"RESPED"},"content":{"rendered":"<p style=\"text-align: justify\"><strong>Resid\u00eancia Pedag\u00f3gica (RESPED)<\/strong><\/p>\n<p style=\"text-align: justify\">O Programa Resid\u00eancia Pedag\u00f3gica (RESPED), assim como o PIBID, faz parte de a\u00e7\u00f5es de uma Pol\u00edtica Nacional de Forma\u00e7\u00e3o de Professores do Minist\u00e9rio da Educa\u00e7\u00e3o (MEC) e objetiva, de forma geral a promo\u00e7\u00e3o e desenvolvimento de estrat\u00e9gias interdisciplinares entres os diversos subprojetos e a intera\u00e7\u00e3o escola e universidade para o fortalecimento da forma\u00e7\u00e3o docente. O RESPED tem como principais participantes: alunos da gradua\u00e7\u00e3o (bolsistas e volunt\u00e1rios-residentes das licenciaturas), Professores da educa\u00e7\u00e3o b\u00e1sica (bolsistas) e do ensino superior (bolsistas e volunt\u00e1rios).<\/p>\n<p style=\"text-align: justify\">Desse modo, no Curso de Letras &#8211; L\u00edngua Portuguesa do DLV\/CAPF\/UERN o RESPED tem como objetivo central promover a\u00e7\u00f5es que visem \u00e0 forma\u00e7\u00e3o docente de alunos do curso de Letras L\u00edngua Portuguesa do CAPF\/UERN, com base no trabalho em pr\u00e1ticas de letramento no ensino fundamental e m\u00e9dio, ampliando e fortalecendo os est\u00e1gios supervisionados do curso e compreendendo a Resid\u00eancia Pedag\u00f3gica como uma etapa de produ\u00e7\u00e3o\/constru\u00e7\u00e3o dos saberes acad\u00eamicos, da cultura local dos alunos e de valoriza\u00e7\u00e3o da identidade docente.<\/p>\n","protected":false},"excerpt":{"rendered":"<p>Resid\u00eancia Pedag\u00f3gica (RESPED) O Programa Resid\u00eancia Pedag\u00f3gica (RESPED), assim como o PIBID, faz parte de a\u00e7\u00f5es de uma Pol\u00edtica Nacional de Forma\u00e7\u00e3o de Professores do Minist\u00e9rio da Educa\u00e7\u00e3o (MEC) e objetiva, de forma geral a promo\u00e7\u00e3o e desenvolvimento de estrat\u00e9gias interdisciplinares entres os diversos subprojetos e a intera\u00e7\u00e3o escola e universidade para o fortalecimento da [&hellip;]<\/p>\n","protected":false},"author":1,"featured_media":0,"parent":0,"menu_order":0,"comment_status":"closed","ping_status":"closed","template":"","meta":{"footnotes":""},"class_list":["post-322","page","type-page","status-publish","hentry"],"_links":{"self":[{"href":"https:\/\/portal.uern.br\/paudosferros\/dlv\/wp-json\/wp\/v2\/pages\/322","targetHints":{"allow":["GET"]}}],"collection":[{"href":"https:\/\/portal.uern.br\/paudosferros\/dlv\/wp-json\/wp\/v2\/pages"}],"about":[{"href":"https:\/\/portal.uern.br\/paudosferros\/dlv\/wp-json\/wp\/v2\/types\/page"}],"author":[{"embeddable":true,"href":"https:\/\/portal.uern.br\/paudosferros\/dlv\/wp-json\/wp\/v2\/users\/1"}],"replies":[{"embeddable":true,"href":"https:\/\/portal.uern.br\/paudosferros\/dlv\/wp-json\/wp\/v2\/comments?post=322"}],"version-history":[{"count":3,"href":"https:\/\/portal.uern.br\/paudosferros\/dlv\/wp-json\/wp\/v2\/pages\/322\/revisions"}],"predecessor-version":[{"id":619,"href":"https:\/\/portal.uern.br\/paudosferros\/dlv\/wp-json\/wp\/v2\/pages\/322\/revisions\/619"}],"wp:attachment":[{"href":"https:\/\/portal.uern.br\/paudosferros\/dlv\/wp-json\/wp\/v2\/media?parent=322"}],"curies":[{"name":"wp","href":"https:\/\/api.w.org\/{rel}","templated":true}]}}

<p style="text-align: justify"><strong>Residência Pedagógica (RESPED)</strong></p>
<p style="text-align: justify">O Programa Residência Pedagógica (RESPED), assim como o PIBID, faz parte de ações de uma Política Nacional de Formação de Professores do Ministério da Educação (MEC) e objetiva, de forma geral a promoção e desenvolvimento de estratégias interdisciplinares entres os diversos subprojetos e a interação escola e universidade para o fortalecimento da formação docente. O RESPED tem como principais participantes: alunos da graduação (bolsistas e voluntários-residentes das licenciaturas), Professores da educação básica (bolsistas) e do ensino superior (bolsistas e voluntários).</p>
<p style="text-align: justify">Desse modo, no Curso de Letras &#8211; Língua Portuguesa do DLV/CAPF/UERN o RESPED tem como objetivo central promover ações que visem à formação docente de alunos do curso de Letras Língua Portuguesa do CAPF/UERN, com base no trabalho em práticas de letramento no ensino fundamental e médio, ampliando e fortalecendo os estágios supervisionados do curso e compreendendo a Residência Pedagógica como uma etapa de produção/construção dos saberes acadêmicos, da cultura local dos alunos e de valorização da identidade docente.</p>

<p>Residência Pedagógica (RESPED) O Programa Residência Pedagógica (RESPED), assim como o PIBID, faz parte de ações de uma Política Nacional de Formação de Professores do Ministério da Educação (MEC) e objetiva, de forma geral a promoção e desenvolvimento de estratégias interdisciplinares entres os diversos subprojetos e a interação escola e universidade para o fortalecimento da [&hellip;]</p>
