{"id":308,"date":"2023-02-09T09:56:35","date_gmt":"2023-02-09T12:56:35","guid":{"rendered":"http:\/\/beta.apps.uern.br\/wordpress\/paudosferros\/dlv\/?page_id=308"},"modified":"2023-11-08T07:36:41","modified_gmt":"2023-11-08T10:36:41","slug":"orientacao-academica","status":"publish","type":"page","link":"https:\/\/portal.uern.br\/paudosferros\/dlv\/orientacao-academica\/","title":{"rendered":"Orienta\u00e7\u00e3o Acad\u00eamica"},"content":{"rendered":"<p style=\"text-align: center\"><strong>Regimento Interno<\/strong><br \/>\n<strong>Sistema de Orienta\u00e7\u00e3o Acad\u00eamica-SOA<\/strong><br \/>\n<strong>Aprovado pela Resolu\u00e7\u00e3o 16\/91-CONSEPE<\/strong><\/p>\n<p style=\"text-align: justify\">Art. 1\u00ba O Sistema de Orienta\u00e7\u00e3o Acad\u00eamica tem por fun\u00e7\u00e3o promover a integra\u00e7\u00e3o dos alunos de gradua\u00e7\u00e3o na vida universit\u00e1ria, em todo \u00e2mbito da URRN, mediante informa\u00e7\u00e3o, orienta\u00e7\u00e3o e apoio , visando especialmente um bom desempenho na sua<br \/>\nintegraliza\u00e7\u00e3o curricular.<\/p>\n<p style=\"text-align: justify\">Par\u00e1grafo \u00danico \u2013 O Sistema de Orienta\u00e7\u00e3o Acad\u00eamica \u2013 SOA dever\u00e1 funcionar junto a cada curso de gradua\u00e7\u00e3o no Campus Central e Campi Avan\u00e7ados sob a coordena\u00e7\u00e3o geral da Pr\u00f3-Reitoria de Ensino de Gradua\u00e7\u00e3o \u2013 PROEG.<\/p>\n<p style=\"text-align: justify\">Art. 2\u00ba Compete ao Sistema de Orienta\u00e7\u00e3o Acad\u00eamica \u2013 SOA:<br \/>\na) promover a integra\u00e7\u00e3o dos alunos na vida universit\u00e1ria orientando-os sobre estrutura da institui\u00e7\u00e3o, os curr\u00edculos, direitos, deveres, normas de ensino, assim como prestar informa\u00e7\u00f5es sobre assuntos de naturaza acad\u00eamico-universit\u00e1ria em geral, de modo a permitir o melhor aproveitamento dos servi\u00e7os e programa\u00e7\u00e3o que s\u00e3o oferecidos;<br \/>\nb) orientar o aluno na elabora\u00e7\u00e3o do seu plano individual de curso por semestre letivo,<br \/>\nconsiderando a organicidade dos conte\u00fados e o ritmo de trabalho escolar compat\u00edvel com os seus interesses e possibilidades de desempenho acad\u00eamico;<br \/>\nc) acompanhar o desenvolvimento das atividades pedag\u00f3gicas com o fim de analisar em conjunto com os alunos, face ao seu n\u00edvel de aproveitamento, as alternativas de mudan\u00e7as admiss\u00edveis na programa\u00e7\u00e3o de seus estudos, de modo a obter um melhor fluxo e desempenho;<br \/>\nd) estimular a capacidade de iniciativa e criatividade dos alunos, de forma a permitir<br \/>\nque os mesmos possam progressivamente aprofundarem-se sobre assuntos de seu<br \/>\ninteresse;<br \/>\ne) realizar atividades que contribuam para a forma\u00e7\u00e3o de h\u00e1bitos e dom\u00ednio de t\u00e9cnicas de estudos que ensejem uma postura cr\u00edticocient\u00edfico;<br \/>\nf) fornecer sistematicamente \u00e0 dire\u00e7\u00e3o do curso e departamentos ou quando for solicitado, informa\u00e7\u00f5es que possam contribuir para um melhor desempenho acad\u00eamico dos alunos;<br \/>\ng) manter arquivo com documentos que legislem ou disciplinem o ensino de gradua\u00e7\u00e3o e fich\u00e1rio individual dos alunos sob sua orienta\u00e7\u00e3o, registros essenciais para an\u00e1lise de requerimentos dos alunos emiss\u00e3o de pareceres e esclarecimentos sobre assuntos espec\u00edficos da Orienta\u00e7\u00e3o Acad\u00eamica.<\/p>\n<p style=\"text-align: justify\"><strong>ORIENTA\u00c7\u00c3O ACAD\u00caMICA DO CURSO DE LETRAS L\u00cdNGUA PORTUGUESA\u00a0<\/strong><\/p>\n<p style=\"text-align: justify\"><a href=\"https:\/\/portal.uern.br\/paudosferros\/dlv\/wp-content\/uploads\/sites\/12\/2023\/11\/SEI_SEARH-22279193-Portaria-NOVA-ORIENTACAO-ACADEMICA.pdf\"><span class=\"fontstyle0\">\u00a0PORTARIA-SEI N\u00ba 459, DE 14 DE SETEMBRO DE 2023<br \/>\n<\/span><\/a><\/p>\n<p style=\"text-align: justify\"><strong>Turno Matutino:<\/strong> Prof\u00aa Lucineide da Silva Carneiro<\/p>\n<p style=\"text-align: justify\"><strong>Turno Noturno:<\/strong> Pro\u00aa. Dalva Teixeira da Silva Penha<\/p>\n","protected":false},"excerpt":{"rendered":"<p>Regimento Interno Sistema de Orienta\u00e7\u00e3o Acad\u00eamica-SOA Aprovado pela Resolu\u00e7\u00e3o 16\/91-CONSEPE Art. 1\u00ba O Sistema de Orienta\u00e7\u00e3o Acad\u00eamica tem por fun\u00e7\u00e3o promover a integra\u00e7\u00e3o dos alunos de gradua\u00e7\u00e3o na vida universit\u00e1ria, em todo \u00e2mbito da URRN, mediante informa\u00e7\u00e3o, orienta\u00e7\u00e3o e apoio , visando especialmente um bom desempenho na sua integraliza\u00e7\u00e3o curricular. Par\u00e1grafo \u00danico \u2013 O Sistema [&hellip;]<\/p>\n","protected":false},"author":1,"featured_media":0,"parent":0,"menu_order":0,"comment_status":"closed","ping_status":"closed","template":"","meta":{"footnotes":""},"class_list":["post-308","page","type-page","status-publish","hentry"],"_links":{"self":[{"href":"https:\/\/portal.uern.br\/paudosferros\/dlv\/wp-json\/wp\/v2\/pages\/308","targetHints":{"allow":["GET"]}}],"collection":[{"href":"https:\/\/portal.uern.br\/paudosferros\/dlv\/wp-json\/wp\/v2\/pages"}],"about":[{"href":"https:\/\/portal.uern.br\/paudosferros\/dlv\/wp-json\/wp\/v2\/types\/page"}],"author":[{"embeddable":true,"href":"https:\/\/portal.uern.br\/paudosferros\/dlv\/wp-json\/wp\/v2\/users\/1"}],"replies":[{"embeddable":true,"href":"https:\/\/portal.uern.br\/paudosferros\/dlv\/wp-json\/wp\/v2\/comments?post=308"}],"version-history":[{"count":10,"href":"https:\/\/portal.uern.br\/paudosferros\/dlv\/wp-json\/wp\/v2\/pages\/308\/revisions"}],"predecessor-version":[{"id":1091,"href":"https:\/\/portal.uern.br\/paudosferros\/dlv\/wp-json\/wp\/v2\/pages\/308\/revisions\/1091"}],"wp:attachment":[{"href":"https:\/\/portal.uern.br\/paudosferros\/dlv\/wp-json\/wp\/v2\/media?parent=308"}],"curies":[{"name":"wp","href":"https:\/\/api.w.org\/{rel}","templated":true}]}}

Orientação Acadêmica

<p style="text-align: center"><strong>Regimento Interno</strong><br />
<strong>Sistema de Orientação Acadêmica-SOA</strong><br />
<strong>Aprovado pela Resolução 16/91-CONSEPE</strong></p>
<p style="text-align: justify">Art. 1º O Sistema de Orientação Acadêmica tem por função promover a integração dos alunos de graduação na vida universitária, em todo âmbito da URRN, mediante informação, orientação e apoio , visando especialmente um bom desempenho na sua<br />
integralização curricular.</p>
<p style="text-align: justify">Parágrafo Único – O Sistema de Orientação Acadêmica – SOA deverá funcionar junto a cada curso de graduação no Campus Central e Campi Avançados sob a coordenação geral da Pró-Reitoria de Ensino de Graduação – PROEG.</p>
<p style="text-align: justify">Art. 2º Compete ao Sistema de Orientação Acadêmica – SOA:<br />
a) promover a integração dos alunos na vida universitária orientando-os sobre estrutura da instituição, os currículos, direitos, deveres, normas de ensino, assim como prestar informações sobre assuntos de naturaza acadêmico-universitária em geral, de modo a permitir o melhor aproveitamento dos serviços e programação que são oferecidos;<br />
b) orientar o aluno na elaboração do seu plano individual de curso por semestre letivo,<br />
considerando a organicidade dos conteúdos e o ritmo de trabalho escolar compatível com os seus interesses e possibilidades de desempenho acadêmico;<br />
c) acompanhar o desenvolvimento das atividades pedagógicas com o fim de analisar em conjunto com os alunos, face ao seu nível de aproveitamento, as alternativas de mudanças admissíveis na programação de seus estudos, de modo a obter um melhor fluxo e desempenho;<br />
d) estimular a capacidade de iniciativa e criatividade dos alunos, de forma a permitir<br />
que os mesmos possam progressivamente aprofundarem-se sobre assuntos de seu<br />
interesse;<br />
e) realizar atividades que contribuam para a formação de hábitos e domínio de técnicas de estudos que ensejem uma postura críticocientífico;<br />
f) fornecer sistematicamente à direção do curso e departamentos ou quando for solicitado, informações que possam contribuir para um melhor desempenho acadêmico dos alunos;<br />
g) manter arquivo com documentos que legislem ou disciplinem o ensino de graduação e fichário individual dos alunos sob sua orientação, registros essenciais para análise de requerimentos dos alunos emissão de pareceres e esclarecimentos sobre assuntos específicos da Orientação Acadêmica.</p>
<p style="text-align: justify"><strong>ORIENTAÇÃO ACADÊMICA DO CURSO DE LETRAS LÍNGUA PORTUGUESA </strong></p>
<p style="text-align: justify"><a href="https://portal.uern.br/paudosferros/dlv/wp-content/uploads/sites/12/2023/11/SEI_SEARH-22279193-Portaria-NOVA-ORIENTACAO-ACADEMICA.pdf"><span class="fontstyle0"> PORTARIA-SEI Nº 459, DE 14 DE SETEMBRO DE 2023<br />
</span></a></p>
<p style="text-align: justify"><strong>Turno Matutino:</strong> Profª Lucineide da Silva Carneiro</p>
<p style="text-align: justify"><strong>Turno Noturno:</strong> Proª. Dalva Teixeira da Silva Penha</p>

<p>Regimento Interno Sistema de Orientação Acadêmica-SOA Aprovado pela Resolução 16/91-CONSEPE Art. 1º O Sistema de Orientação Acadêmica tem por função promover a integração dos alunos de graduação na vida universitária, em todo âmbito da URRN, mediante informação, orientação e apoio , visando especialmente um bom desempenho na sua integralização curricular. Parágrafo Único – O Sistema [&hellip;]</p>
