{"id":1448,"date":"2024-02-06T16:05:30","date_gmt":"2024-02-06T19:05:30","guid":{"rendered":"https:\/\/portal.uern.br\/paudosferros\/dlv\/?page_id=1448"},"modified":"2025-04-04T10:58:37","modified_gmt":"2025-04-04T13:58:37","slug":"eventos","status":"publish","type":"page","link":"https:\/\/portal.uern.br\/paudosferros\/dlv\/eventos\/","title":{"rendered":"Eventos"},"content":{"rendered":"<p><span style=\"font-family: 'comic sans ms', sans-serif;color: #ff6600\"><strong>CONVITE SOLENIDADE<\/strong><\/span><\/p>\n<p><span style=\"font-family: 'comic sans ms', sans-serif\">O Museu de Cultura Sertaneja (MCS) tem a honra de convid\u00e1-lo(a) para participar da cerim\u00f4nia solene de inaugura\u00e7\u00e3o da nova sede que ocorrer\u00e1 no dia 07\/04\/2025, \u00e0s 19h, no audit\u00f3rio Professor Ant\u00f4nio Farias Capistrano do Campus Avan\u00e7ado de Pau dos Ferros. (CAPF\/UERN).<\/span><\/p>\n<p><span style=\"font-family: 'comic sans ms', sans-serif\">Na oportunidade o Museu abrir\u00e1 a exposi\u00e7\u00e3o itinerante \u201cSerT\u00e3o da Gente\u201d em comemora\u00e7\u00e3o aos 12 anos do Museu de Cultura Sertaneja\u00a0 \u2013 MCS\/CAPF\/UERN e 10 anos do Projeto Ra\u00edzes da Cultura Sertaneja \u2013 PROCULT\/DLV\/CAPF\/UERN e a exposi\u00e7\u00e3o \u201cO que do vale ao alto Me toca\u201d.<\/span><\/p>\n<p><img fetchpriority=\"high\" decoding=\"async\" class=\"alignnone  wp-image-1778\" src=\"https:\/\/portal.uern.br\/paudosferros\/dlv\/wp-content\/uploads\/sites\/12\/2025\/04\/CONVITE-MUSEU-IMAGEM-300x210.jpg\" alt=\"\" width=\"1427\" height=\"999\" srcset=\"https:\/\/portal.uern.br\/paudosferros\/dlv\/wp-content\/uploads\/sites\/12\/2025\/04\/CONVITE-MUSEU-IMAGEM-300x210.jpg 300w, https:\/\/portal.uern.br\/paudosferros\/dlv\/wp-content\/uploads\/sites\/12\/2025\/04\/CONVITE-MUSEU-IMAGEM-1024x717.jpg 1024w, https:\/\/portal.uern.br\/paudosferros\/dlv\/wp-content\/uploads\/sites\/12\/2025\/04\/CONVITE-MUSEU-IMAGEM-768x538.jpg 768w, https:\/\/portal.uern.br\/paudosferros\/dlv\/wp-content\/uploads\/sites\/12\/2025\/04\/CONVITE-MUSEU-IMAGEM-1536x1075.jpg 1536w, https:\/\/portal.uern.br\/paudosferros\/dlv\/wp-content\/uploads\/sites\/12\/2025\/04\/CONVITE-MUSEU-IMAGEM.jpg 1600w\" sizes=\"(max-width: 1427px) 100vw, 1427px\" \/><\/p>\n<p>&nbsp;<\/p>\n","protected":false},"excerpt":{"rendered":"<p>CONVITE SOLENIDADE O Museu de Cultura Sertaneja (MCS) tem a honra de convid\u00e1-lo(a) para participar da cerim\u00f4nia solene de inaugura\u00e7\u00e3o da nova sede que ocorrer\u00e1 no dia 07\/04\/2025, \u00e0s 19h, no audit\u00f3rio Professor Ant\u00f4nio Farias Capistrano do Campus Avan\u00e7ado de Pau dos Ferros. (CAPF\/UERN). Na oportunidade o Museu abrir\u00e1 a exposi\u00e7\u00e3o itinerante \u201cSerT\u00e3o da Gente\u201d [&hellip;]<\/p>\n","protected":false},"author":5,"featured_media":0,"parent":0,"menu_order":0,"comment_status":"closed","ping_status":"closed","template":"","meta":{"footnotes":""},"class_list":["post-1448","page","type-page","status-publish","hentry"],"_links":{"self":[{"href":"https:\/\/portal.uern.br\/paudosferros\/dlv\/wp-json\/wp\/v2\/pages\/1448","targetHints":{"allow":["GET"]}}],"collection":[{"href":"https:\/\/portal.uern.br\/paudosferros\/dlv\/wp-json\/wp\/v2\/pages"}],"about":[{"href":"https:\/\/portal.uern.br\/paudosferros\/dlv\/wp-json\/wp\/v2\/types\/page"}],"author":[{"embeddable":true,"href":"https:\/\/portal.uern.br\/paudosferros\/dlv\/wp-json\/wp\/v2\/users\/5"}],"replies":[{"embeddable":true,"href":"https:\/\/portal.uern.br\/paudosferros\/dlv\/wp-json\/wp\/v2\/comments?post=1448"}],"version-history":[{"count":4,"href":"https:\/\/portal.uern.br\/paudosferros\/dlv\/wp-json\/wp\/v2\/pages\/1448\/revisions"}],"predecessor-version":[{"id":1798,"href":"https:\/\/portal.uern.br\/paudosferros\/dlv\/wp-json\/wp\/v2\/pages\/1448\/revisions\/1798"}],"wp:attachment":[{"href":"https:\/\/portal.uern.br\/paudosferros\/dlv\/wp-json\/wp\/v2\/media?parent=1448"}],"curies":[{"name":"wp","href":"https:\/\/api.w.org\/{rel}","templated":true}]}}