{"id":95,"date":"2023-01-31T15:45:35","date_gmt":"2023-01-31T18:45:35","guid":{"rendered":"http:\/\/beta.apps.uern.br\/wordpress\/paudosferros\/dle\/?page_id=95"},"modified":"2023-08-08T17:07:40","modified_gmt":"2023-08-08T20:07:40","slug":"regimento-laboratorio-de-linguistica-aplicada","status":"publish","type":"page","link":"https:\/\/portal.uern.br\/paudosferros\/dle\/regimento-laboratorio-de-linguistica-aplicada\/","title":{"rendered":"Regimento e Coordena\u00e7\u00e3o &#8211; Laborat\u00f3rio de Lingu\u00edstica Aplicada"},"content":{"rendered":"<p><a href=\"https:\/\/www.uern.br\/controledepaginas\/DLE-LABLA-REGIMENTO\/arquivos\/4534regimento_do_lab_la.pdf\">Regimento do LAB-LA<\/a><\/p>\n<p>Coordenador: Prof. Dr. Francisco Roberto da Silva Santos<\/p>\n","protected":false},"excerpt":{"rendered":"<p>Regimento do LAB-LA Coordenador: Prof. Dr. Francisco Roberto da Silva Santos<\/p>\n","protected":false},"author":1,"featured_media":0,"parent":0,"menu_order":0,"comment_status":"closed","ping_status":"closed","template":"","meta":{"footnotes":""},"class_list":["post-95","page","type-page","status-publish","hentry"],"_links":{"self":[{"href":"https:\/\/portal.uern.br\/paudosferros\/dle\/wp-json\/wp\/v2\/pages\/95","targetHints":{"allow":["GET"]}}],"collection":[{"href":"https:\/\/portal.uern.br\/paudosferros\/dle\/wp-json\/wp\/v2\/pages"}],"about":[{"href":"https:\/\/portal.uern.br\/paudosferros\/dle\/wp-json\/wp\/v2\/types\/page"}],"author":[{"embeddable":true,"href":"https:\/\/portal.uern.br\/paudosferros\/dle\/wp-json\/wp\/v2\/users\/1"}],"replies":[{"embeddable":true,"href":"https:\/\/portal.uern.br\/paudosferros\/dle\/wp-json\/wp\/v2\/comments?post=95"}],"version-history":[{"count":6,"href":"https:\/\/portal.uern.br\/paudosferros\/dle\/wp-json\/wp\/v2\/pages\/95\/revisions"}],"predecessor-version":[{"id":785,"href":"https:\/\/portal.uern.br\/paudosferros\/dle\/wp-json\/wp\/v2\/pages\/95\/revisions\/785"}],"wp:attachment":[{"href":"https:\/\/portal.uern.br\/paudosferros\/dle\/wp-json\/wp\/v2\/media?parent=95"}],"curies":[{"name":"wp","href":"https:\/\/api.w.org\/{rel}","templated":true}]}}