{"id":93,"date":"2023-01-31T15:44:51","date_gmt":"2023-01-31T18:44:51","guid":{"rendered":"http:\/\/beta.apps.uern.br\/wordpress\/paudosferros\/dle\/?page_id=93"},"modified":"2024-02-16T20:27:12","modified_gmt":"2024-02-16T23:27:12","slug":"projetos-laboratorio-de-linguistica-aplicada","status":"publish","type":"page","link":"https:\/\/portal.uern.br\/paudosferros\/dle\/projetos-laboratorio-de-linguistica-aplicada\/","title":{"rendered":"Projetos &#8211; Laborat\u00f3rio de Lingu\u00edstica Aplicada"},"content":{"rendered":"<p><b>PROJETOS APOIADOS PELO LAB-LA<\/b><\/p>\n<p><strong>Em andamento:<\/strong><\/p>\n<ul>\n<li style=\"text-align: justify\">Projeto de Pesquisa: \u201cA avalia\u00e7\u00e3o escrita em aulas de l\u00edngua espanhola no ensino presencial e no ensino h\u00edbrido\u201d. Coordena\u00e7\u00e3o: Prof\u00aa Dr\u00aa Tatiana Louren\u00e7o de Carvalho. Per\u00edodo: 01\/11\/2023 \u2013 01\/11\/2024 Edital: 023\/2022 \u2013 Fluxo Cont\u00ednuo para institucionaliza\u00e7\u00e3o de projetos.<\/li>\n<li style=\"text-align: justify\">Projeto de Pesquisa: \u201cPelo vi\u00e9s da tradu\u00e7\u00e3o intersemi\u00f3tica: O processo de fabula\u00e7\u00e3o da personagem em The Power of the dog (2021)\u201d. Coordena\u00e7\u00e3o: Evaldo Gondin dos Santos. Per\u00edodo: 01\/05\/2023 \u2013 01\/05\/2024. Edital: 023\/2022 \u2013 Fluxo Cont\u00ednuo para institucionaliza\u00e7\u00e3o de projetos.<\/li>\n<li style=\"text-align: justify\">Projeto de Pesquisa: \u201cConstru\u00e7\u00e3o do Conhecimento Em Letras: Uma Investiga\u00e7\u00e3o dos Significados Ideacionais Em Artigos Cient\u00edficos da \u00c1rea\u201d. Coordena\u00e7\u00e3o: Prof. Dr. Francisco Roberto da Silva Santos. Per\u00edodo: 01\/09\/2023 \u2013 31\/08\/2024. Edital n\u00ba 024\/2022-PROPEG\/UERN \u2013 PIBIC.<\/li>\n<li style=\"text-align: justify\">Projeto de Extens\u00e3o: ENLACE \u2013 Encontros de literaturas, artes, culturas e outras express\u00f5es. Coordenadora: Professora Dra. Conc\u00edcia Lopes dos Santos. Semestres 2024.1 e 2024.2.<\/li>\n<li style=\"text-align: justify\">Projeto de Extens\u00e3o: ENGLISH FOR KIDS: Ingl\u00eas para crian\u00e7as na comunidade. Coordenador: Professor Me. Marcos Antonio da Silva. Semestres 2024.1 e 2024.2.<\/li>\n<li style=\"text-align: justify\">Projeto de Extens\u00e3o: (Multi)letramentos acad\u00eamico-cient\u00edficos. Coordenadora: Professora Dra. Jaciara Limeira de Aquino. Semestres 2024.1 e 2024.2.<\/li>\n<li style=\"text-align: justify\">Projeto de Extens\u00e3o: NECLE: N\u00facleo de Estudos de Cultura, Literatura e L\u00edngua Espanhola. Coordenadora: Professora Dra. Tatiana Louren\u00e7o de Carvalho. Semestres 2024.1 e 2024.2.<\/li>\n<li style=\"text-align: justify\">Projeto de Extens\u00e3o: NECLLI: N\u00facleo de Estudos de Cultura, Literatura e L\u00edngua Inglesa. Coordenador: Professor Dr. Jailson Jos\u00e9 dos Santos. Semestres 2024.1 e 2024.2.<\/li>\n<li style=\"text-align: justify\">Projeto de Extens\u00e3o: PROCULT: Projeto Ra\u00edzes da Cultura Sertaneja. Coordenadora: Professora Dra. Maria Leidiana Alves. Semestres 2024.1 e 2024.2.<\/li>\n<\/ul>\n<p><strong>Finalizados:<\/strong><\/p>\n<ul>\n<li style=\"text-align: justify\">Projeto \u201cUsos do verbo \u201cter\u201d em monografias de Letras: um estudo sist\u00eamico-funcional\u201d, sob coordena\u00e7\u00e3o do Prof. Dr. Francisco Roberto da Silva Santos.<\/li>\n<\/ul>\n","protected":false},"excerpt":{"rendered":"<p>PROJETOS APOIADOS PELO LAB-LA Em andamento: Projeto de Pesquisa: \u201cA avalia\u00e7\u00e3o escrita em aulas de l\u00edngua espanhola no ensino presencial e no ensino h\u00edbrido\u201d. Coordena\u00e7\u00e3o: Prof\u00aa Dr\u00aa Tatiana Louren\u00e7o de Carvalho. Per\u00edodo: 01\/11\/2023 \u2013 01\/11\/2024 Edital: 023\/2022 \u2013 Fluxo Cont\u00ednuo para institucionaliza\u00e7\u00e3o de projetos. Projeto de Pesquisa: \u201cPelo vi\u00e9s da tradu\u00e7\u00e3o intersemi\u00f3tica: O processo de [&hellip;]<\/p>\n","protected":false},"author":1,"featured_media":0,"parent":0,"menu_order":0,"comment_status":"closed","ping_status":"closed","template":"","meta":{"footnotes":""},"class_list":["post-93","page","type-page","status-publish","hentry"],"_links":{"self":[{"href":"https:\/\/portal.uern.br\/paudosferros\/dle\/wp-json\/wp\/v2\/pages\/93","targetHints":{"allow":["GET"]}}],"collection":[{"href":"https:\/\/portal.uern.br\/paudosferros\/dle\/wp-json\/wp\/v2\/pages"}],"about":[{"href":"https:\/\/portal.uern.br\/paudosferros\/dle\/wp-json\/wp\/v2\/types\/page"}],"author":[{"embeddable":true,"href":"https:\/\/portal.uern.br\/paudosferros\/dle\/wp-json\/wp\/v2\/users\/1"}],"replies":[{"embeddable":true,"href":"https:\/\/portal.uern.br\/paudosferros\/dle\/wp-json\/wp\/v2\/comments?post=93"}],"version-history":[{"count":6,"href":"https:\/\/portal.uern.br\/paudosferros\/dle\/wp-json\/wp\/v2\/pages\/93\/revisions"}],"predecessor-version":[{"id":1320,"href":"https:\/\/portal.uern.br\/paudosferros\/dle\/wp-json\/wp\/v2\/pages\/93\/revisions\/1320"}],"wp:attachment":[{"href":"https:\/\/portal.uern.br\/paudosferros\/dle\/wp-json\/wp\/v2\/media?parent=93"}],"curies":[{"name":"wp","href":"https:\/\/api.w.org\/{rel}","templated":true}]}}