{"id":73,"date":"2023-01-31T15:23:59","date_gmt":"2023-01-31T18:23:59","guid":{"rendered":"http:\/\/beta.apps.uern.br\/wordpress\/paudosferros\/dle\/?page_id=73"},"modified":"2025-07-03T12:59:56","modified_gmt":"2025-07-03T15:59:56","slug":"recursos-exame-de-proeficiencia","status":"publish","type":"page","link":"https:\/\/portal.uern.br\/paudosferros\/dle\/recursos-exame-de-proeficiencia\/","title":{"rendered":"Recursos &#8211; Exame de Profici\u00eancia"},"content":{"rendered":"<h3><strong>EDI\u00c7\u00c3O 2025.1<\/strong><\/h3>\n<table style=\"width: 100%;height: 76px\">\n<tbody>\n<tr style=\"height: 24px\">\n<td style=\"width: 36.2652%;text-align: center;height: 24px\"><strong>CANDIDATO<\/strong><\/td>\n<td style=\"width: 15.0204%;text-align: center;height: 24px\"><strong>EXAME<\/strong><\/td>\n<td style=\"width: 14.7497%;text-align: center;height: 24px\"><strong>SITUA\u00c7\u00c3O<\/strong><\/td>\n<td style=\"width: 32.341%;text-align: center;height: 24px\"><strong>PARECER CONCLUSIVO<\/strong><\/td>\n<\/tr>\n<tr style=\"height: 63px\">\n<td style=\"text-align: justify;width: 36.2652%;height: 52px\">Fabiola Maria Silvino<\/td>\n<td style=\"text-align: center;width: 15.0204%;height: 52px\">L\u00edngua Espanhola<\/td>\n<td style=\"width: 14.7497%;text-align: center;height: 52px\">Indeferida<\/td>\n<td style=\"width: 32.341%;height: 52px\">\n<p style=\"text-align: center\"><a href=\"https:\/\/portal.uern.br\/paudosferros\/dle\/wp-content\/uploads\/sites\/2\/2025\/07\/Parecer-FABIOLA-MARIA-SILVINO_protected.pdf\">L\u00cdNGUA ESPANHOLA<\/a><br \/>\n(Acesso pelo CPF da Candidata)<\/p>\n<\/td>\n<\/tr>\n<\/tbody>\n<\/table>\n<h3><strong>EDI\u00c7\u00c3O 2022.1<\/strong><\/h3>\n<table style=\"width: 100%;height: 149px\">\n<tbody>\n<tr style=\"height: 24px\">\n<td style=\"width: 36.2652%;text-align: center;height: 24px\"><strong>CANDIDATO<\/strong><\/td>\n<td style=\"width: 15.0204%;text-align: center;height: 24px\"><strong>EXAME<\/strong><\/td>\n<td style=\"width: 14.7497%;text-align: center;height: 24px\"><strong>SITUA\u00c7\u00c3O<\/strong><\/td>\n<td style=\"width: 32.341%;text-align: center;height: 24px\"><strong>PARECER CONCLUSIVO<\/strong><\/td>\n<\/tr>\n<tr style=\"height: 63px\">\n<td style=\"text-align: justify;width: 36.2652%;height: 63px\">Fellipe Emannuel Moreira Targino<\/td>\n<td style=\"text-align: center;width: 15.0204%;height: 63px\">L\u00edngua Inglesa<\/td>\n<td style=\"width: 14.7497%;text-align: center;height: 63px\">Indeferida<\/td>\n<td style=\"width: 32.341%;height: 63px\">\n<p style=\"text-align: center\"><a href=\"http:\/\/www.uern.br\/controledepaginas\/pferros_uern_br_dle_proficiencia_recursos\/arquivos\/5135resposta_ao_recurso!_protected_(1).pdf\" target=\"_blank\" rel=\"noopener\">\u00a0<\/a>\u00a0<a href=\"http:\/\/www.uern.br\/controledepaginas\/pferros_uern_br_dle_proficiencia_recursos\/arquivos\/5135resposta_ao_recurso1_felipe_emanuel_protected.pdf\" target=\"_blank\" rel=\"noopener\">L\u00cdNGUA INGLESA<\/a><br \/>\n(Acesso pelo CPF do Candidato)<\/p>\n<\/td>\n<\/tr>\n<tr style=\"height: 62px\">\n<td style=\"text-align: justify;width: 36.2652%;height: 62px\">Maria das Gra\u00e7as de Oliveira Pereira<\/td>\n<td style=\"text-align: center;width: 15.0204%;height: 62px\">L\u00edngua Inglesa<\/td>\n<td style=\"width: 14.7497%;text-align: center;height: 62px\">Indeferida<\/td>\n<td style=\"width: 32.341%;height: 62px\">\n<p style=\"text-align: center\"><a href=\"http:\/\/www.uern.br\/controledepaginas\/pferros_uern_br_dle_proficiencia_recursos\/arquivos\/5135resposta_ao_recurso_maria_das_graa%C2%A7as_protected.pdf\" target=\"_blank\" rel=\"noopener\">&#8211; L\u00cdNGUA INGLESA<\/a><br \/>\n(Acesso pelo CPF do Candidato)<\/p>\n<\/td>\n<\/tr>\n<\/tbody>\n<\/table>\n<h3><strong>EDI\u00c7\u00c3O 2021.2\u00a0<\/strong><\/h3>\n<table style=\"width: 99.9657%;height: 58px\">\n<tbody>\n<tr style=\"height: 48px\">\n<td style=\"width: 33.1381%;text-align: center;height: 48px\"><strong>CANDIDATO<\/strong><\/td>\n<td style=\"width: 16.6339%;text-align: center;height: 48px\"><strong>EXAME<\/strong><\/td>\n<td style=\"width: 17.863%;text-align: center;height: 48px\"><strong>SITUA\u00c7\u00c3O<\/strong><\/td>\n<td style=\"width: 43.9034%;text-align: center;height: 48px\"><strong>PARECER CONCLUSIVO<\/strong><\/td>\n<\/tr>\n<tr style=\"height: 10px\">\n<td style=\"width: 33.1381%;height: 10px\">Rodolfo Barbosa Barreto<\/td>\n<td style=\"width: 16.6339%;text-align: center;height: 10px\">L\u00edngua Inglesa<\/td>\n<td style=\"width: 17.863%;text-align: center;height: 10px\">Deferida<\/td>\n<td style=\"width: 43.9034%;text-align: center;height: 10px\"><a href=\"http:\/\/www.uern.br\/controledepaginas\/pferros_uern_br_dle_proficiencia_recursos\/arquivos\/5135resposta_ao_recurso!_protected_(1).pdf\" target=\"_blank\" rel=\"noopener\">L\u00cdNGUA INGLESA<\/a><\/p>\n<p>(Acesso pelo RG do Candidato)<\/td>\n<\/tr>\n<\/tbody>\n<\/table>\n<h3><strong>EDI\u00c7\u00c3O 2018.2<\/strong><\/h3>\n<table style=\"width: 99.4685%;height: 183px\">\n<tbody>\n<tr style=\"height: 24px\">\n<td style=\"width: 33.315%;height: 24px\"><strong>CANDIDATO<\/strong><\/td>\n<td style=\"width: 16.3211%;text-align: center;height: 24px\"><strong>EXAME<\/strong><\/td>\n<td style=\"width: 17.7529%;text-align: center;height: 24px\"><strong>SITUA\u00c7\u00c3O<\/strong><\/td>\n<td style=\"width: 35.1498%;text-align: center;height: 24px\"><strong>PARECER CONCLUSIVO<\/strong><\/td>\n<\/tr>\n<tr style=\"height: 78px\">\n<td style=\"width: 33.315%;height: 78px\">Amanda Rezende Moreira<\/td>\n<td style=\"width: 16.3211%;text-align: center;height: 78px\">L\u00edngia Inglesa<\/td>\n<td style=\"width: 17.7529%;text-align: center;height: 78px\">Indeferido<\/td>\n<td style=\"width: 35.1498%;text-align: center;height: 78px\"><a href=\"https:\/\/www.uern.br\/controledepaginas\/pferros_uern_br_dle_proficiencia_recursos\/arquivos\/5135r._amanda_protected.pdf\" target=\"_blank\" rel=\"noopener\">L\u00cdNGUA INGLESA<\/a><\/p>\n<p>(Acesso pelo CPF do candidato)<\/td>\n<\/tr>\n<tr style=\"height: 81px\">\n<td style=\"width: 33.315%;height: 81px\">Nathane Thereza Lopes Ferreira<\/td>\n<td style=\"width: 16.3211%;text-align: center;height: 81px\">L\u00edngua Inglesa<\/td>\n<td style=\"width: 17.7529%;text-align: center;height: 81px\">Deferido<\/td>\n<td style=\"width: 35.1498%;text-align: center;height: 81px\"><a href=\"https:\/\/www.uern.br\/controledepaginas\/pferros_uern_br_dle_proficiencia_recursos\/arquivos\/5135r._nathane_protected.pdf\" target=\"_blank\" rel=\"noopener\">L\u00cdNGUA INGLESA<\/a><\/p>\n<p>(Acesso pelo CPF do candidato)<\/td>\n<\/tr>\n<\/tbody>\n<\/table>\n<p><strong>\u00a0<\/strong><\/p>\n<hr \/>\n<h3><strong>EDI\u00c7\u00c3O 2018.1<\/strong><\/h3>\n<table style=\"width: 100%;height: 176px\">\n<tbody>\n<tr style=\"height: 52px\">\n<td style=\"width: 32.4763%;text-align: center;height: 52px\"><strong>CANDIDATO<\/strong><\/td>\n<td style=\"width: 18.6738%;text-align: center;height: 52px\"><strong>EXAME<\/strong><\/td>\n<td style=\"width: 14.3437%;text-align: center;height: 52px\"><strong>SITUA\u00c7\u00c3O<\/strong><\/td>\n<td style=\"width: 32.8823%;text-align: center;height: 52px\"><strong>PARECER CONCLUSIVO<\/strong><\/td>\n<\/tr>\n<tr style=\"height: 114px\">\n<td style=\"width: 32.4763%;height: 114px\">Jorge Alexandre Maia de Oliveira<\/td>\n<td style=\"width: 18.6738%;height: 114px\">\n<p style=\"text-align: center\">L\u00edngua Espanhola<\/p>\n<p style=\"text-align: center\">L\u00edngua Inglesa<\/p>\n<\/td>\n<td style=\"width: 14.3437%;height: 114px\">\n<p style=\"text-align: center\">Indeferido<\/p>\n<p style=\"text-align: center\">Indeferido<\/p>\n<\/td>\n<td style=\"width: 32.8823%;height: 114px\">\n<p style=\"text-align: center\"><a href=\"https:\/\/www.uern.br\/controledepaginas\/dle-pferros-apresentacao\/arquivos\/2120parecer_recurso_proficia%C5%A1ncia_2018.2_protected_(1).pdf\" target=\"_blank\" rel=\"noopener\">L\u00cdNGUA INGLESA E L\u00cdNGUA<\/a><a href=\"https:\/\/www.uern.br\/controledepaginas\/dle-pferros-apresentacao\/arquivos\/2120parecer_recurso_proficia%C5%A1ncia_2018.2_protected_(1).pdf\" target=\"_blank\" rel=\"noopener\"> ESPANHOLA<\/a><\/p>\n<p style=\"text-align: center\">(Acesso pelo RG ou CPF do candidato)<\/p>\n<\/td>\n<\/tr>\n<tr style=\"height: 10px\">\n<td style=\"width: 32.4763%;height: 10px\"><\/td>\n<td style=\"width: 18.6738%;height: 10px\"><\/td>\n<td style=\"width: 14.3437%;height: 10px\"><\/td>\n<td style=\"width: 32.8823%;height: 10px\"><\/td>\n<\/tr>\n<\/tbody>\n<\/table>\n","protected":false},"excerpt":{"rendered":"<p>EDI\u00c7\u00c3O 2025.1 CANDIDATO EXAME SITUA\u00c7\u00c3O PARECER CONCLUSIVO Fabiola Maria Silvino L\u00edngua Espanhola Indeferida L\u00cdNGUA ESPANHOLA (Acesso pelo CPF da Candidata) EDI\u00c7\u00c3O 2022.1 CANDIDATO EXAME SITUA\u00c7\u00c3O PARECER CONCLUSIVO Fellipe Emannuel Moreira Targino L\u00edngua Inglesa Indeferida \u00a0\u00a0L\u00cdNGUA INGLESA (Acesso pelo CPF do Candidato) Maria das Gra\u00e7as de Oliveira Pereira L\u00edngua Inglesa Indeferida &#8211; L\u00cdNGUA INGLESA (Acesso pelo [&hellip;]<\/p>\n","protected":false},"author":1,"featured_media":0,"parent":0,"menu_order":0,"comment_status":"closed","ping_status":"closed","template":"","meta":{"footnotes":""},"class_list":["post-73","page","type-page","status-publish","hentry"],"_links":{"self":[{"href":"https:\/\/portal.uern.br\/paudosferros\/dle\/wp-json\/wp\/v2\/pages\/73","targetHints":{"allow":["GET"]}}],"collection":[{"href":"https:\/\/portal.uern.br\/paudosferros\/dle\/wp-json\/wp\/v2\/pages"}],"about":[{"href":"https:\/\/portal.uern.br\/paudosferros\/dle\/wp-json\/wp\/v2\/types\/page"}],"author":[{"embeddable":true,"href":"https:\/\/portal.uern.br\/paudosferros\/dle\/wp-json\/wp\/v2\/users\/1"}],"replies":[{"embeddable":true,"href":"https:\/\/portal.uern.br\/paudosferros\/dle\/wp-json\/wp\/v2\/comments?post=73"}],"version-history":[{"count":8,"href":"https:\/\/portal.uern.br\/paudosferros\/dle\/wp-json\/wp\/v2\/pages\/73\/revisions"}],"predecessor-version":[{"id":2058,"href":"https:\/\/portal.uern.br\/paudosferros\/dle\/wp-json\/wp\/v2\/pages\/73\/revisions\/2058"}],"wp:attachment":[{"href":"https:\/\/portal.uern.br\/paudosferros\/dle\/wp-json\/wp\/v2\/media?parent=73"}],"curies":[{"name":"wp","href":"https:\/\/api.w.org\/{rel}","templated":true}]}}