{"id":63,"date":"2023-01-31T15:17:19","date_gmt":"2023-01-31T18:17:19","guid":{"rendered":"http:\/\/beta.apps.uern.br\/wordpress\/paudosferros\/dle\/?page_id=63"},"modified":"2024-11-21T10:55:33","modified_gmt":"2024-11-21T13:55:33","slug":"eventos","status":"publish","type":"page","link":"https:\/\/portal.uern.br\/paudosferros\/dle\/eventos\/","title":{"rendered":"Eventos"},"content":{"rendered":"<h4><strong>2024<\/strong><\/h4>\n<h5 id=\"title-event-out-of-banner\" class=\"hero-title no-shadow color-hero-title\" style=\"text-align: center\">IV SEMANA HISP\u00c1NICA CAPF\/UERN<\/h5>\n<p><img fetchpriority=\"high\" decoding=\"async\" class=\"aligncenter\" src=\"https:\/\/portal.uern.br\/paudosferros\/dle\/wp-content\/uploads\/sites\/2\/2024\/09\/Captura-de-tela-2024-09-09-190905.png\" width=\"603\" height=\"261\" \/><\/p>\n<p><img decoding=\"async\" class=\"wp-image-1892 aligncenter\" src=\"https:\/\/portal.uern.br\/paudosferros\/dle\/wp-content\/uploads\/sites\/2\/2024\/11\/semana-hispanicaa-300x225.jpeg\" alt=\"\" width=\"538\" height=\"403\" srcset=\"https:\/\/portal.uern.br\/paudosferros\/dle\/wp-content\/uploads\/sites\/2\/2024\/11\/semana-hispanicaa-300x225.jpeg 300w, https:\/\/portal.uern.br\/paudosferros\/dle\/wp-content\/uploads\/sites\/2\/2024\/11\/semana-hispanicaa-1024x768.jpeg 1024w, https:\/\/portal.uern.br\/paudosferros\/dle\/wp-content\/uploads\/sites\/2\/2024\/11\/semana-hispanicaa-768x576.jpeg 768w, https:\/\/portal.uern.br\/paudosferros\/dle\/wp-content\/uploads\/sites\/2\/2024\/11\/semana-hispanicaa-1536x1152.jpeg 1536w, https:\/\/portal.uern.br\/paudosferros\/dle\/wp-content\/uploads\/sites\/2\/2024\/11\/semana-hispanicaa.jpeg 1600w\" sizes=\"(max-width: 538px) 100vw, 538px\" \/><\/p>\n<p align=\"center\"><span lang=\"pt-PT\"><b>IV Semana Hisp\u00e2nica do CAPF\/UERN: um sucesso memor\u00e1vel <\/b><\/span><\/p>\n<p align=\"justify\">Organizada pelo N\u00facleo de Estudos de Cultura, Literatura e L\u00edngua Espanhola (NECLE) e pelo grupo de pesquisa Estudos Aplicados \u00e0 L\u00edngua Espanhola (EALE), a IV Semana Hisp\u00e2nica do CAPF\/UERN consolidou-se como um evento essencial para a promo\u00e7\u00e3o da cultura e da l\u00edngua espanhola no Alto Oeste Potiguar, superando as expectativas de organizadores e participantes.<\/p>\n<p align=\"justify\">Neste ano, pela primeira vez, o evento foi realizado em formato h\u00edbrido, com participa\u00e7\u00e3o presencial e virtual, ampliando seu alcance e facilitando o acesso a um p\u00fablico diversificado durante os tr\u00eas dias de programa\u00e7\u00e3o, de 29 a 31 de outubro. Entre os destaques, estiveram as palestras internacionais com Renato Ulloa Aguilar, da Universidade da Costa Rica, e Mois\u00e9s Llopis i Alarc\u00f3n, da Universidade do Chile, que compartilharam suas experi\u00eancias de pesquisa e ensino. Outro momento marcante foi a roda de conversa \u201cExperi\u00eancias de egressos do curso de Letras \u2013 Espanhol\u201d, momento no qual ex-alunos relataram suas trajet\u00f3rias profissionais e acad\u00eamicas.<\/p>\n<p align=\"justify\">A programa\u00e7\u00e3o tamb\u00e9m trouxe atividades culturais de grande ades\u00e3o por parte dos participantes, como a Exposi\u00e7\u00e3o Hispano-Cultural, que apresentou tradi\u00e7\u00f5es e costumes de pa\u00edses hisp\u00e2nicos, e a oficina de ritmos latinos, que proporcionou momentos de descontra\u00e7\u00e3o atrav\u00e9s da m\u00fasica e da dan\u00e7a. Para finalizar o evento, o coquetel de despedida e a festa latina \u00e0 fantasia garantiram um ambiente animado e descontra\u00eddo.<\/p>\n<p align=\"justify\">Em sua quarta edi\u00e7\u00e3o, a Semana Hisp\u00e2nica reafirmou sua relev\u00e2ncia na UERN e na regi\u00e3o do Alto Oeste Potiguar, resultado do empenho de alunos e professores do curso de Letras-Espanhol do CAPF. O diretor do <i>campus<\/i>, Jailson Jos\u00e9, destacou o sucesso do evento: \u201cQue bacana foi a Semana Hisp\u00e2nica. Com muito conte\u00fado e com uma est\u00e9tica sensacional. Linda demais. Parab\u00e9ns, pessoal! Evento digno de muitos aplausos&#8221;.<\/p>\n<p align=\"justify\"><span style=\"color: #000000\"><span lang=\"pt-PT\">A IV Semana Hisp\u00e2nica do CAPF \/ UERN deixa um legado inspirador e reafirma o papel da UERN na promo\u00e7\u00e3o da cultura hisp\u00e2nica na regi\u00e3o, com a expectativa de que uma pr\u00f3xima edi\u00e7\u00e3o trar\u00e1 novas atividades e oportunidades de interc\u00e2mbio cultural e acad\u00eamico para a comunidade.<\/span><\/span><\/p>\n<hr \/>\n<p style=\"text-align: justify\">Os Eventos promovidos pelo <strong>N\u00facleo de Estudos de Cultura, Literatura e L\u00edngua Espanhola (NECLE) <\/strong>podem ser acessados atrav\u00e9s do perfil do <strong><a href=\"https:\/\/www.instagram.com\/neclecapf?igsh=MWg1dWwzazA0Y3pqeg==\"><em>Instagram<\/em><\/a><\/strong><\/p>\n<p style=\"text-align: justify\">Os Eventos promovidos pelo<strong> N\u00facleo de Estudos de Cultura, Literatura e L\u00edngua Inglesa (NECLLI)\u00a0 <\/strong>podem ser acessados atrav\u00e9s do perfil do <strong><a href=\"https:\/\/www.instagram.com\/neclli_uernpaudosferros?igsh=Yzk1YzNiN3k5c3Fu\"><em>I<\/em><em>nstagram<\/em><\/a><\/strong><\/p>\n<p style=\"text-align: justify\">Os Eventos promovidos pelo Projeto <strong>Encontros de literaturas, artes, culturas e outras express\u00f5es (ENLACE)<\/strong> podem ser acessados atrav\u00e9s do perfil do <a href=\"https:\/\/www.instagram.com\/enlace.uern?igsh=MWpnNjNybHNvbGtieg==\"><em><strong>Instagram<\/strong><\/em><\/a><\/p>\n","protected":false},"excerpt":{"rendered":"<p>2024 IV SEMANA HISP\u00c1NICA CAPF\/UERN IV Semana Hisp\u00e2nica do CAPF\/UERN: um sucesso memor\u00e1vel Organizada pelo N\u00facleo de Estudos de Cultura, Literatura e L\u00edngua Espanhola (NECLE) e pelo grupo de pesquisa Estudos Aplicados \u00e0 L\u00edngua Espanhola (EALE), a IV Semana Hisp\u00e2nica do CAPF\/UERN consolidou-se como um evento essencial para a promo\u00e7\u00e3o da cultura e da l\u00edngua [&hellip;]<\/p>\n","protected":false},"author":1,"featured_media":0,"parent":0,"menu_order":0,"comment_status":"closed","ping_status":"closed","template":"","meta":{"footnotes":""},"class_list":["post-63","page","type-page","status-publish","hentry"],"_links":{"self":[{"href":"https:\/\/portal.uern.br\/paudosferros\/dle\/wp-json\/wp\/v2\/pages\/63","targetHints":{"allow":["GET"]}}],"collection":[{"href":"https:\/\/portal.uern.br\/paudosferros\/dle\/wp-json\/wp\/v2\/pages"}],"about":[{"href":"https:\/\/portal.uern.br\/paudosferros\/dle\/wp-json\/wp\/v2\/types\/page"}],"author":[{"embeddable":true,"href":"https:\/\/portal.uern.br\/paudosferros\/dle\/wp-json\/wp\/v2\/users\/1"}],"replies":[{"embeddable":true,"href":"https:\/\/portal.uern.br\/paudosferros\/dle\/wp-json\/wp\/v2\/comments?post=63"}],"version-history":[{"count":10,"href":"https:\/\/portal.uern.br\/paudosferros\/dle\/wp-json\/wp\/v2\/pages\/63\/revisions"}],"predecessor-version":[{"id":1893,"href":"https:\/\/portal.uern.br\/paudosferros\/dle\/wp-json\/wp\/v2\/pages\/63\/revisions\/1893"}],"wp:attachment":[{"href":"https:\/\/portal.uern.br\/paudosferros\/dle\/wp-json\/wp\/v2\/media?parent=63"}],"curies":[{"name":"wp","href":"https:\/\/api.w.org\/{rel}","templated":true}]}}