{"id":22,"date":"2023-01-31T14:36:26","date_gmt":"2023-01-31T17:36:26","guid":{"rendered":"http:\/\/beta.apps.uern.br\/wordpress\/paudosferros\/dle\/?page_id=22"},"modified":"2023-08-08T21:17:46","modified_gmt":"2023-08-09T00:17:46","slug":"pos-graduacao","status":"publish","type":"page","link":"https:\/\/portal.uern.br\/paudosferros\/dle\/pos-graduacao\/","title":{"rendered":"P\u00f3s-Gradua\u00e7\u00e3o Stricto Sensu"},"content":{"rendered":"<h4>Programa de P\u00f3s-Gradua\u00e7\u00e3o em Letras &#8211; PPGL &#8211; Mestrado e Doutorado<\/h4>\n<p style=\"text-align: justify\">O Programa de P\u00f3s-Gradua\u00e7\u00e3o em Letras (PPGL) da Universidade do Estado do Rio Grande do Norte (UERN) iniciou suas atividades em 10 de junho de 2008 e oferece os cursos de mestrado e de doutorado acad\u00eamicos em Letras, ambos com \u00c1rea de Concentra\u00e7\u00e3o em \u201cEstudos do Discurso e do Texto\u201d e com tr\u00eas linhas de pesquisa: (i) Discurso, Mem\u00f3ria e Identidade; (ii) Texto e Constru\u00e7\u00e3o de Sentidos; e (iii) Texto Liter\u00e1rio, Cr\u00edtica e Cultura. O PPGL tem sua sede no Campus da UERN em Pau dos Ferros &#8211; RN. Com a oferta do curso de Mestrado e de Doutorado em Letras, o PPGL da UERN tem o objetivo de formar profissionais capazes de compreender as pr\u00e1ticas discursivas em diferentes esferas da comunica\u00e7\u00e3o humana, construindo conhecimentos, numa perspectiva interdisciplinar, acerca da constru\u00e7\u00e3o dos sentidos e da rela\u00e7\u00e3o discurso e sociedade, discurso e texto. O perfil do egresso formado nesses cursos dever\u00e1 ser, portanto, o de um profissional capaz de compreender como se d\u00e1 a constru\u00e7\u00e3o de sentidos em pr\u00e1ticas e campos discursivos diversos, e que possa analisar a produ\u00e7\u00e3o, a organiza\u00e7\u00e3o, e a circula\u00e7\u00e3o de discursos e de textos, considerando as suas condi\u00e7\u00f5es s\u00f3cio hist\u00f3ricas de produ\u00e7\u00e3o, bem como conceber o texto como objeto de ensino-aprendizagem da l\u00edngua, podendo atuar na pesquisa, no ensino e na produ\u00e7\u00e3o cient\u00edfica na \u00e1rea dos estudos da linguagem .<br \/>\n(Texto retirado da p\u00e1gina do PPGL).<br \/>\nSite:\u00a0<a href=\"https:\/\/propeg.uern.br\/ppgl\/default.asp?item=ppgl-apresentacao\">https:\/\/propeg.uern.br\/ppgl\/default.asp?item=ppgl-apresentacao<\/a><br \/>\nE-mail: ppgl.pferros@uern.br<\/p>\n","protected":false},"excerpt":{"rendered":"<p>Programa de P\u00f3s-Gradua\u00e7\u00e3o em Letras &#8211; PPGL &#8211; Mestrado e Doutorado O Programa de P\u00f3s-Gradua\u00e7\u00e3o em Letras (PPGL) da Universidade do Estado do Rio Grande do Norte (UERN) iniciou suas atividades em 10 de junho de 2008 e oferece os cursos de mestrado e de doutorado acad\u00eamicos em Letras, ambos com \u00c1rea de Concentra\u00e7\u00e3o em [&hellip;]<\/p>\n","protected":false},"author":1,"featured_media":0,"parent":0,"menu_order":0,"comment_status":"closed","ping_status":"closed","template":"","meta":{"footnotes":""},"class_list":["post-22","page","type-page","status-publish","hentry"],"_links":{"self":[{"href":"https:\/\/portal.uern.br\/paudosferros\/dle\/wp-json\/wp\/v2\/pages\/22","targetHints":{"allow":["GET"]}}],"collection":[{"href":"https:\/\/portal.uern.br\/paudosferros\/dle\/wp-json\/wp\/v2\/pages"}],"about":[{"href":"https:\/\/portal.uern.br\/paudosferros\/dle\/wp-json\/wp\/v2\/types\/page"}],"author":[{"embeddable":true,"href":"https:\/\/portal.uern.br\/paudosferros\/dle\/wp-json\/wp\/v2\/users\/1"}],"replies":[{"embeddable":true,"href":"https:\/\/portal.uern.br\/paudosferros\/dle\/wp-json\/wp\/v2\/comments?post=22"}],"version-history":[{"count":5,"href":"https:\/\/portal.uern.br\/paudosferros\/dle\/wp-json\/wp\/v2\/pages\/22\/revisions"}],"predecessor-version":[{"id":841,"href":"https:\/\/portal.uern.br\/paudosferros\/dle\/wp-json\/wp\/v2\/pages\/22\/revisions\/841"}],"wp:attachment":[{"href":"https:\/\/portal.uern.br\/paudosferros\/dle\/wp-json\/wp\/v2\/media?parent=22"}],"curies":[{"name":"wp","href":"https:\/\/api.w.org\/{rel}","templated":true}]}}