{"id":947,"date":"2023-11-21T07:45:23","date_gmt":"2023-11-21T10:45:23","guid":{"rendered":"https:\/\/portal.uern.br\/paudosferros\/dge\/?page_id=947"},"modified":"2025-11-07T08:48:10","modified_gmt":"2025-11-07T11:48:10","slug":"comissao-de-desempenho-academico-cda","status":"publish","type":"page","link":"https:\/\/portal.uern.br\/paudosferros\/dge\/comissao-de-desempenho-academico-cda\/","title":{"rendered":"Comiss\u00e3o de Desempenho Acad\u00eamico (CDA)"},"content":{"rendered":"<p><a href=\"https:\/\/drive.google.com\/file\/d\/1T57RTZdNKpHBdIohoA94ikkj4ZW6bkWi\/view?usp=sharing\" target=\"_blank\" rel=\"noopener\">Portaria-SEI N\u00ba 752, de 04 de novembro de 2025.<\/a><\/p>\n<p>Membros:<\/p>\n<p>I &#8211; ANDREZA TACYANA FELIX CARVALHO &#8211; Presidente;<br \/>\nII &#8211; JACIM\u00c1RIA FONSECA DE MEDEIROS &#8211; Docente indicado pela Plen\u00e1ria do Departamento;<br \/>\nIII &#8211; FRANCISCO MADSON DE QUEIROZ &#8211; Secret\u00e1rio(a) do Departamento Acad\u00eamico.<\/p>\n<hr \/>\n<p><a href=\"https:\/\/drive.google.com\/file\/d\/14OkcPLeIoC3OjTp7U3s-oNYnioXkAW4d\/view?usp=sharing\" target=\"_blank\" rel=\"noopener\">Portaria-SEI N\u00ba 587, de 16 de setembro de 2025.<\/a><br \/>\nMembros:<br \/>\nI &#8211; ANDREZA TACYANA FELIX CARVALHO &#8211; Presidente;<br \/>\nII &#8211; ROSALVO NOBRE CARNEIRO &#8211; Docente indicado pela Plen\u00e1ria do Departamento;<br \/>\nIII &#8211; ELIANE MARIA DE OLIVEIRA &#8211; Secret\u00e1rio(a) do Departamento Acad\u00eamico.<\/p>\n<hr \/>\n<p><a href=\"https:\/\/drive.google.com\/file\/d\/1VnW55qWji6F-9pjVhiY5Nbjr7FitpkJx\/view?usp=sharing\" target=\"_blank\" rel=\"noopener\">Portaria-SEI N\u00ba 009, de 07 de JANEIRO de 2025 (REVOGADA).<\/a><\/p>\n<p>Membros:<br \/>\nLuiz Eduardo do Nascimento Neto &#8211; Presidente;<br \/>\nRosalvo Nobre Carneiro &#8211; Docente indicado pela Plen\u00e1ria do Departamento;<br \/>\nEliane Maria de Oliveira &#8211; Secret\u00e1ria do Departamento Acad\u00eamico.<\/p>\n<hr \/>\n<p><a href=\"https:\/\/drive.google.com\/file\/d\/1FnFvdl2524ge0ds8djLa6czG1cbdlwih\/view?usp=sharing\" target=\"_blank\" rel=\"noopener\">Portaria-SEI N\u00ba 416, de 14 de agosto de 2024 (REVOGADA).<\/a><\/p>\n<p>Membros:<br \/>\nLuiz Eduardo do Nascimento neto &#8211; Presidente;<br \/>\nJosu\u00e9 Alencar Bezerra &#8211; Docente indicado pela Plen\u00e1ria do Departamento;<br \/>\nFrancisco Madson de Queiroz &#8211; Secret\u00e1rio(a) do Departamento Acad\u00eamico.<\/p>\n<hr \/>\n<p><a href=\"https:\/\/drive.google.com\/file\/d\/14p3Xcm7Zpcq2I0-0EARLQF8Smnh97YoM\/view?usp=sharing\" target=\"_blank\" rel=\"noopener\">PORTARIA-SEI N\u00ba 99, DE 12 DE MAR\u00c7O DE 2024 (REVOGADA).<\/a><\/p>\n<p>Membros:<\/p>\n<p>Luiz Eduardo do Nascimento Neto (Presidente) &#8211; Chefe de Departamento;<br \/>\nJosu\u00e9 Alencar Bezerra &#8211; Docente;<br \/>\nEliane Maria de Oliveira &#8211; T\u00e9cnica.<\/p>\n<hr \/>\n<p><a href=\"https:\/\/portal.uern.br\/paudosferros\/dge\/wp-content\/uploads\/sites\/14\/2024\/01\/04.01.2024-Portaria-SEI-No-002.2024-CDA.pdf\">PORTARIA-SEI N\u00ba 002, DE 04 DE JANEIRO DE 2024 (Revogada).<\/a><\/p>\n<p>Membros:<\/p>\n<p class=\"Texto_Justificado\">Andreza Tacyana Felix Carvalho &#8211;\u00a0 Presidente;<br \/>\nJosu\u00e9 Alencar Bezerra &#8211; Docente indicado pela Plen\u00e1ria do Departamento;<br \/>\nEliane Maria de Oliveira &#8211; Secret\u00e1rio(a) do Departamento Acad\u00eamico.<\/p>\n<hr \/>\n<p><a href=\"https:\/\/portal.uern.br\/paudosferros\/dge\/wp-content\/uploads\/sites\/14\/2023\/12\/23.10.2023-Portaria-SEI-No-617.2023-\u2013-CDA.pdf\">PORTARIA-SEI N\u00ba 617, DE 23 DE OUTUBRO DE 2023 (REVOGADA)<\/a><\/p>\n<p>Membros:<\/p>\n<p>Luiz Eduardo do Nascimento Neto (Presidente) &#8211; Chefe de Departamento;<br \/>\nJosu\u00e9 Alencar Bezerra &#8211; Docente;<br \/>\nEliane Maria de Oliveira &#8211; T\u00e9cnica.<\/p>\n<hr \/>\n<p><a href=\"https:\/\/portal.uern.br\/paudosferros\/dge\/wp-content\/uploads\/sites\/14\/2023\/11\/23.01.2023-PORTARIA-SEI-No-526-DE-23-DE-OUTUBRO-DE-2023-CDA.pdf\">PORTARIA-SEI N\u00ba 526, DE 23 DE OUTUBRO DE 2023 (Revogada)<\/a><\/p>\n<p>Membros:<\/p>\n<p style=\"text-align: left\">Luiz Eduardo do Nascimento Neto (Presidente) &#8211; Chefe de Departamento;<br \/>\nJosu\u00e9 Alencar Bezerra &#8211; Docente;<br \/>\nFrancisco Madson de Queiroz &#8211; T\u00e9cnico.<\/p>\n<hr \/>\n<p><a href=\"https:\/\/portal.uern.br\/paudosferros\/dge\/wp-content\/uploads\/sites\/14\/2024\/08\/Portaria-SEI-No-22-de-09-de-fevereiro-de-2023.pdf\" target=\"_blank\" rel=\"noopener\">Portaria-SEI N\u00ba 22, de 09 de fevereiro de 2023 (Revogada)<\/a><\/p>\n<p>Membros:<\/p>\n<p class=\"Tabela_Texto_Alinhado_Esquerda\">Luiz Eduardo do Nascimento Neto (Presidente) &#8211; Chefe de Departamento;<br \/>\nC\u00edcero Nilton Moreira da Silva &#8211; Docente;<br \/>\nFrancisco Madson de Queiroz &#8211; T\u00e9cnico.<\/p>\n<hr \/>\n<p><a href=\"https:\/\/portal.uern.br\/paudosferros\/dge\/wp-content\/uploads\/sites\/14\/2024\/08\/Portaria_SEI_n__443_de_setembro_de_2022.pdf\" target=\"_blank\" rel=\"noopener\">Portaria-SEI N\u00ba 443, de 22 de setembro de 2022 (Revogada)<\/a><\/p>\n<p>Membros:<\/p>\n<p>Luiz Eduardo do Nascimento Neto (Presidente) &#8211; Chefe de Departamento;<br \/>\nJacim\u00e1ria Fonseca de Medeiros &#8211; Docente indicado pela plen\u00e1ria do Departamento;<br \/>\nEliane Maria de Oliveira &#8211; Secret\u00e1rio (a) do Departamento.<\/p>\n","protected":false},"excerpt":{"rendered":"<p>Portaria-SEI N\u00ba 752, de 04 de novembro de 2025. Membros: I &#8211; ANDREZA TACYANA FELIX CARVALHO &#8211; Presidente; II &#8211; JACIM\u00c1RIA FONSECA DE MEDEIROS &#8211; Docente indicado pela Plen\u00e1ria do Departamento; III &#8211; FRANCISCO MADSON DE QUEIROZ &#8211; Secret\u00e1rio(a) do Departamento Acad\u00eamico. Portaria-SEI N\u00ba 587, de 16 de setembro de 2025. Membros: I &#8211; ANDREZA [&hellip;]<\/p>\n","protected":false},"author":15,"featured_media":0,"parent":0,"menu_order":0,"comment_status":"closed","ping_status":"closed","template":"","meta":{"footnotes":""},"class_list":["post-947","page","type-page","status-publish","hentry"],"_links":{"self":[{"href":"https:\/\/portal.uern.br\/paudosferros\/dge\/wp-json\/wp\/v2\/pages\/947","targetHints":{"allow":["GET"]}}],"collection":[{"href":"https:\/\/portal.uern.br\/paudosferros\/dge\/wp-json\/wp\/v2\/pages"}],"about":[{"href":"https:\/\/portal.uern.br\/paudosferros\/dge\/wp-json\/wp\/v2\/types\/page"}],"author":[{"embeddable":true,"href":"https:\/\/portal.uern.br\/paudosferros\/dge\/wp-json\/wp\/v2\/users\/15"}],"replies":[{"embeddable":true,"href":"https:\/\/portal.uern.br\/paudosferros\/dge\/wp-json\/wp\/v2\/comments?post=947"}],"version-history":[{"count":22,"href":"https:\/\/portal.uern.br\/paudosferros\/dge\/wp-json\/wp\/v2\/pages\/947\/revisions"}],"predecessor-version":[{"id":1459,"href":"https:\/\/portal.uern.br\/paudosferros\/dge\/wp-json\/wp\/v2\/pages\/947\/revisions\/1459"}],"wp:attachment":[{"href":"https:\/\/portal.uern.br\/paudosferros\/dge\/wp-json\/wp\/v2\/media?parent=947"}],"curies":[{"name":"wp","href":"https:\/\/api.w.org\/{rel}","templated":true}]}}