{"id":494,"date":"2023-02-26T20:37:55","date_gmt":"2023-02-26T23:37:55","guid":{"rendered":"https:\/\/portal.uern.br\/paudosferros\/dge\/?page_id=494"},"modified":"2023-02-26T20:37:55","modified_gmt":"2023-02-26T23:37:55","slug":"nugar","status":"publish","type":"page","link":"https:\/\/portal.uern.br\/paudosferros\/dge\/nugar\/","title":{"rendered":"NUGAR"},"content":{"rendered":"<h4><strong>N\u00facleo de Estudos de Geografia Agr\u00e1ria e Regional \u2013 NUGAR<\/strong><\/h4>\n<p><strong>Grupo de pesquisa da UERN que articula estudos na linha din\u00e2micas espaciais e an\u00e1lise regional em diferentes escalas territoriais do semin\u00e1rio.<\/strong><\/p>\n<p><strong>L\u00edder(es) do grupo:<\/strong><br \/>\n<strong>Josu\u00e9 Alencar Bezerra<\/strong><br \/>\n<strong>Larissa da Silva Ferreira Alves<\/strong><\/p>\n<p><strong>Para Informa\u00e7\u00f5es desse Grupo de Pesquisa no CNPq, acesse o link abaixo:<\/strong><\/p>\n<p><strong><a href=\"http:\/\/dgp.cnpq.br\/dgp\/espelhogrupo\/0400454785529182\" target=\"_blank\" rel=\"noopener\">dgp.cnpq.br\/dgp\/espelhogrupo\/0400454785529182<\/a><\/strong><\/p>\n<p><strong>Instagram:\u00a0<a href=\"https:\/\/www.instagram.com\/nugar_uern\/\" target=\"_blank\" rel=\"noopener\">@nugar_uern<\/a><\/strong><\/p>\n","protected":false},"excerpt":{"rendered":"<p>N\u00facleo de Estudos de Geografia Agr\u00e1ria e Regional \u2013 NUGAR Grupo de pesquisa da UERN que articula estudos na linha din\u00e2micas espaciais e an\u00e1lise regional em diferentes escalas territoriais do semin\u00e1rio. L\u00edder(es) do grupo: Josu\u00e9 Alencar Bezerra Larissa da Silva Ferreira Alves Para Informa\u00e7\u00f5es desse Grupo de Pesquisa no CNPq, acesse o link abaixo: dgp.cnpq.br\/dgp\/espelhogrupo\/0400454785529182 [&hellip;]<\/p>\n","protected":false},"author":1,"featured_media":0,"parent":0,"menu_order":0,"comment_status":"closed","ping_status":"closed","template":"","meta":{"footnotes":""},"class_list":["post-494","page","type-page","status-publish","hentry"],"_links":{"self":[{"href":"https:\/\/portal.uern.br\/paudosferros\/dge\/wp-json\/wp\/v2\/pages\/494","targetHints":{"allow":["GET"]}}],"collection":[{"href":"https:\/\/portal.uern.br\/paudosferros\/dge\/wp-json\/wp\/v2\/pages"}],"about":[{"href":"https:\/\/portal.uern.br\/paudosferros\/dge\/wp-json\/wp\/v2\/types\/page"}],"author":[{"embeddable":true,"href":"https:\/\/portal.uern.br\/paudosferros\/dge\/wp-json\/wp\/v2\/users\/1"}],"replies":[{"embeddable":true,"href":"https:\/\/portal.uern.br\/paudosferros\/dge\/wp-json\/wp\/v2\/comments?post=494"}],"version-history":[{"count":1,"href":"https:\/\/portal.uern.br\/paudosferros\/dge\/wp-json\/wp\/v2\/pages\/494\/revisions"}],"predecessor-version":[{"id":495,"href":"https:\/\/portal.uern.br\/paudosferros\/dge\/wp-json\/wp\/v2\/pages\/494\/revisions\/495"}],"wp:attachment":[{"href":"https:\/\/portal.uern.br\/paudosferros\/dge\/wp-json\/wp\/v2\/media?parent=494"}],"curies":[{"name":"wp","href":"https:\/\/api.w.org\/{rel}","templated":true}]}}