{"id":492,"date":"2023-02-26T20:37:35","date_gmt":"2023-02-26T23:37:35","guid":{"rendered":"https:\/\/portal.uern.br\/paudosferros\/dge\/?page_id=492"},"modified":"2024-09-17T17:33:23","modified_gmt":"2024-09-17T20:33:23","slug":"gepeeg","status":"publish","type":"page","link":"https:\/\/portal.uern.br\/paudosferros\/dge\/gepeeg\/","title":{"rendered":"GEPEEG"},"content":{"rendered":"<h4>Grupo de pesquisa Espa\u00e7o, Ensino e Geografia &#8211; GEPEEG<\/h4>\n<p><strong>Pensando a Geografia pelo Mundo da Vida e a Educa\u00e7\u00e3o Geogr\u00e1fica do Agir Comunicativo.<\/strong><\/p>\n<p><strong>L\u00edder(es) do grupo:<\/strong><br \/>\n<strong>Rosalvo Nobre Carneiro <\/strong><br \/>\n<strong>Laecio da Cunha Oliveira<\/strong><\/p>\n<p><strong>Para Informa\u00e7\u00f5es desse Grupo de Pesquisa no CNPq, acesse o link abaixo:<\/strong><\/p>\n<p><strong><a href=\"http:\/\/dgp.cnpq.br\/dgp\/espelhogrupo\/0206863198708811\" target=\"_blank\" rel=\"noopener\">?dgp.cnpq.br\/dgp\/espelhogrupo\/0206863198708811<\/a><\/strong><\/p>\n<p><strong>Instagran:\u00a0<a href=\"https:\/\/www.instagram.com\/gepeeg.uern\/\">@gepeeg.uern<\/a><\/strong><\/p>\n<p><strong>YouTube:\u00a0<a href=\"https:\/\/www.youtube.com\/@gepeeg-uern7505\/\" target=\"_blank\" rel=\"noopener\">@gepeeg-uern7505<\/a><\/strong><\/p>\n","protected":false},"excerpt":{"rendered":"<p>Grupo de pesquisa Espa\u00e7o, Ensino e Geografia &#8211; GEPEEG Pensando a Geografia pelo Mundo da Vida e a Educa\u00e7\u00e3o Geogr\u00e1fica do Agir Comunicativo. L\u00edder(es) do grupo: Rosalvo Nobre Carneiro Laecio da Cunha Oliveira Para Informa\u00e7\u00f5es desse Grupo de Pesquisa no CNPq, acesse o link abaixo: ?dgp.cnpq.br\/dgp\/espelhogrupo\/0206863198708811 Instagran:\u00a0@gepeeg.uern YouTube:\u00a0@gepeeg-uern7505<\/p>\n","protected":false},"author":1,"featured_media":0,"parent":0,"menu_order":0,"comment_status":"closed","ping_status":"closed","template":"","meta":{"footnotes":""},"class_list":["post-492","page","type-page","status-publish","hentry"],"_links":{"self":[{"href":"https:\/\/portal.uern.br\/paudosferros\/dge\/wp-json\/wp\/v2\/pages\/492","targetHints":{"allow":["GET"]}}],"collection":[{"href":"https:\/\/portal.uern.br\/paudosferros\/dge\/wp-json\/wp\/v2\/pages"}],"about":[{"href":"https:\/\/portal.uern.br\/paudosferros\/dge\/wp-json\/wp\/v2\/types\/page"}],"author":[{"embeddable":true,"href":"https:\/\/portal.uern.br\/paudosferros\/dge\/wp-json\/wp\/v2\/users\/1"}],"replies":[{"embeddable":true,"href":"https:\/\/portal.uern.br\/paudosferros\/dge\/wp-json\/wp\/v2\/comments?post=492"}],"version-history":[{"count":2,"href":"https:\/\/portal.uern.br\/paudosferros\/dge\/wp-json\/wp\/v2\/pages\/492\/revisions"}],"predecessor-version":[{"id":1319,"href":"https:\/\/portal.uern.br\/paudosferros\/dge\/wp-json\/wp\/v2\/pages\/492\/revisions\/1319"}],"wp:attachment":[{"href":"https:\/\/portal.uern.br\/paudosferros\/dge\/wp-json\/wp\/v2\/media?parent=492"}],"curies":[{"name":"wp","href":"https:\/\/api.w.org\/{rel}","templated":true}]}}