{"id":478,"date":"2023-02-26T20:35:02","date_gmt":"2023-02-26T23:35:02","guid":{"rendered":"https:\/\/portal.uern.br\/paudosferros\/dge\/?page_id=478"},"modified":"2025-10-13T09:19:18","modified_gmt":"2025-10-13T12:19:18","slug":"horario-de-aulas","status":"publish","type":"page","link":"https:\/\/portal.uern.br\/paudosferros\/dge\/horario-de-aulas\/","title":{"rendered":"Hor\u00e1rio de Aulas"},"content":{"rendered":"<p><a href=\"https:\/\/drive.google.com\/file\/d\/1opKHwbXEm71MT89UNx5Mus6XoXPkp3yx\/view?usp=sharing\" target=\"_blank\" rel=\"noopener\">Hor\u00e1rio 2026.1<\/a><\/p>\n<hr \/>\n<p><a href=\"https:\/\/drive.google.com\/file\/d\/16IuP7e7AsJCZeh71-HIx8DV4tyYb3lWA\/view?usp=sharing\" target=\"_blank\" rel=\"noopener\">Hor\u00e1rio 2025.2<\/a><\/p>\n<hr \/>\n<p><a href=\"https:\/\/drive.google.com\/file\/d\/1If9ctUHuQf8YParBeEug5GEm9BLmU40X\/view?usp=sharing\" target=\"_blank\" rel=\"noopener\">Hor\u00e1rio 2025.1<\/a><\/p>\n<hr \/>\n<p><a href=\"https:\/\/drive.google.com\/file\/d\/10TsobhUfHdut0HTTnh1k_YiXySF_0gEu\/view?usp=sharing\" target=\"_blank\" rel=\"noopener\">Hor\u00e1rio 2024.2<\/a><\/p>\n<hr \/>\n<p><a href=\"https:\/\/docs.google.com\/document\/d\/11AB1fUORkhuKpzOfDoZ96jnlkqcpKqQy\/edit?usp=sharing&amp;ouid=113950108503074647529&amp;rtpof=true&amp;sd=true\">Hor\u00e1rio 2024.1<\/a><\/p>\n<hr \/>\n<p><a href=\"https:\/\/portal.uern.br\/paudosferros\/dge\/wp-content\/uploads\/sites\/14\/2023\/09\/Quadro-de-Horarios-2023.2-atual.pdf\">Hor\u00e1rio 2023.2<\/a><\/p>\n<hr \/>\n<p><a href=\"https:\/\/portal.uern.br\/paudosferros\/dge\/wp-content\/uploads\/sites\/14\/2023\/09\/Quadro-de-Horarios-2023.1-20.06.2023.pdf\">Hor\u00e1rio 2023.1<\/a><\/p>\n<hr \/>\n<p><a href=\"http:\/\/www.uern.br\/controledepaginas\/horario-de-aulas\/arquivos\/2639quadro_de_hora%C2%A1rios_2022.2.pdf\" target=\"_blank\" rel=\"noopener\">Hor\u00e1rio 2022.2<\/a><\/p>\n<hr \/>\n<p><a title=\"Hor\u00e1rio 2022.1\" href=\"http:\/\/www.uern.br\/controledepaginas\/horario-de-aulas\/arquivos\/2639quadro_de_hora%C2%A1rios_2022.1.pdf\" target=\"_blank\" rel=\"noopener\">Hor\u00e1rio 2022.1<\/a><\/p>\n<hr \/>\n<p><a title=\"hor\u00e1rio 2021.2\" href=\"http:\/\/www.uern.br\/controledepaginas\/horario-de-aulas\/arquivos\/2639quadro_de_hora%C2%A1rios_2021.2.pdf\" target=\"_blank\" rel=\"noopener\">Hor\u00e1rio 2021.2<\/a><\/p>\n<hr \/>\n<p><a title=\"hor\u00e1rio de aula\" href=\"http:\/\/www.uern.br\/controledepaginas\/horario-de-aulas\/arquivos\/2639quadro_de_hora%C2%A1rios_2021.1.pdf\" target=\"_blank\" rel=\"noopener\">Hor\u00e1rio 2021.1<\/a><\/p>\n<hr \/>\n<p><a title=\"Hor\u00e1rio de Aulas 2020.2 atual\" href=\"https:\/\/www.uern.br\/controledepaginas\/horario-de-aulas\/arquivos\/2639hora%C2%A1rio_de_aulas_2020.2_atual.pdf\" target=\"_blank\" rel=\"noopener\">Hor\u00e1rio 2020.2<\/a><\/p>\n<hr \/>\n<p><a href=\"https:\/\/www.uern.br\/controledepaginas\/horario-de-aulas\/arquivos\/2639hora%C2%A1rio_de_aulas_2020.2.pdf\">Hor\u00e1rio 2020.1<\/a><\/p>\n","protected":false},"excerpt":{"rendered":"<p>Hor\u00e1rio 2026.1 Hor\u00e1rio 2025.2 Hor\u00e1rio 2025.1 Hor\u00e1rio 2024.2 Hor\u00e1rio 2024.1 Hor\u00e1rio 2023.2 Hor\u00e1rio 2023.1 Hor\u00e1rio 2022.2 Hor\u00e1rio 2022.1 Hor\u00e1rio 2021.2 Hor\u00e1rio 2021.1 Hor\u00e1rio 2020.2 Hor\u00e1rio 2020.1<\/p>\n","protected":false},"author":1,"featured_media":0,"parent":0,"menu_order":0,"comment_status":"closed","ping_status":"closed","template":"","meta":{"footnotes":""},"class_list":["post-478","page","type-page","status-publish","hentry"],"_links":{"self":[{"href":"https:\/\/portal.uern.br\/paudosferros\/dge\/wp-json\/wp\/v2\/pages\/478","targetHints":{"allow":["GET"]}}],"collection":[{"href":"https:\/\/portal.uern.br\/paudosferros\/dge\/wp-json\/wp\/v2\/pages"}],"about":[{"href":"https:\/\/portal.uern.br\/paudosferros\/dge\/wp-json\/wp\/v2\/types\/page"}],"author":[{"embeddable":true,"href":"https:\/\/portal.uern.br\/paudosferros\/dge\/wp-json\/wp\/v2\/users\/1"}],"replies":[{"embeddable":true,"href":"https:\/\/portal.uern.br\/paudosferros\/dge\/wp-json\/wp\/v2\/comments?post=478"}],"version-history":[{"count":20,"href":"https:\/\/portal.uern.br\/paudosferros\/dge\/wp-json\/wp\/v2\/pages\/478\/revisions"}],"predecessor-version":[{"id":1451,"href":"https:\/\/portal.uern.br\/paudosferros\/dge\/wp-json\/wp\/v2\/pages\/478\/revisions\/1451"}],"wp:attachment":[{"href":"https:\/\/portal.uern.br\/paudosferros\/dge\/wp-json\/wp\/v2\/media?parent=478"}],"curies":[{"name":"wp","href":"https:\/\/api.w.org\/{rel}","templated":true}]}}