{"id":468,"date":"2023-02-26T20:32:10","date_gmt":"2023-02-26T23:32:10","guid":{"rendered":"https:\/\/portal.uern.br\/paudosferros\/dge\/?page_id=468"},"modified":"2023-02-26T20:32:10","modified_gmt":"2023-02-26T23:32:10","slug":"reconhecimento-do-curso-de-geografia","status":"publish","type":"page","link":"https:\/\/portal.uern.br\/paudosferros\/dge\/reconhecimento-do-curso-de-geografia\/","title":{"rendered":"Reconhecimento do Curso de Geografia"},"content":{"rendered":"<h4><a title=\"decreto\" href=\"http:\/\/www.uern.br\/controledepaginas\/reconhecimento-dge\/arquivos\/6471decreto_8035315_decreto_n__30.335__de_29_de_dezembro_de_2020___doe_30.12.2020.pdf\" target=\"_blank\" rel=\"noopener\">DECRETO N\u00ba 30.335, DE 29 DE DEZEMBRO DE 2020.<\/a><\/h4>\n<p>Disp\u00f5e sobre a renova\u00e7\u00e3o do reconhecimento do curso de Licenciatura em Geografia da Universidade do Estado do Rio Grande do Norte (UERN), Campus Avan\u00e7ado de Pau dos Ferros\/RN.<\/p>\n","protected":false},"excerpt":{"rendered":"<p>DECRETO N\u00ba 30.335, DE 29 DE DEZEMBRO DE 2020. Disp\u00f5e sobre a renova\u00e7\u00e3o do reconhecimento do curso de Licenciatura em Geografia da Universidade do Estado do Rio Grande do Norte (UERN), Campus Avan\u00e7ado de Pau dos Ferros\/RN.<\/p>\n","protected":false},"author":1,"featured_media":0,"parent":0,"menu_order":0,"comment_status":"closed","ping_status":"closed","template":"","meta":{"footnotes":""},"class_list":["post-468","page","type-page","status-publish","hentry"],"_links":{"self":[{"href":"https:\/\/portal.uern.br\/paudosferros\/dge\/wp-json\/wp\/v2\/pages\/468","targetHints":{"allow":["GET"]}}],"collection":[{"href":"https:\/\/portal.uern.br\/paudosferros\/dge\/wp-json\/wp\/v2\/pages"}],"about":[{"href":"https:\/\/portal.uern.br\/paudosferros\/dge\/wp-json\/wp\/v2\/types\/page"}],"author":[{"embeddable":true,"href":"https:\/\/portal.uern.br\/paudosferros\/dge\/wp-json\/wp\/v2\/users\/1"}],"replies":[{"embeddable":true,"href":"https:\/\/portal.uern.br\/paudosferros\/dge\/wp-json\/wp\/v2\/comments?post=468"}],"version-history":[{"count":1,"href":"https:\/\/portal.uern.br\/paudosferros\/dge\/wp-json\/wp\/v2\/pages\/468\/revisions"}],"predecessor-version":[{"id":469,"href":"https:\/\/portal.uern.br\/paudosferros\/dge\/wp-json\/wp\/v2\/pages\/468\/revisions\/469"}],"wp:attachment":[{"href":"https:\/\/portal.uern.br\/paudosferros\/dge\/wp-json\/wp\/v2\/media?parent=468"}],"curies":[{"name":"wp","href":"https:\/\/api.w.org\/{rel}","templated":true}]}}