{"id":460,"date":"2023-02-26T20:28:59","date_gmt":"2023-02-26T23:28:59","guid":{"rendered":"https:\/\/portal.uern.br\/paudosferros\/dge\/?page_id=460"},"modified":"2025-07-15T09:10:19","modified_gmt":"2025-07-15T12:10:19","slug":"nucleo-docente-estruturante","status":"publish","type":"page","link":"https:\/\/portal.uern.br\/paudosferros\/dge\/nucleo-docente-estruturante\/","title":{"rendered":"N\u00facleo Docente Estruturante"},"content":{"rendered":"<p>O N\u00facleo Docente Estruturante (NDE) tem por objetivo organizar e desenvolver o processo de constru\u00e7\u00e3o do Projeto Pedag\u00f3gico do Curso &#8211; PPC. Para tanto, a constru\u00e7\u00e3o desse Projeto perpassaa defini\u00e7\u00e3o de pressupostos \u00e9ticos, te\u00f3ricos, pol\u00edticos e metodol\u00f3gicos do grupo, que, no processo, se revelam pela escolha da\u00a0<strong>metodologia participativa dos atores sociais\u00a0<\/strong>como princ\u00edpio orientador das atividades e do ide\u00e1rio de constru\u00e7\u00e3o coletiva necess\u00e1ria ao processo. Nesse sentido, cabe ao NDE acompanhar e monitorar a execu\u00e7\u00e3o e estabelecer os procedimentos de avalia\u00e7\u00e3o de todo o processo. Vale salientar que tamb\u00e9m \u00e9 de responsabilidade do NDE a\u00a0<strong>reestrutura\u00e7\u00e3o curricular\u00a0<\/strong>e ainda a defini\u00e7\u00e3o das\u00a0<strong>a\u00e7\u00f5es pol\u00edticas\u00a0<\/strong>e\u00a0<strong>estrat\u00e9gicas<\/strong>, das\u00a0<strong>atividades permanentes\u00a0<\/strong>e das\u00a0<strong>determina\u00e7\u00f5es gerais<\/strong>.<\/p>\n<hr \/>\n<p>Os Membros do NDE tem mandato de 03 anos, podendo ser reconduzidos por igual per\u00edodo de tempo, conforme\u00a0<a title=\"RESOLU\u00c7\u00c3O N 592013 -CONSEPE.\" href=\"https:\/\/www.uern.br\/controledepaginas\/documentos-legislacao-ensino\/arquivos\/0065resolua%C2%A7a%C2%A3o_59_2013_consepe_cria_e_regulamenta_o_nacleo_docente_estruturante_nde_dos_cursos_de_graduaa%C2%A7a%C2%A3o_da_universidade_do_estado_do_rio_grande_do_norte_uern.pdf\" target=\"_blank\" rel=\"noopener\">Resolu\u00e7\u00e3o N.\u00ba 59\/2013 -CONSEPE.<\/a><\/p>\n<hr \/>\n<p><strong><a href=\"https:\/\/drive.google.com\/file\/d\/1vgx-CQeNKVMMsmuUZk_axblocUpjbGZR\/view?usp=sharing\" target=\"_blank\" rel=\"noopener\">PORTARIA-SEI No 436, DE 09 DE JULHO DE 2025.<\/a><\/strong><\/p>\n<p>N\u00facleo Docente Estruturante &#8211; NDE:<br \/>\nI -Profa. Dra. ANDREZA TACYANA FELIX CARVALHO &#8211; Chefe do Departamento;<br \/>\nII &#8211; Prof. Dr. AGASSIEL DE MEDEIROS ALVES &#8211; Orientador acad\u00eamico;<br \/>\nIII &#8211; Prof. Me. LUIZ EDUARDO DO NASCIMENTO NETO &#8211; Coordenador de Est\u00e1gio Supervisionado Obrigat\u00f3rio;<br \/>\nIV &#8211; Profa. Dra. LARISSA DA SILVA FERREIRA ALVES &#8211; Coordenadora;<br \/>\nV &#8211; Profa. Dra. JACIM\u00c1RIA FONSECA DE MEDEIROS &#8211; Vice-coordenadora.<\/p>\n<hr \/>\n<p><strong><a href=\"https:\/\/drive.google.com\/file\/d\/1XgqKMfRNs6I1Gmnbwem8uIGTBzZLbOAY\/view?usp=sharing\" target=\"_blank\" rel=\"noopener\">Portaria-SEI N\u00ba 014, de 08 de JANEIRO de 2025 (REVOGADA).<\/a><\/strong><\/p>\n<p>N\u00facleo Docente Estruturante &#8211; NDE:<\/p>\n<p>I &#8211; Prof. Me. LUIZ EDUARDO DO NASCIMENTO NETO &#8211; Chefe do Departamento;<br \/>\nII &#8211; Prof. Dr. C\u00cdCERO NILTON MOREIRA DA SILVA &#8211; Orientador Acad\u00eamico do Curso;<br \/>\nIII &#8211; Profa. Dra. Andreza Tacyana F\u00e9lix Carvalho &#8211; Coordenadora de Est\u00e1gio Supervisionado Obrigat\u00f3rio;<br \/>\nIV &#8211; Profa. Dra. LARISSA DA SILVA FERREIRA ALVES &#8211; Coordenadora;<br \/>\nV &#8211; Profa. Dra. JACIM\u00c1RIA FONSECA DE MEDEIROS &#8211; Vice-coordenadora.<\/p>\n<hr \/>\n<p><strong><a href=\"https:\/\/drive.google.com\/file\/d\/1-u7AtO-bzD2OVVKfgfRs2zliOjiOPsW_\/view?usp=sharing\" target=\"_blank\" rel=\"noopener\">NDE &#8211; Portaria-SEI N\u00ba 326,\u00a0 de25 de junho de 2024 (REVOGADA).<\/a>\u00a0<\/strong><\/p>\n<p class=\"Tabela_Texto_Alinhado_Esquerda\"><strong>N\u00facleo Docente Estruturante &#8211; NDE:<\/strong><\/p>\n<p class=\"Tabela_Texto_Alinhado_Esquerda\">I &#8211; Prof. Me. Luiz Eduardo do Nascimento Neto &#8211; Chefe do Departamento;<\/p>\n<p class=\"Tabela_Texto_Alinhado_Esquerda\">II &#8211; Prof. Dr. Josu\u00e9 Alencar Bezerra &#8211; Orientador Acad\u00eamico do Curso;<\/p>\n<p class=\"Tabela_Texto_Alinhado_Esquerda\">III &#8211; Profa. Dra. Andreza Tacyana F\u00e9lix Carvalho &#8211; Coordenadora de Est\u00e1gio Supervisionado Obrigat\u00f3rio;<\/p>\n<p class=\"Tabela_Texto_Alinhado_Esquerda\">IV &#8211; Prof. Dr. Agassiel de Medeiros Alves &#8211; Coordenador do NDE;<\/p>\n<p class=\"Tabela_Texto_Alinhado_Esquerda\">V &#8211; Profa. Dra. Jacim\u00e1ria Fonseca de Medeiros &#8211; Vice-coordenadora do NDE.<\/p>\n<hr \/>\n<p><strong><a href=\"https:\/\/portal.uern.br\/paudosferros\/dge\/wp-content\/uploads\/sites\/14\/2023\/10\/10.10.2023-PORTARIA-SEI-N-515-DE-10-DE-OUTUBRO-DE-2023-NDE.pdf\">NDE &#8211; PORTARIA-SEI N\u00ba 515, DE 10 DE OUTUBRO DE 2023 (Revogada)<\/a>.<\/strong><\/p>\n<p><strong>N\u00facleo Docente Estruturante &#8211; NDE:<\/strong><\/p>\n<p><strong>I<\/strong>\u00a0<strong>&#8211;<\/strong>\u00a0O Chefe do Departamento ou Coordenador do Curso:\u00a0Prof.\u00a0Me.\u00a0Luiz Eduardo do Nascimento Neto;<\/p>\n<p><strong>II &#8211;\u00a0<\/strong>O Orientador Acad\u00eamico do Curso:\u00a0Prof.\u00a0Dr. Josu\u00e9 Alencar Bezerra;<\/p>\n<p><strong>III &#8211;<\/strong>\u00a0O coordenador de Est\u00e1gio Supervisionado Obrigat\u00f3rio do Curso: Profa. Dra. Andreza Tacyana F\u00e9lix Carvalho;<\/p>\n<p><strong>IV &#8211;<\/strong> Coordena\u00e7\u00e3o do NDE: Prof. Dr. Rosalvo Nobre Carneiro;<\/p>\n<p><strong>V &#8211;\u00a0<\/strong>Vice-coordenador do NDE:\u00a0Profa. Dra. Jacim\u00e1ria Fonseca de Medeiros.<\/p>\n<p>_______________________________________________________________________________________<\/p>\n<p><strong>NDE &#8211;\u00a0<a title=\"NDE 2022\" href=\"http:\/\/www.uern.br\/controledepaginas\/nucleo-docente-estruturante-nde\/arquivos\/2681portaria_nde_na_290_de_02_de_agosto_de_2022.pdf\" target=\"_blank\" rel=\"noopener\">PORTARIA-SEI N\u00ba 290, DE 02 DE AGOSTO DE 2022. (Revogada)<\/a><\/strong><\/p>\n<p><strong>N\u00facleo Docente Estruturante &#8211; NDE:<\/strong><\/p>\n<p><strong>I<\/strong>\u00a0<strong>&#8211;<\/strong>\u00a0O Chefe do Departamento ou Coordenador do Curso:\u00a0Prof.\u00a0Me.\u00a0Luiz Eduardo do Nascimento Neto;<\/p>\n<p><strong>II &#8211;\u00a0<\/strong>O Orientador Acad\u00eamico do Curso:\u00a0Prof.\u00a0Dr. Josu\u00e9 Alencar Bezerra;<\/p>\n<p><strong>III &#8211;<\/strong>\u00a0O coordenador de Est\u00e1gio Supervisionado Obrigat\u00f3rio do Curso: Profa. Dra. Andreza Tacyana F\u00e9lix Carvalho;<\/p>\n<p><strong>IV &#8211;<\/strong>\u00a0Coordena\u00e7\u00e3o do NDE:\u00a0Profa.\u00a0Dra. Maria Los\u00e2ngela Martins de Sousa;<\/p>\n<p><strong>V &#8211;\u00a0<\/strong>Vice-coordenador do NDE:\u00a0Profa. Dra. Jacim\u00e1ria Fonseca de Medeiros.<\/p>\n<hr \/>\n<p><strong>NDE &#8211;\u00a0<\/strong><a title=\"nde2021\" href=\"http:\/\/www.uern.br\/controledepaginas\/nucleo-docente-estruturante-nde\/arquivos\/2681portaria_sei_n_259_nde_dge_capf.pdf\" target=\"_blank\" rel=\"noopener\"><strong>PORTARIA-SEI N\u00ba 259, DE 19 DE JULHO DE 2021<\/strong><\/a>.<strong>(Revogada)<\/strong><\/p>\n<p>Membros:<\/p>\n<p>I)\u00a0Andreza Tacyana Felix Carvalho &#8211; professora coordenadora do NDE;<\/p>\n<p>II) Rosalvo Nobre Carneiro &#8211;\u00a0professor vice-coordenador do NDE.<\/p>\n<p>III) Jacim\u00e1ria Fonseca de Medeiros &#8211; professora coordenadora do Departamento;<\/p>\n<p>IV) Josu\u00e9 Alencar Bezerra &#8211;\u00a0professor orientador Acad\u00eamico do Curso;<\/p>\n<p>V) Luiz Eduardo do Nascimento Neto &#8211;\u00a0professor coordenador de Est\u00e1gio Supervisionado Obrigat\u00f3rio do Curso;<\/p>\n<hr \/>\n<p><strong>NDE &#8211;\u00a0<a title=\"nde2020-2023\" href=\"https:\/\/www.uern.br\/controledepaginas\/nucleo-docente-estruturante-nde\/arquivos\/2681portaria_012_2020_nomeaa%E2%80%A1a%C6%92o_membros_da_nde_geografia.pdf\" target=\"_blank\" rel=\"noopener\">Portaria N\u00ba 12\/2020 &#8211; GD\/CAPF\/UERN.<\/a>\u00a0(Revogada)<\/strong><\/p>\n<p>Membros, mandato 2020-2023, podendo ser prorrogado por igual per\u00edodo.<\/p>\n<p>Pofa. Dra. Larissa da Silva Ferreira Alves &#8211; coordenadora;<br \/>\nProf. Me. Luiz Eduardo do Nascimento Neto &#8211; Vice-coordenador;<br \/>\nProfa. Dr. Jacim\u00e1ria Fonseca de Medeiros &#8211; Membro;<br \/>\nProf. Dr. Franklin Roberto da Costa &#8211; Membro;<br \/>\nProf. Dr.Rosalvo Nobre Carneiro &#8211; Membro.<\/p>\n","protected":false},"excerpt":{"rendered":"<p>O N\u00facleo Docente Estruturante (NDE) tem por objetivo organizar e desenvolver o processo de constru\u00e7\u00e3o do Projeto Pedag\u00f3gico do Curso &#8211; PPC. Para tanto, a constru\u00e7\u00e3o desse Projeto perpassaa defini\u00e7\u00e3o de pressupostos \u00e9ticos, te\u00f3ricos, pol\u00edticos e metodol\u00f3gicos do grupo, que, no processo, se revelam pela escolha da\u00a0metodologia participativa dos atores sociais\u00a0como princ\u00edpio orientador das atividades [&hellip;]<\/p>\n","protected":false},"author":1,"featured_media":0,"parent":0,"menu_order":0,"comment_status":"closed","ping_status":"closed","template":"","meta":{"footnotes":""},"class_list":["post-460","page","type-page","status-publish","hentry"],"_links":{"self":[{"href":"https:\/\/portal.uern.br\/paudosferros\/dge\/wp-json\/wp\/v2\/pages\/460","targetHints":{"allow":["GET"]}}],"collection":[{"href":"https:\/\/portal.uern.br\/paudosferros\/dge\/wp-json\/wp\/v2\/pages"}],"about":[{"href":"https:\/\/portal.uern.br\/paudosferros\/dge\/wp-json\/wp\/v2\/types\/page"}],"author":[{"embeddable":true,"href":"https:\/\/portal.uern.br\/paudosferros\/dge\/wp-json\/wp\/v2\/users\/1"}],"replies":[{"embeddable":true,"href":"https:\/\/portal.uern.br\/paudosferros\/dge\/wp-json\/wp\/v2\/comments?post=460"}],"version-history":[{"count":9,"href":"https:\/\/portal.uern.br\/paudosferros\/dge\/wp-json\/wp\/v2\/pages\/460\/revisions"}],"predecessor-version":[{"id":1404,"href":"https:\/\/portal.uern.br\/paudosferros\/dge\/wp-json\/wp\/v2\/pages\/460\/revisions\/1404"}],"wp:attachment":[{"href":"https:\/\/portal.uern.br\/paudosferros\/dge\/wp-json\/wp\/v2\/media?parent=460"}],"curies":[{"name":"wp","href":"https:\/\/api.w.org\/{rel}","templated":true}]}}