{"id":1339,"date":"2024-11-27T05:59:18","date_gmt":"2024-11-27T08:59:18","guid":{"rendered":"https:\/\/portal.uern.br\/paudosferros\/dge\/?page_id=1339"},"modified":"2025-01-20T11:03:16","modified_gmt":"2025-01-20T14:03:16","slug":"extensao","status":"publish","type":"page","link":"https:\/\/portal.uern.br\/paudosferros\/dge\/extensao\/","title":{"rendered":"Extens\u00e3o"},"content":{"rendered":"<h4><strong>A\u00e7\u00f5es de Extens\u00e3o do Curso de Geografia\/CAPF<\/strong><\/h4>\n<table dir=\"ltr\" style=\"width: 87.2192%;height: 792px\" border=\"1\" cellspacing=\"0\" cellpadding=\"0\" data-sheets-root=\"1\" data-sheets-baot=\"1\">\n<colgroup>\n<col width=\"169\" \/>\n<col width=\"427\" \/>\n<col width=\"59\" \/><\/colgroup>\n<tbody>\n<tr style=\"height: 24px\">\n<td style=\"text-align: center;width: 25.1479%;height: 24px\">COORDENADOR(A)<\/td>\n<td style=\"text-align: center;width: 65.4828%;height: 24px\">ATIVIDADE DE EXTENS\u00c3O<\/td>\n<td style=\"text-align: center;width: 43.8148%;height: 24px\">PER\u00cdODO<\/td>\n<\/tr>\n<tr style=\"height: 48px\">\n<td style=\"text-align: center;width: 25.1479%;height: 48px\">Luiz Eduardo do Nascimento Neto<\/td>\n<td style=\"text-align: center;width: 65.4828%;height: 48px\">Projeto: LENTES GEOGR\u00c1FICAS<\/td>\n<td style=\"text-align: center;width: 43.8148%;height: 168px\" colspan=\"1\" rowspan=\"3\">\n<div>2025<\/div>\n<\/td>\n<\/tr>\n<tr style=\"height: 48px\">\n<td style=\"text-align: center;width: 25.1479%;height: 48px\">Agassiel de Medeiros Alves<\/td>\n<td style=\"text-align: center;width: 65.4828%;height: 48px\">Projeto: IDENTIFICA\u00c7\u00c3O E CAPACITA\u00c7\u00c3O COMUNIT\u00c1RIA SOBRE AS POTENCIALIDADES DO TURISMO ECOL\u00d3GICO NO ALTO OESTE POTIGUAR<\/td>\n<\/tr>\n<tr style=\"height: 72px\">\n<td style=\"text-align: center;width: 25.1479%;height: 72px\">Andreza Tacyana Felix Carvalho<\/td>\n<td style=\"text-align: center;width: 65.4828%;height: 72px\">Projeto: MAPGEOSA\u00daDE: MAPEAMENTO DE \u00c1REAS PRIORIT\u00c1RIAS PARA INTERVEN\u00c7\u00d5ES SANIT\u00c1RIAS E PROMO\u00c7\u00c3O DE COMUNIDADES SAUD\u00c1VEIS EM PAU DOS FERROS\/RN<\/td>\n<\/tr>\n<tr style=\"height: 48px\">\n<td style=\"text-align: center;width: 25.1479%;height: 48px\">Agassiel de Medeiros Alves<\/td>\n<td style=\"text-align: center;width: 65.4828%;height: 48px\">Projeto: Identifica\u00e7\u00e3o das potencialidades e capacita\u00e7\u00e3o das comunidades para o Turismo Ecol\u00f3gico no Alto Oeste Potiguar<\/td>\n<td style=\"text-align: center;width: 43.8148%;height: 192px\" colspan=\"1\" rowspan=\"5\">\n<div>2024<\/div>\n<\/td>\n<\/tr>\n<tr style=\"height: 24px\">\n<td style=\"text-align: center;width: 25.1479%;height: 24px\">Josu\u00e9 Alencar Bezerra<\/td>\n<td style=\"text-align: center;width: 65.4828%;height: 24px\">Projeto: LEITURA E INTERVEN\u00c7\u00c3O COMUNIT\u00c1RIA DE BAIRRO<\/td>\n<\/tr>\n<tr style=\"height: 48px\">\n<td style=\"text-align: center;width: 25.1479%;height: 48px\">Luiz Eduardo do Nascimento Neto<\/td>\n<td style=\"text-align: center;width: 65.4828%;height: 48px\">Projeto: GEOTEATRO<\/td>\n<\/tr>\n<tr style=\"height: 48px\">\n<td style=\"text-align: center;width: 25.1479%;height: 48px\">Luiz Eduardo do Nascimento Neto<\/td>\n<td style=\"text-align: center;width: 65.4828%;height: 48px\">Projeto: Ensino de Cultura Afro-brasileira: desafios e itiner\u00e1rios formativos<\/td>\n<\/tr>\n<tr style=\"height: 24px\">\n<td style=\"text-align: center;width: 25.1479%;height: 24px\">Rosalvo Nobre Carneiro<\/td>\n<td style=\"text-align: center;width: 65.4828%;height: 24px\">Projeto: Curriculariza\u00e7\u00e3o da Cultura de Caboclos em Major Sales &#8211; RN<\/td>\n<\/tr>\n<tr style=\"height: 48px\">\n<td style=\"text-align: center;width: 25.1479%;height: 48px\">Luiz Eduardo do Nascimento Neto<\/td>\n<td style=\"text-align: center;width: 65.4828%;height: 48px\">Projeto: A imagem do lugar como leitura do mundo 2023<\/td>\n<td style=\"text-align: center;width: 43.8148%;height: 72px\" colspan=\"1\" rowspan=\"2\">\n<div>2023<\/div>\n<\/td>\n<\/tr>\n<tr style=\"height: 24px\">\n<td style=\"text-align: center;width: 25.1479%;height: 24px\">Jacim\u00e1ria Fonseca de Medeiros<\/td>\n<td style=\"text-align: center;width: 65.4828%;height: 24px\">Projeto Ressignificando o descarte de res\u00edduos s\u00f3lidos<\/td>\n<\/tr>\n<tr style=\"height: 48px\">\n<td style=\"text-align: center;width: 25.1479%;height: 48px\">Luiz Eduardo do Nascimento Neto<\/td>\n<td style=\"text-align: center;width: 65.4828%;height: 48px\">Curso de Extens\u00e3o: Educa\u00e7\u00e3o mediada por tecnologias na era digital: itiner\u00e1rios de (in)forma\u00e7\u00e3o docente<\/td>\n<td style=\"text-align: center;width: 43.8148%;height: 48px\">2022.1<\/td>\n<\/tr>\n<tr style=\"height: 48px\">\n<td style=\"text-align: center;width: 25.1479%;height: 48px\">Luiz Eduardo do Nascimento Neto<\/td>\n<td style=\"text-align: center;width: 65.4828%;height: 48px\">Curso de Extens\u00e3o: Leituras e imagens do mundo<\/td>\n<td style=\"text-align: center;width: 43.8148%;height: 48px\">2021.1<\/td>\n<\/tr>\n<tr style=\"height: 48px\">\n<td style=\"text-align: center;width: 25.1479%;height: 48px\">Maria Losangela Martins de Sousa<\/td>\n<td style=\"text-align: center;width: 65.4828%;height: 48px\">Projeto de extens\u00e3o: CAPACITA\u00c7\u00c3O DOS PRODUTORES RURAIS DO ALTO OESTE POTIGUAR: o papel da pecu\u00e1ria leiteira para o desenvolvimento local<\/td>\n<td style=\"text-align: center;width: 43.8148%;height: 48px\">2021.2 a 2022.1<\/td>\n<\/tr>\n<tr style=\"height: 48px\">\n<td style=\"text-align: center;width: 25.1479%;height: 48px\">Larissa da Silva Ferreira Alves<\/td>\n<td style=\"text-align: center;width: 65.4828%;height: 48px\">Projeto de extens\u00e3o Caminhos para a reflex\u00e3o do planejamento urbano-regional no territ\u00f3rio do Semi\u00e1rido<\/td>\n<td style=\"text-align: center;width: 43.8148%;height: 48px\">2019.1 a 2019.2<\/td>\n<\/tr>\n<tr style=\"height: 48px\">\n<td style=\"text-align: center;width: 25.1479%;height: 48px\">Andreza Tacyana Felix Carvalho<\/td>\n<td style=\"text-align: center;width: 65.4828%;height: 48px\">Projeto de extens\u00e3o: Nosso ambiente no meio: di\u00e1logos, constru\u00e7\u00e3o de conhecimento e produ\u00e7\u00e3o de material para o ensino da geografia f\u00edsica<\/td>\n<td style=\"text-align: center;width: 43.8148%;height: 48px\">2019.1 a 2019.2<\/td>\n<\/tr>\n<tr style=\"height: 48px\">\n<td style=\"text-align: center;width: 25.1479%;height: 48px\">Luiz Eduardo do Nascimento Neto<\/td>\n<td style=\"text-align: center;width: 65.4828%;height: 48px\">Projeto de extens\u00e3o: Teatro para a Geografia<\/td>\n<td style=\"text-align: center;width: 43.8148%;height: 48px\">2020.1 a 2020.2<\/td>\n<\/tr>\n<tr style=\"height: 48px\">\n<td style=\"text-align: center;width: 25.1479%;height: 48px\">Luiz Eduardo do Nascimento Neto<\/td>\n<td style=\"text-align: center;width: 65.4828%;height: 48px\">Projeto de extens\u00e3o: Teatro para a Geografia<\/td>\n<td style=\"text-align: center;width: 43.8148%;height: 48px\">2019.1 a 2019.2<\/td>\n<\/tr>\n<\/tbody>\n<\/table>\n","protected":false},"excerpt":{"rendered":"<p>A\u00e7\u00f5es de Extens\u00e3o do Curso de Geografia\/CAPF COORDENADOR(A) ATIVIDADE DE EXTENS\u00c3O PER\u00cdODO Luiz Eduardo do Nascimento Neto Projeto: LENTES GEOGR\u00c1FICAS 2025 Agassiel de Medeiros Alves Projeto: IDENTIFICA\u00c7\u00c3O E CAPACITA\u00c7\u00c3O COMUNIT\u00c1RIA SOBRE AS POTENCIALIDADES DO TURISMO ECOL\u00d3GICO NO ALTO OESTE POTIGUAR Andreza Tacyana Felix Carvalho Projeto: MAPGEOSA\u00daDE: MAPEAMENTO DE \u00c1REAS PRIORIT\u00c1RIAS PARA INTERVEN\u00c7\u00d5ES SANIT\u00c1RIAS E PROMO\u00c7\u00c3O [&hellip;]<\/p>\n","protected":false},"author":15,"featured_media":0,"parent":0,"menu_order":0,"comment_status":"closed","ping_status":"closed","template":"","meta":{"footnotes":""},"class_list":["post-1339","page","type-page","status-publish","hentry"],"_links":{"self":[{"href":"https:\/\/portal.uern.br\/paudosferros\/dge\/wp-json\/wp\/v2\/pages\/1339","targetHints":{"allow":["GET"]}}],"collection":[{"href":"https:\/\/portal.uern.br\/paudosferros\/dge\/wp-json\/wp\/v2\/pages"}],"about":[{"href":"https:\/\/portal.uern.br\/paudosferros\/dge\/wp-json\/wp\/v2\/types\/page"}],"author":[{"embeddable":true,"href":"https:\/\/portal.uern.br\/paudosferros\/dge\/wp-json\/wp\/v2\/users\/15"}],"replies":[{"embeddable":true,"href":"https:\/\/portal.uern.br\/paudosferros\/dge\/wp-json\/wp\/v2\/comments?post=1339"}],"version-history":[{"count":5,"href":"https:\/\/portal.uern.br\/paudosferros\/dge\/wp-json\/wp\/v2\/pages\/1339\/revisions"}],"predecessor-version":[{"id":1378,"href":"https:\/\/portal.uern.br\/paudosferros\/dge\/wp-json\/wp\/v2\/pages\/1339\/revisions\/1378"}],"wp:attachment":[{"href":"https:\/\/portal.uern.br\/paudosferros\/dge\/wp-json\/wp\/v2\/media?parent=1339"}],"curies":[{"name":"wp","href":"https:\/\/api.w.org\/{rel}","templated":true}]}}