{"id":1047,"date":"2024-03-13T12:31:33","date_gmt":"2024-03-13T15:31:33","guid":{"rendered":"https:\/\/portal.uern.br\/paudosferros\/dge\/?page_id=1047"},"modified":"2026-01-15T10:44:04","modified_gmt":"2026-01-15T13:44:04","slug":"ex-docentes","status":"publish","type":"page","link":"https:\/\/portal.uern.br\/paudosferros\/dge\/ex-docentes\/","title":{"rendered":"Ex-Docentes"},"content":{"rendered":"<table style=\"border-collapse: collapse;width: 100%;height: 134px\">\n<tbody>\n<tr style=\"height: 312px\">\n<td style=\"width: 19.8554%;height: 134px\"><img fetchpriority=\"high\" decoding=\"async\" class=\"aligncenter size-medium\" src=\"http:\/\/servicosweb.cnpq.br\/wspessoa\/servletrecuperafoto?tipo=1&amp;id=K4756513H6\" width=\"1200\" height=\"1600\" \/><\/td>\n<td style=\"width: 80.1446%;height: 134px\"><a href=\"http:\/\/lattes.cnpq.br\/4702561250963938\"><strong>Profa. Dra. Edilma de Jesus Desid\u00e9rio<\/strong><\/a><\/p>\n<p>Contrato Provis\u00f3rio<\/p>\n<p>E-mail: <a href=\"mailto:professoraedijesus@gmail.com\">professoraedijesus@gmail.com\/<\/a><a href=\"mailto:edilmajesus@uern.br\">edilmajesus@uern.br\u00a0<\/a><\/p>\n<p>Curr\u00edculo Lattes: <a href=\"http:\/\/lattes.cnpq.br\/4702561250963938\">http:\/\/lattes.cnpq.br\/4702561250963938\u00a0<\/a><\/p>\n<p>Doutorado em Geografia, Universidad Nacional Aut\u00f3noma de M\u00e9xico. Mestrado em Estudos Populacionais e Pesquisa Social, Escola Nacional de Ci\u00eancias Estat\u00edsticas, IBGE. Foi Professora Titular na Universidad Intercultural del Estado de Puebla, Professora H\u00faesped, Universidad de Guadalajara e Professora Visitante, Universidade Federal de Alagoas. Participa nos Grupos de Pesquisa CLACSO Fronteras, Regionalizaci\u00f3n y Globalizaci\u00f3n; Grupo de Pesquisa Josu\u00e9 de Castro, PUC-Rio.<\/p>\n<p>\u00c1reas de Interesse (\u00e1reas de interesse de ensino e pesquisa)<br \/>\nLinhas de pesquisa que tem atuado: Migra\u00e7\u00e3o internacional e pol\u00edtica migrat\u00f3ria no M\u00e9xico, Migra\u00e7\u00e3o de retorno dos Estados Unidos ao M\u00e9xico, Pol\u00edtica educativa intercultural para povos ind\u00edgenas no M\u00e9xico, Interculturalidade e rela\u00e7\u00f5es \u00e9tnico-raciais e enfoque quilombola no Brasil.<\/td>\n<\/tr>\n<\/tbody>\n<\/table>\n<p>&nbsp;<\/p>\n<table style=\"border-collapse: collapse;width: 100%;height: 134px\">\n<tbody>\n<tr style=\"height: 312px\">\n<td style=\"width: 19.8554%;height: 134px\"><img decoding=\"async\" class=\"aligncenter size-medium\" src=\"http:\/\/servicosweb.cnpq.br\/wspessoa\/servletrecuperafoto?tipo=1&amp;id=K8035444E3\" width=\"3136\" height=\"4224\" \/><\/td>\n<td style=\"width: 80.1446%;height: 134px\"><a href=\"http:\/\/lattes.cnpq.br\/5587729521681688\" target=\"_blank\" rel=\"noopener\"><strong>Profa. Ma. Carla Camila Gomes Freitas<\/strong><\/a><\/p>\n<p>Contrato provis\u00f3rio<\/p>\n<p>E-mail: <a href=\"mailto:carlacamila@uern.br\" target=\"_blank\" rel=\"noopener\">carlacamila@uern.br<\/a><br \/>\nCurr\u00edculo Lattes: <a href=\"http:\/\/lattes.cnpq.br\/5587729521681688\" target=\"_blank\" rel=\"noopener\">http:\/\/lattes.cnpq.br\/5587729521681688<\/a><\/p>\n<p>Gradua\u00e7\u00e3o em Geografia pela Universidade do Estado do Rio Grande do Norte &#8211; UERN; Mestrado em Planejamento e Din\u00e2micas Territoriais no Semi\u00e1rido pela Universidade do Estado do Rio Grande do Norte &#8211; UERN.<\/p>\n<p>\u00c1reas de Interesse:<br \/>\nGeografia Humana<\/p>\n<pre><span style=\"font-family: Georgia, Times New Roman, Bitstream Charter, Times, serif\">\u00a0<\/span><\/pre>\n<p style=\"text-align: justify\">\n<\/td>\n<\/tr>\n<\/tbody>\n<\/table>\n<table style=\"border-collapse: collapse;width: 100%;height: 147px\">\n<tbody>\n<tr style=\"height: 312px\">\n<td style=\"width: 19.8554%;height: 147px\"><img decoding=\"async\" class=\"alignnone size-medium\" src=\"http:\/\/servicosweb.cnpq.br\/wspessoa\/servletrecuperafoto?tipo=1&amp;id=K4343950D6\" width=\"712\" height=\"1024\" \/><\/td>\n<td style=\"width: 80.1446%;height: 147px\">\n<pre><strong>Prof. Dr. Taynan Ara\u00fajo de Oliveira \r\n<\/strong>Contrato provis\u00f3rio\r\n<span style=\"font-family: inherit;font-size: inherit\">E-mail: <a href=\"mailto:taynan.araujo02@gmail.com\" target=\"_blank\" rel=\"noopener\">taynan.araujo02@gmail.com<\/a> <\/span>\r\nCurr\u00edculo Lattes: <a href=\"http:\/\/lattes.cnpq.br\/4852942367355511\" target=\"_blank\" rel=\"noopener\">http:\/\/lattes.cnpq.br\/4852942367355511<\/a><\/pre>\n<p style=\"text-align: justify\">\n<\/td>\n<\/tr>\n<\/tbody>\n<\/table>\n<p>&nbsp;<\/p>\n<table style=\"border-collapse: collapse;width: 100%;height: 190px\">\n<tbody>\n<tr style=\"height: 240px\">\n<td style=\"width: 19.8554%;height: 190px\">\n<pre><strong><img loading=\"lazy\" decoding=\"async\" class=\"alignnone size-medium\" src=\"http:\/\/servicosweb.cnpq.br\/wspessoa\/servletrecuperafoto?tipo=1&amp;id=K4258294P9\" width=\"995\" height=\"1326\" \/><\/strong><\/pre>\n<\/td>\n<td style=\"width: 80.1446%;height: 190px\">\n<pre><strong>Profa. Dra. Maria Los\u00e2ngela Martins de Sousa\r\n<\/strong>Efetivo(a)\r\n\r\nE-mail: <a href=\"mailto:mariasousa@uern.br\" target=\"_blank\" rel=\"noopener\">mariasousa@uern.br<\/a> \r\nCurr\u00edculo Lattes:\u00a0 <a href=\"http:\/\/lattes.cnpq.br\/3615081572913407\" target=\"_blank\" rel=\"noopener\">http:\/\/lattes.cnpq.br\/3615081572913407<\/a>\r\n<\/pre>\n<\/td>\n<\/tr>\n<\/tbody>\n<\/table>\n<p>&nbsp;<\/p>\n<hr \/>\n<table style=\"border-collapse: collapse;width: 100%;height: 234px\">\n<tbody>\n<tr style=\"height: 235px\">\n<td style=\"width: 19.8554%;height: 234px\"><img loading=\"lazy\" decoding=\"async\" class=\"alignnone size-medium\" src=\"http:\/\/servicosweb.cnpq.br\/wspessoa\/servletrecuperafoto?tipo=1&amp;id=K8219535P0\" width=\"401\" height=\"576\" \/><\/td>\n<td style=\"width: 80.1446%;height: 234px\">\n<pre><strong>Prof. Me. Di\u00eago Souza Albuquerque \r\n<\/strong>Contrato provis\u00f3rio\r\nE-mail: <a href=\"mailto:diealbuquerque07@gmail.com\" target=\"_blank\" rel=\"noopener\">diealbuquerque07@gmail.com<\/a>\r\nCurr\u00edculo Lattes: <a href=\"http:\/\/lattes.cnpq.br\/9289482981221724\" target=\"_blank\" rel=\"noopener\">http:\/\/lattes.cnpq.br\/9289482981221724<\/a><\/pre>\n<\/td>\n<\/tr>\n<\/tbody>\n<\/table>\n<hr \/>\n<table style=\"border-collapse: collapse;width: 100%;height: 234px\">\n<tbody>\n<tr style=\"height: 235px\">\n<td style=\"width: 19.8554%;height: 234px\"><img loading=\"lazy\" decoding=\"async\" class=\"alignnone size-medium\" src=\"http:\/\/servicosweb.cnpq.br\/wspessoa\/servletrecuperafoto?tipo=1&amp;id=K4496003Z7\" width=\"232\" height=\"319\" \/><\/td>\n<td style=\"width: 80.1446%;height: 234px\">\n<pre><strong>Profa. Me. Maria Graciane Pereira Nunes\r\n<\/strong>Contrato provis\u00f3rio\r\nE-mail: <a href=\"mailto:graciane1.nunes@hotmail.com\" target=\"_blank\" rel=\"noopener\">graciane1.nunes@hotmail.com<\/a> \r\nCurr\u00edculo Lattes: <a href=\"http:\/\/lattes.cnpq.br\/2810947405478603\" target=\"_blank\" rel=\"noopener\">http:\/\/lattes.cnpq.br\/2810947405478603<\/a><\/pre>\n<\/td>\n<\/tr>\n<\/tbody>\n<\/table>\n<hr \/>\n<table style=\"border-collapse: collapse;width: 100%;height: 177px\">\n<tbody>\n<tr style=\"height: 235px\">\n<td style=\"width: 19.8554%;height: 177px\"><img loading=\"lazy\" decoding=\"async\" class=\"alignnone size-medium\" src=\"http:\/\/servicosweb.cnpq.br\/wspessoa\/servletrecuperafoto?tipo=1&amp;id=K4362945E2\" width=\"1440\" height=\"2560\" \/><\/td>\n<td style=\"width: 80.1446%;height: 177px\">\n<pre><strong>Prof. Me. Francisco Edigley Mac\u00eado\r\n<\/strong>Contrato provis\u00f3rio\r\nE-mail: <a href=\"mailto:edigley99@gmail.com\" target=\"_blank\" rel=\"noopener\">edigley99@gmail.com<\/a>\r\nCurr\u00edculo Lattes: <a href=\"http:\/\/lattes.cnpq.br\/5262447431341358\" target=\"_blank\" rel=\"noopener\">http:\/\/lattes.cnpq.br\/5262447431341358<\/a><\/pre>\n<\/td>\n<\/tr>\n<\/tbody>\n<\/table>\n<hr \/>\n<p>&nbsp;<\/p>\n","protected":false},"excerpt":{"rendered":"<p>Profa. Dra. Edilma de Jesus Desid\u00e9rio Contrato Provis\u00f3rio E-mail: professoraedijesus@gmail.com\/edilmajesus@uern.br\u00a0 Curr\u00edculo Lattes: http:\/\/lattes.cnpq.br\/4702561250963938\u00a0 Doutorado em Geografia, Universidad Nacional Aut\u00f3noma de M\u00e9xico. Mestrado em Estudos Populacionais e Pesquisa Social, Escola Nacional de Ci\u00eancias Estat\u00edsticas, IBGE. Foi Professora Titular na Universidad Intercultural del Estado de Puebla, Professora H\u00faesped, Universidad de Guadalajara e Professora Visitante, Universidade Federal de [&hellip;]<\/p>\n","protected":false},"author":15,"featured_media":0,"parent":0,"menu_order":0,"comment_status":"closed","ping_status":"closed","template":"","meta":{"footnotes":""},"class_list":["post-1047","page","type-page","status-publish","hentry"],"_links":{"self":[{"href":"https:\/\/portal.uern.br\/paudosferros\/dge\/wp-json\/wp\/v2\/pages\/1047","targetHints":{"allow":["GET"]}}],"collection":[{"href":"https:\/\/portal.uern.br\/paudosferros\/dge\/wp-json\/wp\/v2\/pages"}],"about":[{"href":"https:\/\/portal.uern.br\/paudosferros\/dge\/wp-json\/wp\/v2\/types\/page"}],"author":[{"embeddable":true,"href":"https:\/\/portal.uern.br\/paudosferros\/dge\/wp-json\/wp\/v2\/users\/15"}],"replies":[{"embeddable":true,"href":"https:\/\/portal.uern.br\/paudosferros\/dge\/wp-json\/wp\/v2\/comments?post=1047"}],"version-history":[{"count":9,"href":"https:\/\/portal.uern.br\/paudosferros\/dge\/wp-json\/wp\/v2\/pages\/1047\/revisions"}],"predecessor-version":[{"id":1513,"href":"https:\/\/portal.uern.br\/paudosferros\/dge\/wp-json\/wp\/v2\/pages\/1047\/revisions\/1513"}],"wp:attachment":[{"href":"https:\/\/portal.uern.br\/paudosferros\/dge\/wp-json\/wp\/v2\/media?parent=1047"}],"curies":[{"name":"wp","href":"https:\/\/api.w.org\/{rel}","templated":true}]}}