{"id":806,"date":"2023-07-19T19:22:15","date_gmt":"2023-07-19T22:22:15","guid":{"rendered":"https:\/\/portal.uern.br\/paudosferros\/cienciaseconomicas\/?page_id=806"},"modified":"2023-07-19T19:22:15","modified_gmt":"2023-07-19T22:22:15","slug":"concluintes-2015-2","status":"publish","type":"page","link":"https:\/\/portal.uern.br\/paudosferros\/cienciaseconomicas\/concluintes-2015-2\/","title":{"rendered":"Concluintes 2015.2"},"content":{"rendered":"<p><strong>NOME:\u00a0<\/strong>ANA PAULA DE QUEIROZ<\/p>\n<p><strong>T\u00cdTULO:<\/strong>\u00a0A DIN\u00c2MICA DO COM\u00c9RCIO VAREJISTA EM PAU DOS FERROS\/RN: considera\u00e7\u00f5es sobre a recente expans\u00e3o do cr\u00e9dito e das formas de pagamento<\/p>\n<p><a href=\"http:\/\/www.uern.br\/controledepaginas\/Concluintes%202015.2\/arquivos\/6574versao_brochura._ana_paula._16.03.2015.pdf\" target=\"_blank\" rel=\"noopener\">Monografia Completa<\/a><\/p>\n<hr \/>\n<p><strong>NOME:<\/strong>\u00a0CAMILA RAFAELA ALVES AQUINO<\/p>\n<p><strong>T\u00cdTULO:<\/strong>\u00a0O SERVI\u00c7O DE MOTOT\u00c1XI NO MUNIC\u00cdPIO DE S\u00c3O MIGUEL-RN: UM ESTUDO SOBRE O PERFIL DO TRABALHADOR E AS CONDI\u00c7\u00d5ES DE TRABALHO<\/p>\n<p><a href=\"http:\/\/www.uern.br\/controledepaginas\/Concluintes%202015.2\/arquivos\/6574monografia_camila.pdf\" target=\"_blank\" rel=\"noopener\">Monografia Completa<\/a><\/p>\n<hr \/>\n<p><strong>NOME:<\/strong>\u00a0DANIELA FERNANDES DA COSTA<\/p>\n<p><strong>T\u00cdTULO:<\/strong>\u00a0AVALIA\u00c7\u00c3O DA SITUA\u00c7\u00c3O FISCO-FINANCEIRA DO MUNIC\u00cdPIO DE UIRA\u00daNA-PB NO PER\u00cdODO DE 2010 A 2013<\/p>\n<p><a href=\"http:\/\/www.uern.br\/controledepaginas\/Concluintes%202015.2\/arquivos\/6574monografia_final.pdf\" target=\"_blank\" rel=\"noopener\">Monografia Completa<\/a><\/p>\n<hr \/>\n<p><strong>NOME:<\/strong>\u00a0DENIS MORGAN RODRIGUES MORAIS<\/p>\n<p><strong>T\u00cdTULO:<\/strong>\u00a0A IND\u00daSTRIA DE CONFEC\u00c7\u00c3O EM S\u00c3O FRANCISCO DO OESTE\/RN: PERFIL, REESTRUTURA\u00c7\u00c3O PRODUTIVA E IMPLICA\u00c7\u00d5ES<\/p>\n<p><a href=\"http:\/\/www.uern.br\/controledepaginas\/Concluintes%202015.2\/arquivos\/6574denis_morgan_ultima_versu00e3o_apreciau00e7u00e3_final_em_26_de_fev_de_2015.pdf\" target=\"_blank\" rel=\"noopener\">Monografia Completa<\/a><\/p>\n<hr \/>\n<p><strong>NOME:<\/strong>\u00a0FL\u00c1VIA LAFAETE BATISTA DO NASCIMENTO<\/p>\n<p><strong>T\u00cdTULO:<\/strong>\u00a0UM ESTUDO SOBRE AS CAUSAS E EFEITOS DA DESINDUSTRIALIZA\u00c7\u00c3O BRASILEIRA NOS ANOS 1990-2010<\/p>\n<p><a href=\"http:\/\/www.uern.br\/controledepaginas\/Concluintes%202015.2\/arquivos\/6574flavia_=_monografia_final.pdf\" target=\"_blank\" rel=\"noopener\">Monografia Completa<\/a><\/p>\n<hr \/>\n<p><strong>NOME:<\/strong>\u00a0FRANCISCO DAS CHAGAS BARACHO<\/p>\n<p><strong>T\u00cdTULO:<\/strong>\u00a0AN\u00c1LISE DA OFERTA E DEMANDA DE \u00c1GUA DO MUNIC\u00cdPIO DE PAU DOS FERROS &#8211; RN<\/p>\n<p><a href=\"http:\/\/www.uern.br\/controledepaginas\/Concluintes%202015.2\/arquivos\/6574capas_monografia_franciso_14_mara%C2%A7o.pdf\" target=\"_blank\" rel=\"noopener\">Capas<\/a><\/p>\n<p><a href=\"http:\/\/www.uern.br\/controledepaginas\/Concluintes%202015.2\/arquivos\/6574baracho.pdf\" target=\"_blank\" rel=\"noopener\">Monografia\u00a0<\/a><\/p>\n<hr \/>\n<p><strong>NOME:<\/strong>\u00a0JOS\u00c9 LOUREN\u00c7O DE QUEIROZ<\/p>\n<p><strong>T\u00cdTULO:<\/strong>\u00a0DIN\u00c2MICA E RELA\u00c7\u00d5ES DE TRABALHO NO COM\u00c9RCIO VAREJISTA DO MUNIC\u00cdPIO DE S\u00c3O MIGUEL-RN<\/p>\n<p><a href=\"http:\/\/www.uern.br\/controledepaginas\/Concluintes%202015.2\/arquivos\/6574monografia_lourena%E2%80%A1o.pdf\" target=\"_blank\" rel=\"noopener\">Monografia Completa<\/a><\/p>\n<hr \/>\n<p><strong>NOME:<\/strong>\u00a0LINDOMAR NUNES DE ANDRADE<\/p>\n<p><strong>T\u00cdTULO:<\/strong>\u00a0POL\u00cdTICAS P\u00daBLICAS E INDICADORES SOCIOECON\u00d4MICOS: TIPOLOGIA E AN\u00c1LISE NO MUNIC\u00cdPIO DE CORONEL JO\u00c3O PESSOA-RN<\/p>\n<p><a href=\"http:\/\/www.uern.br\/controledepaginas\/Concluintes%202015.2\/arquivos\/6574lindomar.pdf\" target=\"_blank\" rel=\"noopener\">Monografia Completa<\/a><\/p>\n<hr \/>\n<p><strong>NOME:<\/strong>\u00a0LUCIMAR FERREIRA DE OLIVEIRA<\/p>\n<p><strong>T\u00cdTULO:<\/strong>\u00a0REESTRUTURA\u00c7\u00c3O PRODUTIVA NO BRASIL E A INSER\u00c7\u00c3O DO JOVEM NO MERCADO DE TRABALHO<\/p>\n<p><a href=\"http:\/\/www.uern.br\/controledepaginas\/Concluintes%202015.2\/arquivos\/6574monografia_lucimar.pdf\" target=\"_blank\" rel=\"noopener\">Monografia Completa<\/a><\/p>\n<hr \/>\n<p><strong>NOME:<\/strong>\u00a0LUNIA CELIA DE HOLANDA VAZ<\/p>\n<p><strong>T\u00cdTULO:<\/strong>\u00a0A EXPANS\u00c3O URBANA E AS POLIT\u00cdCAS HABITACIONAIS EM PAU DOS FERROS: O CASO DO PROGRAMA MINHA CASA MINHA VIDA<\/p>\n<p><a href=\"http:\/\/www.uern.br\/controledepaginas\/Concluintes%202015.2\/arquivos\/6574lunia_monografia_ultima_versa%C6%92o_12_de_mara%E2%80%A1o.pdf\" target=\"_blank\" rel=\"noopener\">Monografia Completa<\/a><\/p>\n<hr \/>\n<p><strong>NOME:<\/strong>\u00a0MARIA DO SOCORRO ALVES DE MOURA<\/p>\n<p><strong>T\u00cdTULO:\u00a0<\/strong>A INSER\u00c7\u00c3O DA MULHER NO TERCEIRO SETOR DA ECONOMIA: UM ESTUDO SOBRE A PARTICIPA\u00c7\u00c3O FEMININA NO EMPREGO P\u00daBLICO MUNICIPAL DE PEREIRO-CE<\/p>\n<p><a href=\"http:\/\/www.uern.br\/controledepaginas\/Concluintes%202015.2\/arquivos\/6574monografia_maria_do_socorro.pdf\" target=\"_blank\" rel=\"noopener\">Monografia Completa<\/a><\/p>\n<hr \/>\n<p><strong>NOME:<\/strong>\u00a0RAIRES ARIANA DE LIMA FERREIRA<\/p>\n<p><strong>T\u00cdTULO:<\/strong>\u00a0CONSIDERA\u00c7\u00d5ES SOBRE OS INVESTIMENTOS EXTERNOS DIRETOS (IED) NA ECONOMIA BRASILEIRA NO PER\u00cdODO DE (1990 \u2013 2010)<\/p>\n<p><a href=\"http:\/\/www.uern.br\/controledepaginas\/Concluintes%202015.2\/arquivos\/6574raires.pdf\" target=\"_blank\" rel=\"noopener\">Monografia Completa<\/a><\/p>\n<hr \/>\n<p><strong>NOME:<\/strong>\u00a0RAYSSA MAIA COSTA<\/p>\n<p><strong>T\u00cdTULO:<\/strong>\u00a0POL\u00cdTICAS P\u00daBLICAS E DESENVOLVIMENTO LOCAL: ESTUDO DE CASO DO MUNIC\u00cdPIO DE JOS\u00c9 DA PENHA \u2013 RN<\/p>\n<p><a href=\"http:\/\/www.uern.br\/controledepaginas\/Concluintes%202015.2\/arquivos\/6574monografia_final_rayssa_pdf.pdf\" target=\"_blank\" rel=\"noopener\">Monografia Completa<\/a><\/p>\n<hr \/>\n<p><strong>NOME:<\/strong>\u00a0SIMONE COSTA DE CARVALHO<\/p>\n<p><strong>T\u00cdTULO:<\/strong>\u00a0EFEITOS SOCIOECON\u00d4MICOS NA QUALIDADE DE VIDA DAS FAM\u00cdLIAS CONTEMPLADAS PELO BENEF\u00cdCIO DE PRESTA\u00c7\u00c3O CONTINUADA: O CASO DO MUNIC\u00cdPIO DE VENHA-VER\/RN (2004-2014).<\/p>\n<p><a href=\"http:\/\/www.uern.br\/controledepaginas\/Concluintes%202015.2\/arquivos\/6574monografia_simone.pdf\" target=\"_blank\" rel=\"noopener\">Monografia Completa<\/a><\/p>\n<hr \/>\n<p><strong>NOME:<\/strong>\u00a0WELLINGTON DE OLIVEIRA SILVA<\/p>\n<p><strong>T\u00cdTULO:<\/strong>\u00a0DESINDUSTRIALIZA\u00c7\u00c3O NO BRASIL (1980-1990): DIAGN\u00d3STICO E EVID\u00caNCIAS<\/p>\n<p><a href=\"http:\/\/www.uern.br\/controledepaginas\/Concluintes%202015.2\/arquivos\/6574monografia_finalizada_wellington.pdf\" target=\"_blank\" rel=\"noopener\">Monografia Completa<\/a><\/p>\n","protected":false},"excerpt":{"rendered":"<p>NOME:\u00a0ANA PAULA DE QUEIROZ T\u00cdTULO:\u00a0A DIN\u00c2MICA DO COM\u00c9RCIO VAREJISTA EM PAU DOS FERROS\/RN: considera\u00e7\u00f5es sobre a recente expans\u00e3o do cr\u00e9dito e das formas de pagamento Monografia Completa NOME:\u00a0CAMILA RAFAELA ALVES AQUINO T\u00cdTULO:\u00a0O SERVI\u00c7O DE MOTOT\u00c1XI NO MUNIC\u00cdPIO DE S\u00c3O MIGUEL-RN: UM ESTUDO SOBRE O PERFIL DO TRABALHADOR E AS CONDI\u00c7\u00d5ES DE TRABALHO Monografia Completa NOME:\u00a0DANIELA [&hellip;]<\/p>\n","protected":false},"author":1,"featured_media":0,"parent":0,"menu_order":0,"comment_status":"closed","ping_status":"closed","template":"","meta":{"footnotes":""},"class_list":["post-806","page","type-page","status-publish","hentry"],"_links":{"self":[{"href":"https:\/\/portal.uern.br\/paudosferros\/cienciaseconomicas\/wp-json\/wp\/v2\/pages\/806","targetHints":{"allow":["GET"]}}],"collection":[{"href":"https:\/\/portal.uern.br\/paudosferros\/cienciaseconomicas\/wp-json\/wp\/v2\/pages"}],"about":[{"href":"https:\/\/portal.uern.br\/paudosferros\/cienciaseconomicas\/wp-json\/wp\/v2\/types\/page"}],"author":[{"embeddable":true,"href":"https:\/\/portal.uern.br\/paudosferros\/cienciaseconomicas\/wp-json\/wp\/v2\/users\/1"}],"replies":[{"embeddable":true,"href":"https:\/\/portal.uern.br\/paudosferros\/cienciaseconomicas\/wp-json\/wp\/v2\/comments?post=806"}],"version-history":[{"count":1,"href":"https:\/\/portal.uern.br\/paudosferros\/cienciaseconomicas\/wp-json\/wp\/v2\/pages\/806\/revisions"}],"predecessor-version":[{"id":807,"href":"https:\/\/portal.uern.br\/paudosferros\/cienciaseconomicas\/wp-json\/wp\/v2\/pages\/806\/revisions\/807"}],"wp:attachment":[{"href":"https:\/\/portal.uern.br\/paudosferros\/cienciaseconomicas\/wp-json\/wp\/v2\/media?parent=806"}],"curies":[{"name":"wp","href":"https:\/\/api.w.org\/{rel}","templated":true}]}}