{"id":2220,"date":"2025-08-18T17:24:07","date_gmt":"2025-08-18T20:24:07","guid":{"rendered":"https:\/\/portal.uern.br\/paudosferros\/cienciaseconomicas\/?page_id=2220"},"modified":"2025-08-18T17:29:36","modified_gmt":"2025-08-18T20:29:36","slug":"viii-ciclo-de-estudos-e-debates","status":"publish","type":"page","link":"https:\/\/portal.uern.br\/paudosferros\/cienciaseconomicas\/viii-ciclo-de-estudos-e-debates\/","title":{"rendered":"VIII Ciclo de Estudos e Debates"},"content":{"rendered":"<p><img fetchpriority=\"high\" decoding=\"async\" class=\"aligncenter wp-image-2217 size-large\" src=\"https:\/\/portal.uern.br\/paudosferros\/cienciaseconomicas\/wp-content\/uploads\/sites\/4\/2025\/08\/WhatsApp-Image-2025-08-18-at-16.44.32-1024x768.jpeg\" alt=\"\" width=\"800\" height=\"600\" srcset=\"https:\/\/portal.uern.br\/paudosferros\/cienciaseconomicas\/wp-content\/uploads\/sites\/4\/2025\/08\/WhatsApp-Image-2025-08-18-at-16.44.32-1024x768.jpeg 1024w, https:\/\/portal.uern.br\/paudosferros\/cienciaseconomicas\/wp-content\/uploads\/sites\/4\/2025\/08\/WhatsApp-Image-2025-08-18-at-16.44.32-300x225.jpeg 300w, https:\/\/portal.uern.br\/paudosferros\/cienciaseconomicas\/wp-content\/uploads\/sites\/4\/2025\/08\/WhatsApp-Image-2025-08-18-at-16.44.32-768x576.jpeg 768w, https:\/\/portal.uern.br\/paudosferros\/cienciaseconomicas\/wp-content\/uploads\/sites\/4\/2025\/08\/WhatsApp-Image-2025-08-18-at-16.44.32-1536x1152.jpeg 1536w, https:\/\/portal.uern.br\/paudosferros\/cienciaseconomicas\/wp-content\/uploads\/sites\/4\/2025\/08\/WhatsApp-Image-2025-08-18-at-16.44.32-2048x1536.jpeg 2048w\" sizes=\"(max-width: 800px) 100vw, 800px\" \/><\/p>\n<p>O Departamento de Ci\u00eancias Econ\u00f4micas do Campus Avan\u00e7ado de Pau dos Ferros (CAPF\/UERN) realizou, no dia 12 de agosto de 2025, o <strong>VIII Ciclo de Estudos e Debates<\/strong>, evento que nesta edi\u00e7\u00e3o celebrou o <strong>Dia do Economista<\/strong>, comemorado em 13 de agosto.<\/p>\n<p>A atividade contou com a palestra <strong>\u201cEconomia Comportamental\u201d<\/strong>, conduzida pelos conselheiros do <strong>Conselho Regional de Economia do Rio Grande do Norte (CORECON\/RN)<\/strong>, Helder Cavalcanti e Ricardo Val\u00e9rio. Na ocasi\u00e3o, foram discutidos os principais fundamentos da economia comportamental, destacando como fatores psicol\u00f3gicos e sociais influenciam as decis\u00f5es econ\u00f4micas de indiv\u00edduos e organiza\u00e7\u00f5es.<\/p>\n<p>O evento reuniu estudantes, professores e profissionais da \u00e1rea, fortalecendo o di\u00e1logo entre a forma\u00e7\u00e3o acad\u00eamica e as pr\u00e1ticas profissionais da economia no estado. Segundo a organiza\u00e7\u00e3o, a iniciativa reafirma o compromisso do curso em promover debates atuais e relevantes para a forma\u00e7\u00e3o cr\u00edtica dos futuros economistas.<\/p>\n<p><img decoding=\"async\" class=\"alignnone wp-image-2223\" src=\"https:\/\/portal.uern.br\/paudosferros\/cienciaseconomicas\/wp-content\/uploads\/sites\/4\/2025\/08\/WhatsApp-Image-2025-08-18-at-16.43.53.jpeg\" alt=\"\" width=\"298\" height=\"483\" srcset=\"https:\/\/portal.uern.br\/paudosferros\/cienciaseconomicas\/wp-content\/uploads\/sites\/4\/2025\/08\/WhatsApp-Image-2025-08-18-at-16.43.53.jpeg 988w, https:\/\/portal.uern.br\/paudosferros\/cienciaseconomicas\/wp-content\/uploads\/sites\/4\/2025\/08\/WhatsApp-Image-2025-08-18-at-16.43.53-185x300.jpeg 185w, https:\/\/portal.uern.br\/paudosferros\/cienciaseconomicas\/wp-content\/uploads\/sites\/4\/2025\/08\/WhatsApp-Image-2025-08-18-at-16.43.53-632x1024.jpeg 632w, https:\/\/portal.uern.br\/paudosferros\/cienciaseconomicas\/wp-content\/uploads\/sites\/4\/2025\/08\/WhatsApp-Image-2025-08-18-at-16.43.53-768x1244.jpeg 768w, https:\/\/portal.uern.br\/paudosferros\/cienciaseconomicas\/wp-content\/uploads\/sites\/4\/2025\/08\/WhatsApp-Image-2025-08-18-at-16.43.53-948x1536.jpeg 948w\" sizes=\"(max-width: 298px) 100vw, 298px\" \/><img decoding=\"async\" class=\"alignnone wp-image-2222\" src=\"https:\/\/portal.uern.br\/paudosferros\/cienciaseconomicas\/wp-content\/uploads\/sites\/4\/2025\/08\/WhatsApp-Image-2025-08-18-at-16.43.52-711x1024.jpeg\" alt=\"\" width=\"304\" height=\"438\" srcset=\"https:\/\/portal.uern.br\/paudosferros\/cienciaseconomicas\/wp-content\/uploads\/sites\/4\/2025\/08\/WhatsApp-Image-2025-08-18-at-16.43.52-711x1024.jpeg 711w, https:\/\/portal.uern.br\/paudosferros\/cienciaseconomicas\/wp-content\/uploads\/sites\/4\/2025\/08\/WhatsApp-Image-2025-08-18-at-16.43.52-208x300.jpeg 208w, https:\/\/portal.uern.br\/paudosferros\/cienciaseconomicas\/wp-content\/uploads\/sites\/4\/2025\/08\/WhatsApp-Image-2025-08-18-at-16.43.52-768x1106.jpeg 768w, https:\/\/portal.uern.br\/paudosferros\/cienciaseconomicas\/wp-content\/uploads\/sites\/4\/2025\/08\/WhatsApp-Image-2025-08-18-at-16.43.52-1067x1536.jpeg 1067w, https:\/\/portal.uern.br\/paudosferros\/cienciaseconomicas\/wp-content\/uploads\/sites\/4\/2025\/08\/WhatsApp-Image-2025-08-18-at-16.43.52.jpeg 1079w\" sizes=\"(max-width: 304px) 100vw, 304px\" \/><img loading=\"lazy\" decoding=\"async\" class=\"alignnone wp-image-2221\" src=\"https:\/\/portal.uern.br\/paudosferros\/cienciaseconomicas\/wp-content\/uploads\/sites\/4\/2025\/08\/WhatsApp-Image-2025-08-18-at-16.43.53-1-637x1024.jpeg\" alt=\"\" width=\"298\" height=\"479\" srcset=\"https:\/\/portal.uern.br\/paudosferros\/cienciaseconomicas\/wp-content\/uploads\/sites\/4\/2025\/08\/WhatsApp-Image-2025-08-18-at-16.43.53-1-637x1024.jpeg 637w, https:\/\/portal.uern.br\/paudosferros\/cienciaseconomicas\/wp-content\/uploads\/sites\/4\/2025\/08\/WhatsApp-Image-2025-08-18-at-16.43.53-1-187x300.jpeg 187w, https:\/\/portal.uern.br\/paudosferros\/cienciaseconomicas\/wp-content\/uploads\/sites\/4\/2025\/08\/WhatsApp-Image-2025-08-18-at-16.43.53-1-768x1235.jpeg 768w, https:\/\/portal.uern.br\/paudosferros\/cienciaseconomicas\/wp-content\/uploads\/sites\/4\/2025\/08\/WhatsApp-Image-2025-08-18-at-16.43.53-1-955x1536.jpeg 955w, https:\/\/portal.uern.br\/paudosferros\/cienciaseconomicas\/wp-content\/uploads\/sites\/4\/2025\/08\/WhatsApp-Image-2025-08-18-at-16.43.53-1.jpeg 995w\" sizes=\"(max-width: 298px) 100vw, 298px\" \/><\/p>\n","protected":false},"excerpt":{"rendered":"<p>O Departamento de Ci\u00eancias Econ\u00f4micas do Campus Avan\u00e7ado de Pau dos Ferros (CAPF\/UERN) realizou, no dia 12 de agosto de 2025, o VIII Ciclo de Estudos e Debates, evento que nesta edi\u00e7\u00e3o celebrou o Dia do Economista, comemorado em 13 de agosto. A atividade contou com a palestra \u201cEconomia Comportamental\u201d, conduzida pelos conselheiros do Conselho [&hellip;]<\/p>\n","protected":false},"author":20,"featured_media":0,"parent":0,"menu_order":0,"comment_status":"closed","ping_status":"closed","template":"","meta":{"footnotes":""},"class_list":["post-2220","page","type-page","status-publish","hentry"],"_links":{"self":[{"href":"https:\/\/portal.uern.br\/paudosferros\/cienciaseconomicas\/wp-json\/wp\/v2\/pages\/2220","targetHints":{"allow":["GET"]}}],"collection":[{"href":"https:\/\/portal.uern.br\/paudosferros\/cienciaseconomicas\/wp-json\/wp\/v2\/pages"}],"about":[{"href":"https:\/\/portal.uern.br\/paudosferros\/cienciaseconomicas\/wp-json\/wp\/v2\/types\/page"}],"author":[{"embeddable":true,"href":"https:\/\/portal.uern.br\/paudosferros\/cienciaseconomicas\/wp-json\/wp\/v2\/users\/20"}],"replies":[{"embeddable":true,"href":"https:\/\/portal.uern.br\/paudosferros\/cienciaseconomicas\/wp-json\/wp\/v2\/comments?post=2220"}],"version-history":[{"count":5,"href":"https:\/\/portal.uern.br\/paudosferros\/cienciaseconomicas\/wp-json\/wp\/v2\/pages\/2220\/revisions"}],"predecessor-version":[{"id":2230,"href":"https:\/\/portal.uern.br\/paudosferros\/cienciaseconomicas\/wp-json\/wp\/v2\/pages\/2220\/revisions\/2230"}],"wp:attachment":[{"href":"https:\/\/portal.uern.br\/paudosferros\/cienciaseconomicas\/wp-json\/wp\/v2\/media?parent=2220"}],"curies":[{"name":"wp","href":"https:\/\/api.w.org\/{rel}","templated":true}]}}