{"id":1553,"date":"2025-01-10T11:04:02","date_gmt":"2025-01-10T14:04:02","guid":{"rendered":"https:\/\/portal.uern.br\/paudosferros\/cienciaseconomicas\/?page_id=1553"},"modified":"2026-03-30T09:17:13","modified_gmt":"2026-03-30T12:17:13","slug":"orientacao-academica-2","status":"publish","type":"page","link":"https:\/\/portal.uern.br\/paudosferros\/cienciaseconomicas\/orientacao-academica-2\/","title":{"rendered":"Orienta\u00e7\u00e3o Acad\u00eamica"},"content":{"rendered":"<p><a href=\"https:\/\/portal.uern.br\/paudosferros\/cienciaseconomicas\/whatsapp-image-2026-03-25-at-10-45-29\/\"><img fetchpriority=\"high\" decoding=\"async\" class=\"wp-image-2376 size-large aligncenter\" src=\"https:\/\/portal.uern.br\/paudosferros\/cienciaseconomicas\/wp-content\/uploads\/sites\/4\/2026\/03\/WhatsApp-Image-2026-03-25-at-10.45.29-1024x1017.jpeg\" alt=\"\" width=\"800\" height=\"795\" srcset=\"https:\/\/portal.uern.br\/paudosferros\/cienciaseconomicas\/wp-content\/uploads\/sites\/4\/2026\/03\/WhatsApp-Image-2026-03-25-at-10.45.29-1024x1017.jpeg 1024w, https:\/\/portal.uern.br\/paudosferros\/cienciaseconomicas\/wp-content\/uploads\/sites\/4\/2026\/03\/WhatsApp-Image-2026-03-25-at-10.45.29-300x298.jpeg 300w, https:\/\/portal.uern.br\/paudosferros\/cienciaseconomicas\/wp-content\/uploads\/sites\/4\/2026\/03\/WhatsApp-Image-2026-03-25-at-10.45.29-150x150.jpeg 150w, https:\/\/portal.uern.br\/paudosferros\/cienciaseconomicas\/wp-content\/uploads\/sites\/4\/2026\/03\/WhatsApp-Image-2026-03-25-at-10.45.29-768x763.jpeg 768w, https:\/\/portal.uern.br\/paudosferros\/cienciaseconomicas\/wp-content\/uploads\/sites\/4\/2026\/03\/WhatsApp-Image-2026-03-25-at-10.45.29.jpeg 1080w\" sizes=\"(max-width: 800px) 100vw, 800px\" \/><\/a><\/p>\n<p class=\"western\" align=\"justify\"><b>ORIENTA\u00c7\u00c3O ACAD\u00caMICA DO CURSO DE CI\u00caNCIAS ECON\u00d4MICAS-DEC\/CAPF\/UERN<\/b><\/p>\n<p class=\"western\" align=\"justify\">Orientadora Acad\u00eamica: Prof\u00aa Dra. Vanuza Maria Pontes Sena<\/p>\n<p class=\"western\" align=\"justify\">Contato: (84) 9 9916-6026<\/p>\n<p class=\"western\" align=\"justify\"><span style=\"font-size: medium\">E-mail Institucional: <\/span><a href=\"mailto:vanuzasena@uern.br\"><span style=\"color: #000000\"><span style=\"font-size: medium\"><span lang=\"pt-BR\">vanuzasena@uern.br<\/span><\/span><\/span><\/a><\/p>\n<h3 data-section-id=\"1569mt0\" data-start=\"312\" data-end=\"369\">\ud83d\udccc Em conformidade com o Art. 63 do Regulamento dos Cursos de Gradua\u00e7\u00e3o da UERN, constituem atribui\u00e7\u00f5es do orientador acad\u00eamico:<\/h3>\n<p><span style=\"font-family: arial, helvetica, sans-serif\">I. Acompanhar o desenvolvimento acad\u00eamico dos alunos sob sua orienta\u00e7\u00e3o;<\/span><\/p>\n<p><span style=\"font-family: arial, helvetica, sans-serif\">II. Planejar, junto aos alunos, considerando a programa\u00e7\u00e3o acad\u00eamica do curso, fluxo curricular compat\u00edvel com seus interesses e possibilidades de desempenho acad\u00eamico, quando for o caso;<\/span><\/p>\n<p><span style=\"font-family: arial, helvetica, sans-serif\">III. Orientar a tomada de decis\u00f5es relativas \u00e0 matr\u00edcula, trancamentos e outros atos de interesse acad\u00eamico;\u00a0<\/span><\/p>\n<p><span style=\"font-family: arial, helvetica, sans-serif\">IV. Apresentar aos alunos o PPC e a estrutura universit\u00e1ria;\u00a0<\/span><\/p>\n<p><span style=\"font-family: arial, helvetica, sans-serif\">V. Atuar como membro nato da Comiss\u00e3o de NDE;\u00a0<\/span><\/p>\n<p><span style=\"font-family: arial, helvetica, sans-serif\">VI. Disponibilizar, ao Departamento Acad\u00eamico, as informa\u00e7\u00f5es necess\u00e1rias para o fim de subsidiar a oferta de componentes curriculares, bem como as prioridades relativas ao Programa Institucional de Monitoria (PIM), no semestre letivo;\u00a0<\/span><\/p>\n<p><span style=\"font-family: arial, helvetica, sans-serif\">VII. Acompanhar, junto ao aluno, o desenvolvimento das atividades complementares por meio de controle e registro no Sistema de Administra\u00e7\u00e3o Escolar;<\/span><\/p>\n<p><span style=\"font-family: arial, helvetica, sans-serif\">VIII. Apresentar, semestralmente, \u00e0 plen\u00e1ria departamental, diagn\u00f3stico do processo formativo-acad\u00eamico referente ao grupo de alunos sob sua orienta\u00e7\u00e3o;\u00a0<\/span><\/p>\n<p><span style=\"font-family: arial, helvetica, sans-serif\">IX. Conduzir processos de aproveitamento de estudos;\u00a0<\/span><\/p>\n<p><span style=\"font-family: arial, helvetica, sans-serif\">X. Atuar como membro nato da comiss\u00e3o departamental de avalia\u00e7\u00e3o de processo seletivo de vagas n\u00e3o iniciais.\u00a0<\/span><\/p>\n","protected":false},"excerpt":{"rendered":"<p>ORIENTA\u00c7\u00c3O ACAD\u00caMICA DO CURSO DE CI\u00caNCIAS ECON\u00d4MICAS-DEC\/CAPF\/UERN Orientadora Acad\u00eamica: Prof\u00aa Dra. Vanuza Maria Pontes Sena Contato: (84) 9 9916-6026 E-mail Institucional: vanuzasena@uern.br \ud83d\udccc Em conformidade com o Art. 63 do Regulamento dos Cursos de Gradua\u00e7\u00e3o da UERN, constituem atribui\u00e7\u00f5es do orientador acad\u00eamico: I. Acompanhar o desenvolvimento acad\u00eamico dos alunos sob sua orienta\u00e7\u00e3o; II. Planejar, junto [&hellip;]<\/p>\n","protected":false},"author":20,"featured_media":0,"parent":0,"menu_order":0,"comment_status":"closed","ping_status":"closed","template":"","meta":{"footnotes":""},"class_list":["post-1553","page","type-page","status-publish","hentry"],"_links":{"self":[{"href":"https:\/\/portal.uern.br\/paudosferros\/cienciaseconomicas\/wp-json\/wp\/v2\/pages\/1553","targetHints":{"allow":["GET"]}}],"collection":[{"href":"https:\/\/portal.uern.br\/paudosferros\/cienciaseconomicas\/wp-json\/wp\/v2\/pages"}],"about":[{"href":"https:\/\/portal.uern.br\/paudosferros\/cienciaseconomicas\/wp-json\/wp\/v2\/types\/page"}],"author":[{"embeddable":true,"href":"https:\/\/portal.uern.br\/paudosferros\/cienciaseconomicas\/wp-json\/wp\/v2\/users\/20"}],"replies":[{"embeddable":true,"href":"https:\/\/portal.uern.br\/paudosferros\/cienciaseconomicas\/wp-json\/wp\/v2\/comments?post=1553"}],"version-history":[{"count":9,"href":"https:\/\/portal.uern.br\/paudosferros\/cienciaseconomicas\/wp-json\/wp\/v2\/pages\/1553\/revisions"}],"predecessor-version":[{"id":2425,"href":"https:\/\/portal.uern.br\/paudosferros\/cienciaseconomicas\/wp-json\/wp\/v2\/pages\/1553\/revisions\/2425"}],"wp:attachment":[{"href":"https:\/\/portal.uern.br\/paudosferros\/cienciaseconomicas\/wp-json\/wp\/v2\/media?parent=1553"}],"curies":[{"name":"wp","href":"https:\/\/api.w.org\/{rel}","templated":true}]}}