{"id":1440,"date":"2025-01-07T09:58:07","date_gmt":"2025-01-07T12:58:07","guid":{"rendered":"https:\/\/portal.uern.br\/paudosferros\/cienciaseconomicas\/?page_id=1440"},"modified":"2025-01-07T09:58:07","modified_gmt":"2025-01-07T12:58:07","slug":"seminario-de-monografias","status":"publish","type":"page","link":"https:\/\/portal.uern.br\/paudosferros\/cienciaseconomicas\/seminario-de-monografias\/","title":{"rendered":"Semin\u00e1rio de Monografias"},"content":{"rendered":"<p class=\"western\" align=\"justify\"><span style=\"font-size: 12pt\"><span lang=\"pt-BR\">O <strong>Semin\u00e1rio de Monografias do Curso de Ci\u00eancias Econ\u00f4micas da UERN, Campus Pau dos Ferros<\/strong>, \u00e9 um momento especial que celebra o encerramento de um ciclo acad\u00eamico com a apresenta\u00e7\u00e3o dos trabalhos de conclus\u00e3o de curso. As defesas destacam a dedica\u00e7\u00e3o dos discentes, o acompanhamento dos orientadores e a riqueza de temas abordados, refletindo o compromisso do curso com a excel\u00eancia acad\u00eamica e a contribui\u00e7\u00e3o para o desenvolvimento regional.<\/span><\/span><\/p>\n","protected":false},"excerpt":{"rendered":"<p>O Semin\u00e1rio de Monografias do Curso de Ci\u00eancias Econ\u00f4micas da UERN, Campus Pau dos Ferros, \u00e9 um momento especial que celebra o encerramento de um ciclo acad\u00eamico com a apresenta\u00e7\u00e3o dos trabalhos de conclus\u00e3o de curso. As defesas destacam a dedica\u00e7\u00e3o dos discentes, o acompanhamento dos orientadores e a riqueza de temas abordados, refletindo o [&hellip;]<\/p>\n","protected":false},"author":20,"featured_media":0,"parent":0,"menu_order":0,"comment_status":"closed","ping_status":"closed","template":"","meta":{"footnotes":""},"class_list":["post-1440","page","type-page","status-publish","hentry"],"_links":{"self":[{"href":"https:\/\/portal.uern.br\/paudosferros\/cienciaseconomicas\/wp-json\/wp\/v2\/pages\/1440","targetHints":{"allow":["GET"]}}],"collection":[{"href":"https:\/\/portal.uern.br\/paudosferros\/cienciaseconomicas\/wp-json\/wp\/v2\/pages"}],"about":[{"href":"https:\/\/portal.uern.br\/paudosferros\/cienciaseconomicas\/wp-json\/wp\/v2\/types\/page"}],"author":[{"embeddable":true,"href":"https:\/\/portal.uern.br\/paudosferros\/cienciaseconomicas\/wp-json\/wp\/v2\/users\/20"}],"replies":[{"embeddable":true,"href":"https:\/\/portal.uern.br\/paudosferros\/cienciaseconomicas\/wp-json\/wp\/v2\/comments?post=1440"}],"version-history":[{"count":1,"href":"https:\/\/portal.uern.br\/paudosferros\/cienciaseconomicas\/wp-json\/wp\/v2\/pages\/1440\/revisions"}],"predecessor-version":[{"id":1442,"href":"https:\/\/portal.uern.br\/paudosferros\/cienciaseconomicas\/wp-json\/wp\/v2\/pages\/1440\/revisions\/1442"}],"wp:attachment":[{"href":"https:\/\/portal.uern.br\/paudosferros\/cienciaseconomicas\/wp-json\/wp\/v2\/media?parent=1440"}],"curies":[{"name":"wp","href":"https:\/\/api.w.org\/{rel}","templated":true}]}}