{"id":679,"date":"2023-07-19T20:08:21","date_gmt":"2023-07-19T23:08:21","guid":{"rendered":"https:\/\/portal.uern.br\/paudosferros\/administracao\/?page_id=679"},"modified":"2023-07-19T20:08:21","modified_gmt":"2023-07-19T23:08:21","slug":"ano-2020","status":"publish","type":"page","link":"https:\/\/portal.uern.br\/paudosferros\/administracao\/ano-2020\/","title":{"rendered":"Ano 2020"},"content":{"rendered":"<table>\n<tbody>\n<tr>\n<td>T\u00edtulo<\/td>\n<td>Aluno(a)<\/td>\n<td>Orientador(a)<\/td>\n<\/tr>\n<tr>\n<td><a href=\"http:\/\/www.uern.br\/controledepaginas\/ano-2020\/arquivos\/6692tcc_alison_leite.pdf\">PLANO DE MARKETING APLICADO \u00c0 UMA EMPRESA VAREJISTA DE CAL\u00c7ADOS LOCALIZADA NA CIDADE DE DOUTOR SEVERIANO-RN<\/a><\/td>\n<td>Ant\u00f4nio Alison Leite de Oliveira<\/td>\n<td>Elis Regina Monte Feitosa<\/td>\n<\/tr>\n<tr>\n<td><a href=\"http:\/\/www.uern.br\/controledepaginas\/ano-2020\/arquivos\/6692tcc_andra%E2%80%B0_luiz_correia.pdf\">CONFIAN\u00c7A E COMPROMETIMENTO ORGANIZACIONAL EM UMA EMPRESA DE TELECOMUNICA\u00c7\u00d5ES.<\/a><\/td>\n<td>Andr\u00e9 Luiz Correia<\/td>\n<td>Juliana Carvalho de Sousa<\/td>\n<\/tr>\n<tr>\n<td><a href=\"http:\/\/www.uern.br\/controledepaginas\/ano-2020\/arquivos\/6692tcc_anderson_figueiredo.pdf\">O MARKETING 4.0 APLICADO AS MICRO E PEQUENAS EMPRESAS: UM ESTUDO EM UMA OFICINA MEC\u00c2NICA NO ALTO OESTE POTIGUAR<\/a><\/td>\n<td>Anderson Figueiredo Alves<\/td>\n<td>Elis Regina Monte Feitosa<\/td>\n<\/tr>\n<tr>\n<td><a href=\"http:\/\/www.uern.br\/controledepaginas\/ano-2020\/arquivos\/6692tcc_josa%C2%A9_jerton_de_lima_queiroz.pdf\">COMPROMETIMENTO ORGANIZACIONAL: ESTUDO REALIZADO EM UM SUPERMERCADO POTIGUAR<\/a><\/td>\n<td>Jos\u00e9 Jerton de Lima Queiroz<\/td>\n<td>Juliana Carvalho de Sousa<\/td>\n<\/tr>\n<tr>\n<td><a href=\"http:\/\/www.uern.br\/controledepaginas\/ano-2020\/arquivos\/6692tcc_marcia_patricia_araujo_souza.pdf\">GEST\u00c3O DE ESTOQUE: AN\u00c1LISE DA RUPTURA DE ESTOQUE EM UM SUPERMERCADO DE PEQUENO PORTE NA CIDADE DE TABOLEIRO GRANDE &#8211; RN<\/a><\/td>\n<td>M\u00e1rcia Patr\u00edcia Ara\u00fajo Souza<\/td>\n<td>Elis Regina Monte Feitosa<\/td>\n<\/tr>\n<tr>\n<td><a href=\"http:\/\/www.uern.br\/controledepaginas\/ano-2020\/arquivos\/6692tcc_josa%C2%A9_luiz_nobre_borges_(1).pdf\">PANDEMIA COVID-19 E A S\u00cdNDROME DE BURNOUT NOS AGENTES COMUNIT\u00c1RIOS DE SA\u00daDE<\/a><\/td>\n<td>Jos\u00e9 Luiz Nobre Borges<\/td>\n<td>Juliana Carvalho de Sousa<\/td>\n<\/tr>\n<tr>\n<td><a href=\"http:\/\/www.uern.br\/controledepaginas\/ano-2020\/arquivos\/6692tcc_wellyson_almeida.pdf\">GEST\u00c3O FINANCEIRA: UM ESTUDO DE CASO NUMA EMPRESA DE MATERIAIS DE CONSTRU\u00c7\u00c3O LOCALIZADA EM \u00c1GUA NOVA &#8211; RN<\/a><\/td>\n<td>Wellyson Alves de Almeida<\/td>\n<td>Elis Regina Monte Feitosa<\/td>\n<\/tr>\n<tr>\n<td><a href=\"http:\/\/www.uern.br\/controledepaginas\/ano-2020\/arquivos\/6692tcc_maria_c._magali_s_silva.pdf\">O ENGAJAMENTO E A RESILI\u00caNCIA HUMANA NUMA LOJA DO VAREJO DE MODA<\/a><\/td>\n<td>Maria da Concei\u00e7\u00e3o Magali de S. Silva<\/td>\n<td>Juliana Carvalho de Sousa<\/td>\n<\/tr>\n<tr>\n<td><a href=\"http:\/\/www.uern.br\/controledepaginas\/ano-2020\/arquivos\/6692tcc_amanda_vita%C2%B3ria.pdf\">REDE DE COOPERA\u00c7\u00c3O COMO DIFERENCIAL COMPETITIVO: UM ESTUDO EM UMA REDE DE SUPERMERCADOS NO ALTO OESTE POTIGUAR<\/a><\/td>\n<td>Amanda Vit\u00f3ria Aguiar<\/td>\n<td>Geison Calyo Varela de Melo<\/td>\n<\/tr>\n<tr>\n<td><a href=\"http:\/\/www.uern.br\/controledepaginas\/ano-2020\/arquivos\/6692tcc_dhonatan_wallen.pdf\">EXPERI\u00caNCIA DO USU\u00c1RIO: UMA AN\u00c1LISE SOBRE O APLICATIVO MOBILE BANKING DE UMA INSTITUI\u00c7\u00c3O BANC\u00c1RIA<\/a><\/td>\n<td>Dhonath Wallen Alves da Silva<\/td>\n<td>Mariana Ferreira Pessoa<\/td>\n<\/tr>\n<tr>\n<td><a href=\"http:\/\/www.uern.br\/controledepaginas\/ano-2020\/arquivos\/6692tcc_francisco_jefferson_negreiros_rufino.pdf\">COMUNICA\u00c7\u00c3O INTERNA E SUA CONTRIBUI\u00c7\u00c3O PARA A MELHORIA DAS RELA\u00c7\u00d5ES DE TRABALHO: AN\u00c1LISE EM UMA INSTITUI\u00c7\u00c3O P\u00daBLICA DE SA\u00daDE DO RIO GRANDE DO NORT<\/a>E<\/td>\n<td>Francisco Jefferson N. Rufino<\/td>\n<td>Geison Calyo Varela de Melo<\/td>\n<\/tr>\n<tr>\n<td><a href=\"http:\/\/www.uern.br\/controledepaginas\/ano-2020\/arquivos\/6692tcc_werlania_vanessa.pdf\">SATISFA\u00c7\u00c3O DOS CLIENTES: UM ESTUDO EM UM COM\u00c9RCIO VAREJISTA NO ALTO OESTE POTIGUAR<\/a><\/td>\n<td>Werl\u00e2nia Vanessa Fran\u00e7a Costa<\/td>\n<td>Mariana Ferreira Pessoa<\/td>\n<\/tr>\n<tr>\n<td><a href=\"http:\/\/www.uern.br\/controledepaginas\/ano-2020\/arquivos\/6692tcc_mariaeliza%C2%A2niachavesvalentim.pdf\">GEST\u00c3O FINANCEIRA E INADIMPL\u00caNCIA: UM ESTUDO EM UMA \u00d3TICA DO ALTO OESTE POTIGUAR<\/a><\/td>\n<td>Maria Eliz\u00e2nia Chaves Valentim<\/td>\n<td>Geison Calyo Varela de Melo<\/td>\n<\/tr>\n<tr>\n<td><a href=\"http:\/\/www.uern.br\/controledepaginas\/ano-2020\/arquivos\/6692tcc_silmara_bruna.pdf\">SATISFA\u00c7\u00c3O DOS CLIENTES ACERCA DA QUALIDADE DOS SERVI\u00c7OS PRESTADOS POR UM PET SHOP NA CIDADE DE PAU DOS FERROS\/RN.<\/a><\/td>\n<td>Silmara Bruna de Oliveira<\/td>\n<td>Mariana Ferreira Pessoa<\/td>\n<\/tr>\n<tr>\n<td><a href=\"http:\/\/www.uern.br\/controledepaginas\/ano-2020\/arquivos\/6692tcc_maria_de_fa%C2%A1tima_do_rego_bezerra.pdf\">COMPORTAMENTO INOVADOR: ESTUDO EM UMA EMPRESA DE TELECOMUNICA\u00c7\u00d5ES NO CEAR\u00c1<\/a><\/td>\n<td>Maria de F\u00e1tima do Rego Bezerra<\/td>\n<td>Geison Calyo Varela de Melo<\/td>\n<\/tr>\n<tr>\n<td><a href=\"http:\/\/www.uern.br\/controledepaginas\/ano-2020\/arquivos\/6692tcc_maria_januse_(1).pdf\">PLANEJAMENTO ESTRAT\u00c9GICO COMO FERRAMENTA DE GEST\u00c3O EM UMA PEQUENA EMPRESA NO RIO GRANDE DO NORTE<\/a><\/td>\n<td>Maria Januse Martins Alves<\/td>\n<td>Mariana Ferreira Pessoa<\/td>\n<\/tr>\n<tr>\n<td><a href=\"http:\/\/www.uern.br\/controledepaginas\/ano-2020\/arquivos\/6692tcc_genival_cosmo_dos_santos_janiorr.pdf\">INOVA\u00c7\u00c3O EM TURISMO RELIGIOSO: UM ESTUDO NO SANTU\u00c1RIO DO LIMA -PATU\/RN<\/a><\/td>\n<td>Genival Cosmo dos Santos J\u00fanior<\/td>\n<td>Edivaldo Rabelo de Menezes<\/td>\n<\/tr>\n<tr>\n<td><a href=\"http:\/\/www.uern.br\/controledepaginas\/ano-2020\/arquivos\/6692tcc_andreilton_alves_(1).pdf\">COMUNICA\u00c7\u00c3O INTERNA NA ADMINISTRA\u00c7\u00c3O P\u00daBLICA: UM ESTUDO EM UMA PREFEITURA DO ALTO OESTE POTIGUAR<\/a><\/td>\n<td>Andreilton Alves de Souza<\/td>\n<td>Lucas Andrade de Morais<\/td>\n<\/tr>\n<tr>\n<td>CARREIRA DO ADMINISTRADOR: ATUA\u00c7\u00d5ES E PERSPECTIVAS DO (A) EGRESSO (A) DE UMA INSTITUI\u00c7\u00c3O P\u00daBLICA NO RIO GRANDE DO NORTE<\/td>\n<td>Kelly Cristina Dantas da Silva<\/td>\n<td>Sidneia Maia de Oliveira Rego<\/td>\n<\/tr>\n<tr>\n<td><a href=\"http:\/\/www.uern.br\/controledepaginas\/ano-2020\/arquivos\/6692tcc_antonio_alves_moreira_neto.pdf\">AN\u00c1LISE DAS MODALIDADES DO PREG\u00c3O PRESENCIAL E ELETR\u00d4NICO NO MUNICIPIO DE RIACHO DE SANTANA\/RN<\/a><\/td>\n<td>Ant\u00f4nio Alves Moreira Neto<\/td>\n<td>Lucas Andrade de Morais<\/td>\n<\/tr>\n<tr>\n<td><a href=\"http:\/\/www.uern.br\/controledepaginas\/ano-2020\/arquivos\/6692tcc_alexandre_talles_de_lira_almeida.pdf\">SATISFA\u00c7\u00c3O NO TRABALHO: UM ESTUDO EM UMA PREFEITURA DO ALTO OESTE POTIGUAR<\/a><\/td>\n<td>Alexandre Talles de Lira Almeida<\/td>\n<td>Jos\u00e9 Vivaldo Machado Fernandes Junior<\/td>\n<\/tr>\n<tr>\n<td><a href=\"http:\/\/www.uern.br\/controledepaginas\/ano-2020\/arquivos\/6692tcc_eduardo_ferreira_rodrigues.pdf\">CONSUMIDOR NO VAREJO: CONSTRUCTOS DETERMINANTES DE SATISFA\u00c7\u00c3O NO MERCADO VAREJISTA<\/a><\/td>\n<td>Eduardo Ferreira Rodrigues<\/td>\n<td>Mayara Muniz de Oliveira<\/td>\n<\/tr>\n<tr>\n<td><a href=\"http:\/\/www.uern.br\/controledepaginas\/ano-2020\/arquivos\/6692tcc_bruna_gabriela.pdf\">A AVALIA\u00c7\u00c3O DO CLIMA ORGANIZACIONAL EM UMA INSTITUI\u00c7\u00c3O DE ENSINO SUPERIOR DE PAU DOS FERROS\/RN<\/a><\/td>\n<td>Bruna Gabriela Fernandes Medeiros<\/td>\n<td>Jos\u00e9 Vivaldo Machado Fernandes Junior<\/td>\n<\/tr>\n<tr>\n<td><a href=\"http:\/\/www.uern.br\/controledepaginas\/ano-2020\/arquivos\/6692tcc_maria_margarida_souza_silva.pdf\">O MARKETING DE RELACIONAMENTO COMO FERRAMENTA ESTRAT\u00c9GICA NO SETOR DO VAREJO<\/a><\/td>\n<td>Maria Margarida Souza Silva<\/td>\n<td>Mayara Muniz de Oliveira<\/td>\n<\/tr>\n<tr>\n<td><a href=\"http:\/\/www.uern.br\/controledepaginas\/ano-2020\/arquivos\/6692tcc_daniela_lunara_de_souza_silva.pdf\">QUALIDADE DOS SERVI\u00c7OS EDUCACIONAIS: UMA AN\u00c1LISE SERVQUAL EU UM CAMPUS DO IFRN.<\/a><\/td>\n<td>Daniela Lunara de Souza Silva<\/td>\n<td>Sidneia Maia de Oliveira Rego<\/td>\n<\/tr>\n<tr>\n<td><a href=\"http:\/\/www.uern.br\/controledepaginas\/ano-2020\/arquivos\/6692tcc_francisca_jane_fa%C2%A9lix_da_costa.pdf\">COM\u00c9RCIO ELETR\u00d4NICO: PERCEP\u00c7\u00d5ES DOS EMPRES\u00c1RIOS DO SEGMENTO DE M\u00d3VEIS EM PAU DOS FERROS\/RN<\/a><\/td>\n<td>Francisca Jane F\u00e9lix da Costa<\/td>\n<td>Sidneia Maia de Oliveira Rego<\/td>\n<\/tr>\n<\/tbody>\n<\/table>\n","protected":false},"excerpt":{"rendered":"<p>T\u00edtulo Aluno(a) Orientador(a) PLANO DE MARKETING APLICADO \u00c0 UMA EMPRESA VAREJISTA DE CAL\u00c7ADOS LOCALIZADA NA CIDADE DE DOUTOR SEVERIANO-RN Ant\u00f4nio Alison Leite de Oliveira Elis Regina Monte Feitosa CONFIAN\u00c7A E COMPROMETIMENTO ORGANIZACIONAL EM UMA EMPRESA DE TELECOMUNICA\u00c7\u00d5ES. Andr\u00e9 Luiz Correia Juliana Carvalho de Sousa O MARKETING 4.0 APLICADO AS MICRO E PEQUENAS EMPRESAS: UM ESTUDO [&hellip;]<\/p>\n","protected":false},"author":1,"featured_media":0,"parent":0,"menu_order":0,"comment_status":"closed","ping_status":"closed","template":"","meta":{"footnotes":""},"class_list":["post-679","page","type-page","status-publish","hentry"],"_links":{"self":[{"href":"https:\/\/portal.uern.br\/paudosferros\/administracao\/wp-json\/wp\/v2\/pages\/679","targetHints":{"allow":["GET"]}}],"collection":[{"href":"https:\/\/portal.uern.br\/paudosferros\/administracao\/wp-json\/wp\/v2\/pages"}],"about":[{"href":"https:\/\/portal.uern.br\/paudosferros\/administracao\/wp-json\/wp\/v2\/types\/page"}],"author":[{"embeddable":true,"href":"https:\/\/portal.uern.br\/paudosferros\/administracao\/wp-json\/wp\/v2\/users\/1"}],"replies":[{"embeddable":true,"href":"https:\/\/portal.uern.br\/paudosferros\/administracao\/wp-json\/wp\/v2\/comments?post=679"}],"version-history":[{"count":1,"href":"https:\/\/portal.uern.br\/paudosferros\/administracao\/wp-json\/wp\/v2\/pages\/679\/revisions"}],"predecessor-version":[{"id":680,"href":"https:\/\/portal.uern.br\/paudosferros\/administracao\/wp-json\/wp\/v2\/pages\/679\/revisions\/680"}],"wp:attachment":[{"href":"https:\/\/portal.uern.br\/paudosferros\/administracao\/wp-json\/wp\/v2\/media?parent=679"}],"curies":[{"name":"wp","href":"https:\/\/api.w.org\/{rel}","templated":true}]}}