{"id":673,"date":"2023-07-19T20:07:09","date_gmt":"2023-07-19T23:07:09","guid":{"rendered":"https:\/\/portal.uern.br\/paudosferros\/administracao\/?page_id=673"},"modified":"2023-07-19T20:07:09","modified_gmt":"2023-07-19T23:07:09","slug":"ano-2017","status":"publish","type":"page","link":"https:\/\/portal.uern.br\/paudosferros\/administracao\/ano-2017\/","title":{"rendered":"Ano 2017"},"content":{"rendered":"<table cellspacing=\"0\" cellpadding=\"4\">\n<colgroup>\n<col width=\"607\" \/>\n<col width=\"185\" \/>\n<col width=\"153\" \/><\/colgroup>\n<tbody>\n<tr>\n<td><strong>T\u00edtulo<\/strong><\/td>\n<td><strong>Autor(a)<\/strong><\/td>\n<td><strong>Orientador(a)<\/strong><\/td>\n<\/tr>\n<tr>\n<td><a href=\"https:\/\/www.uern.br\/controledepaginas\/2017-\/arquivos\/5020alefe_de_oliveira_batista.pdf\" target=\"_blank\" rel=\"noopener\">Clima organizacional: um estudo realizado em uma ind\u00fastria de alimentos localizada em Pau dos Ferros\/RN<\/a><\/td>\n<td>\u00c1lefe de Oliveira Batista<\/td>\n<td>Prof. Me. Rafael Dem\u00e9trius Rodrigues de Sousa<\/td>\n<\/tr>\n<tr>\n<td><a href=\"https:\/\/www.uern.br\/controledepaginas\/2017-\/arquivos\/5020antonio_jefferson_barbosa_da_silva.pdf\" target=\"_blank\" rel=\"noopener\">Plano de Marketing<\/a><\/td>\n<td>Antonio Jefferson Barbosa da Silva<\/td>\n<td>Prof. Me. Rafael Dem\u00e9trius Rodrigues de Sousa<\/td>\n<\/tr>\n<tr>\n<td><a href=\"https:\/\/www.uern.br\/controledepaginas\/2017-\/arquivos\/5020edna_januario_de_oliveira.pdf\" target=\"_blank\" rel=\"noopener\">A import\u00e2ncia da comunica\u00e7\u00e3o para a capta\u00e7\u00e3o de recursos. Um estudo em uma institui\u00e7\u00e3o do terceiro setor no munic\u00edpio de Pau dos Ferros\/RN<\/a><\/td>\n<td>Edna Janu\u00e1rio de Oliveira<\/td>\n<td>Prof<sup>a<\/sup>. Esp. Maria Regidiana da Concei\u00e7\u00e3o<\/td>\n<\/tr>\n<tr>\n<td><a href=\"https:\/\/www.uern.br\/controledepaginas\/2017-\/arquivos\/5020eliane_de_oliveira_jorge.pdf\" target=\"_blank\" rel=\"noopener\">Estrat\u00e9gias de marketing para atra\u00e7\u00e3o e reten\u00e7\u00e3o de clientes estudo em uma academia de gin\u00e1stica na cidade de Lu\u00eds Gomes\/RN<\/a><\/td>\n<td>Eliane de Oliveira Jorge<\/td>\n<td>Prof. Me. Rafael Dem\u00e9trius Rodrigues de Sousa<\/td>\n<\/tr>\n<tr>\n<td><a href=\"https:\/\/www.uern.br\/controledepaginas\/2017-\/arquivos\/5020emanuel_felipe_de_lima.pdf\" target=\"_blank\" rel=\"noopener\">O processo de forma\u00e7\u00e3o e formula\u00e7\u00e3o da estrat\u00e9gia de uma empresa varejista de pequeno porte<\/a><\/td>\n<td>Emanuel Felipe de Lima<\/td>\n<td>Prof. Me. Danilo Gon\u00e7alves Rodrigues<\/td>\n<\/tr>\n<tr>\n<td><a href=\"https:\/\/www.uern.br\/controledepaginas\/2017-\/arquivos\/5020eufrasio_dantas_rocha_junior.pdf\" target=\"_blank\" rel=\"noopener\">Sistema e manual de controle de estoque para a Eudan Pr\u00e9-moldados<\/a><\/td>\n<td>Eufr\u00e1sio Dantas Rocha J\u00fanior<\/td>\n<td><em>Prof. Me. Danilo Gon\u00e7alves Rodrigues<\/em><\/td>\n<\/tr>\n<tr>\n<td><a href=\"https:\/\/www.uern.br\/controledepaginas\/2017-\/arquivos\/5020francisco_genilton_pereira_matoso.pdf\" target=\"_blank\" rel=\"noopener\">A satisfa\u00e7\u00e3o dos clientes sobre as pr\u00e1ticas de treinamento e desenvolvimento em atendimento em um supermercado da cidade de Pau dos Ferros \u2013 RN<\/a><\/td>\n<td>Francisco Genilton Pereira Matoso<\/td>\n<td><em>Prof. Me. Danilo Gon\u00e7alves Rodrigues<\/em><\/td>\n<\/tr>\n<tr>\n<td><a href=\"https:\/\/www.uern.br\/controledepaginas\/2017-\/arquivos\/5020maria_camila_maia_de_oliveira.pdf\" target=\"_blank\" rel=\"noopener\">Pesquisa de Clima Organizacional em um Supermercado Varejista na cidade de Pau dos Ferros-RN<\/a><\/td>\n<td>Maria Camila Maia de Oliveira<\/td>\n<td><em>Prof. Me. Danilo Gon\u00e7alves Rodrigues<\/em><\/td>\n<\/tr>\n<tr>\n<td><a href=\"https:\/\/www.uern.br\/controledepaginas\/2017-\/arquivos\/5020maria_tatiana_peixoto.pdf\" target=\"_blank\" rel=\"noopener\">A GEST\u00c3O TRIBUT\u00c1RIA E A EDUCA\u00c7\u00c3O FISCAL DE EMPRES\u00c1RIOS A PERCEP\u00c7\u00c3O DOS CONTADORES DA CIDADE DE PAU DOS FERROS &#8211; RN<\/a><\/td>\n<td>Maria Tatiana Peixoto<\/td>\n<td>Prof<sup>a<\/sup>. Ma. Sandra de Souza Paiva Holanda<\/td>\n<\/tr>\n<tr>\n<td><a href=\"https:\/\/www.uern.br\/controledepaginas\/2017-\/arquivos\/5020natalia_isabel_chaves.pdf\" target=\"_blank\" rel=\"noopener\">Realinhamento dos cargos e capacita\u00e7\u00e3o dos servidores da Secretaria de Administra\u00e7\u00e3o, Finan\u00e7as, Planejamento e Or\u00e7amento &#8211; SAFIM<\/a><\/td>\n<td>Nat\u00e1lia Isabel Chaves<\/td>\n<td>Prof<sup>a<\/sup>. Ma. Sidn\u00e9ia Maia de Oliveira Rego<\/td>\n<\/tr>\n<tr>\n<td><a href=\"https:\/\/www.uern.br\/controledepaginas\/2017-\/arquivos\/5020viviana_mabel_rocha_limao.pdf\" target=\"_blank\" rel=\"noopener\">Plano de capacita\u00e7\u00e3o sobre compet\u00eancias empreendedoras para os dirigentes de uma empresa varejista de m\u00f3veis e eletrodom\u00e9sticos da Cidade de Major Sales \u2013 RN<\/a><\/td>\n<td>Viviana Mabel Rocha Lim\u00e3o<\/td>\n<td><em>Prof. Me. Danilo Gon\u00e7alves Rodrigues<\/em><\/td>\n<\/tr>\n<\/tbody>\n<\/table>\n","protected":false},"excerpt":{"rendered":"<p>T\u00edtulo Autor(a) Orientador(a) Clima organizacional: um estudo realizado em uma ind\u00fastria de alimentos localizada em Pau dos Ferros\/RN \u00c1lefe de Oliveira Batista Prof. Me. Rafael Dem\u00e9trius Rodrigues de Sousa Plano de Marketing Antonio Jefferson Barbosa da Silva Prof. Me. Rafael Dem\u00e9trius Rodrigues de Sousa A import\u00e2ncia da comunica\u00e7\u00e3o para a capta\u00e7\u00e3o de recursos. Um estudo [&hellip;]<\/p>\n","protected":false},"author":1,"featured_media":0,"parent":0,"menu_order":0,"comment_status":"closed","ping_status":"closed","template":"","meta":{"footnotes":""},"class_list":["post-673","page","type-page","status-publish","hentry"],"_links":{"self":[{"href":"https:\/\/portal.uern.br\/paudosferros\/administracao\/wp-json\/wp\/v2\/pages\/673","targetHints":{"allow":["GET"]}}],"collection":[{"href":"https:\/\/portal.uern.br\/paudosferros\/administracao\/wp-json\/wp\/v2\/pages"}],"about":[{"href":"https:\/\/portal.uern.br\/paudosferros\/administracao\/wp-json\/wp\/v2\/types\/page"}],"author":[{"embeddable":true,"href":"https:\/\/portal.uern.br\/paudosferros\/administracao\/wp-json\/wp\/v2\/users\/1"}],"replies":[{"embeddable":true,"href":"https:\/\/portal.uern.br\/paudosferros\/administracao\/wp-json\/wp\/v2\/comments?post=673"}],"version-history":[{"count":1,"href":"https:\/\/portal.uern.br\/paudosferros\/administracao\/wp-json\/wp\/v2\/pages\/673\/revisions"}],"predecessor-version":[{"id":674,"href":"https:\/\/portal.uern.br\/paudosferros\/administracao\/wp-json\/wp\/v2\/pages\/673\/revisions\/674"}],"wp:attachment":[{"href":"https:\/\/portal.uern.br\/paudosferros\/administracao\/wp-json\/wp\/v2\/media?parent=673"}],"curies":[{"name":"wp","href":"https:\/\/api.w.org\/{rel}","templated":true}]}}