{"id":671,"date":"2023-07-19T20:06:51","date_gmt":"2023-07-19T23:06:51","guid":{"rendered":"https:\/\/portal.uern.br\/paudosferros\/administracao\/?page_id=671"},"modified":"2023-07-19T20:06:51","modified_gmt":"2023-07-19T23:06:51","slug":"ano-2016","status":"publish","type":"page","link":"https:\/\/portal.uern.br\/paudosferros\/administracao\/ano-2016\/","title":{"rendered":"Ano 2016"},"content":{"rendered":"<table cellspacing=\"0\" cellpadding=\"4\">\n<colgroup>\n<col width=\"607\" \/>\n<col width=\"185\" \/>\n<col width=\"153\" \/><\/colgroup>\n<tbody>\n<tr>\n<td><strong>T\u00edtulo<\/strong><\/td>\n<td><strong>Autor(a)<\/strong><\/td>\n<td><strong>Orientador(a)<\/strong><\/td>\n<\/tr>\n<tr>\n<td><a href=\"https:\/\/www.uern.br\/controledepaginas\/2016-\/arquivos\/5019adriana_laiane_da_cruz_costa.pdf\" target=\"_blank\" rel=\"noopener\">AN\u00c1LISE FINANCEIRO-ECON\u00d4MICA DE UMA EMPRESA DE PEQUENO PORTE DE UM MUNIC\u00cdPIO POTIGUAR<\/a><\/td>\n<td>Adriana Laiane da Cruz Costa<\/td>\n<td>Prof. Me. Francisco Jean Carlos de Souza Sampaio<\/td>\n<\/tr>\n<tr>\n<td><a href=\"https:\/\/www.uern.br\/controledepaginas\/2016-\/arquivos\/5019alexandro_rocha_dos_santos.pdf\" target=\"_blank\" rel=\"noopener\">SISTEMAS DE INFORMA\u00c7\u00c3O: Um estudo sobre a necessidade e relev\u00e2ncia de implanta\u00e7\u00e3o na empresa JR turismo<\/a><\/td>\n<td>Alexandro Rocha dos Santos<\/td>\n<td>Prof. Esp. Edcarlos Costa de Oliveira<\/td>\n<\/tr>\n<tr>\n<td><a href=\"https:\/\/www.uern.br\/controledepaginas\/2016-\/arquivos\/5019aline_aparecida_saito_maia.pdf\" target=\"_blank\" rel=\"noopener\">CEN\u00c1RIO DO SANEAMENTO B\u00c1SICO NO MUNIC\u00cdPIO DE PAU DOS FERROS\/RN (2015-2016)<\/a><\/td>\n<td>Aline Aparecida Saito Maia<\/td>\n<td>Prof. Me. Wellington Ferreira de Melo<\/td>\n<\/tr>\n<tr>\n<td><a href=\"https:\/\/www.uern.br\/controledepaginas\/2016-\/arquivos\/5019alledson_freitas_fernandes.pdf\" target=\"_blank\" rel=\"noopener\">OS FATORES EMPREENDEDORES EM PER\u00cdODOS DE CRISE: A gest\u00e3o dos bares e restaurantes do A\u00e7ude P\u00fablico de Pau dos Ferros\/RN<\/a><\/td>\n<td>Alledson Freitas Fernandes<\/td>\n<td>Prof. Esp. Jos\u00e9 Vivaldo Machado Fernandes J\u00fanior<\/td>\n<\/tr>\n<tr>\n<td><a href=\"https:\/\/www.uern.br\/controledepaginas\/2016-\/arquivos\/5019angelica_maria_de_aquino.pdf\" target=\"_blank\" rel=\"noopener\">POL\u00cdTICAS P\u00daBLICAS DE SA\u00daDE &#8211; a percep\u00e7\u00e3o dos usu\u00e1rios urbanos da estrat\u00e9gia de sa\u00fade da fam\u00edlia (ESF) do Munic\u00edpio de S\u00e3o Miguel\/RN<\/a><\/td>\n<td>Ang\u00e9lica Maria de Aquino<\/td>\n<td>Prof. Me. Wellington Ferreira de Melo<\/td>\n<\/tr>\n<tr>\n<td><a href=\"https:\/\/www.uern.br\/controledepaginas\/2016-\/arquivos\/5019antonia_rafaela_pamola_mota_fernandes.pdf\" target=\"_blank\" rel=\"noopener\">DETERMINA\u00c7\u00c3O DA IMAGEM DA CIDADE DE PAU DOS FERROS-RN COMO UM DESTINO TUR\u00cdSTICO<\/a><\/td>\n<td>Ant\u00f4nia Rafaela Pamola Mota Fernandes<\/td>\n<td><em>Prof<\/em><em><sup>a<\/sup><\/em><em>. Ma.\u00a0<\/em><em>Sidn\u00e9ia Maia de Oliveira Rego<\/em><\/td>\n<\/tr>\n<tr>\n<td><a href=\"https:\/\/www.uern.br\/controledepaginas\/2016-\/arquivos\/5019clovis_regalado_holanda_neto.pdf\" target=\"_blank\" rel=\"noopener\">SISTEMAS DE INFORMA\u00c7\u00c3O OTIMIZA\u00c7\u00c3O NO ATENDIMENTO NOS PRODUTOS E NOS SERVI\u00c7OS PRESTADOS: Um estudo na empresa Barbalho Inform\u00e1tica<\/a><\/td>\n<td>Cl\u00f3vis Regalado Holanda Neto<\/td>\n<td>Prof. Esp. Edcarlos Costa de Oliveira<\/td>\n<\/tr>\n<tr>\n<td><a href=\"https:\/\/www.uern.br\/controledepaginas\/2016-\/arquivos\/5019dulcineia_de_azevedo_araujo.pdf\" target=\"_blank\" rel=\"noopener\">DIAGN\u00d3STICO SOBRE O GERENCIAMENTO DOS RES\u00cdDUOS DO SERVI\u00c7O DE SA\u00daDE DE S\u00c3O MIGUEL\/RN<\/a><\/td>\n<td>Dulcin\u00e9ia de Azevedo Ara\u00fajo<\/td>\n<td><em>Prof. Me.Alexandre W<\/em>\u00e1llace Ramos Pereira<\/td>\n<\/tr>\n<tr>\n<td><a href=\"https:\/\/www.uern.br\/controledepaginas\/2016-\/arquivos\/5019epifania_bessa_da_silva_freitas.pdf\" target=\"_blank\" rel=\"noopener\">DESENVOLVIMENTO PROFISSIONAL DOS PROFESSORES DO MUNIC\u00cdPIO DE TABOLEIRO GRANDE\/RN<\/a><\/td>\n<td>Epif\u00e2nia Bessa da Silva Freitas<\/td>\n<td>Prof. Me. Wellington Ferreira de Melo<\/td>\n<\/tr>\n<tr>\n<td><a href=\"https:\/\/www.uern.br\/controledepaginas\/2016-\/arquivos\/5019erick_vinicius_rego_alves.pdf\" target=\"_blank\" rel=\"noopener\">AN\u00c1LISE DAS ESTRAT\u00c9GIAS \u00c0 LUZ DOS MODELOS TE\u00d3RICOS DE PORTER: UM ESTUDO DE CASO NA MAX MODAS<\/a><\/td>\n<td>Erick Vin\u00edcius Rego Alves<\/td>\n<td><em>Prof<\/em><em><sup>a<\/sup><\/em><em>. Ma.\u00a0<\/em>M\u00e9rcia Cristiley Barr\u00eato Viana<\/td>\n<\/tr>\n<tr>\n<td><a href=\"https:\/\/www.uern.br\/controledepaginas\/2016-\/arquivos\/5019francisca_kaliane_meiry_de_souza_silva.pdf\" target=\"_blank\" rel=\"noopener\">AVALIA\u00c7\u00c3O DA QUALIDADE DE PRODUTOS E SERVI\u00c7OS: O caso da Sapataria Pinheiro em Pau dos Ferros\/RN<\/a><\/td>\n<td>Francisca Kaliane Meiry de Souza Silva<\/td>\n<td>Prof. Esp. Jos\u00e9 Vivaldo Machado Fernandes J\u00fanior<\/td>\n<\/tr>\n<tr>\n<td><a href=\"https:\/\/www.uern.br\/controledepaginas\/2016-\/arquivos\/5019livia_mayara_freire_da_costa.pdf\" target=\"_blank\" rel=\"noopener\">GEST\u00c3O DOS FATORES DO EMPREENDEDORISMO: um estudo de Caso da J. Chaves M\u00f3veis para Escrit\u00f3rio e Papelaria de Pau dos Ferros\/RN<\/a><\/td>\n<td>L\u00edvia Mayara Freire da Costa &#8211;<\/td>\n<td>Prof. Esp. Jos\u00e9 Vivaldo Machado Fernandes J\u00fanior<\/td>\n<\/tr>\n<tr>\n<td><a href=\"https:\/\/www.uern.br\/controledepaginas\/2016-\/arquivos\/5019luciana_ferreira_mendes.pdf\" target=\"_blank\" rel=\"noopener\">CRIT\u00c9RIOS DE AVALIA\u00c7\u00c3O DE ESTOQUE: Um estudo em uma empresa do ramo varejista no Alto Oeste Potiguar<\/a><\/td>\n<td>Luciana Ferreira Mendes<\/td>\n<td>Prof. Me. Francisco Jean Carlos de Souza Sampaio<\/td>\n<\/tr>\n<tr>\n<td><a href=\"https:\/\/www.uern.br\/controledepaginas\/2016-\/arquivos\/5019maria_micaele_pereira_silva.pdf\" target=\"_blank\" rel=\"noopener\">FIDELIDADE DO CONSUMIDOR NO TURISMO: UM ESTUDO DO COMPORTAMENTO DOS VISITANTES DA CIDADE DO ENCANTO\/RN<\/a><\/td>\n<td>Maria Micaele Pereira Silva<\/td>\n<td><em>Prof<\/em><em><sup>a<\/sup><\/em><em>. Ma. Sidn\u00e9ia Maia de Oliveira Rego<\/em><\/td>\n<\/tr>\n<tr>\n<td><a href=\"https:\/\/www.uern.br\/controledepaginas\/2016-\/arquivos\/5019maria_valessa_da_costa_sarmento.pdf\" target=\"_blank\" rel=\"noopener\">Clima organizacional em Cl\u00ednica M\u00e9dica do Alto Oeste Potiguar<\/a><\/td>\n<td>Maria Valessa Da Costa Sarmento<\/td>\n<td>Prof. Me. Wellington Ferreira de Melo<\/td>\n<\/tr>\n<tr>\n<td><a href=\"https:\/\/www.uern.br\/controledepaginas\/2016-\/arquivos\/5019marina_amanda_do_nascimento_barros_e_almeida.pdf\" target=\"_blank\" rel=\"noopener\">GEST\u00c3O DOS FATORES DA QUALIDADE EM PRODUTOS E SERVI\u00c7OS<\/a><\/td>\n<td>Marina Amanda do Nascimento Barros e Almeida<\/td>\n<td>Prof<sup>a<\/sup>. Ma. Sandra de Souza Paiva Holanda<\/td>\n<\/tr>\n<tr>\n<td><a href=\"https:\/\/www.uern.br\/controledepaginas\/2016-\/arquivos\/5019neuriberg_leite_da_silva.pdf\" target=\"_blank\" rel=\"noopener\">ATUA\u00c7\u00c3O DA DIST\u00c2NCIA DE CONTROLE SOCIAL DO PROGRAMA BOLSA FAM\u00cdLIA DO MUNIC\u00cdPIO DE ENCANTO\/RN<\/a><\/td>\n<td>Neuriberg Leite da Silva<\/td>\n<td><em>Prof. Me.Alexandre W<\/em>\u00e1llace Ramos Pereira<\/td>\n<\/tr>\n<tr>\n<td><a href=\"https:\/\/www.uern.br\/controledepaginas\/2016-\/arquivos\/5019paulo_henrique_da_silva.pdf\" target=\"_blank\" rel=\"noopener\">TREINAMENTO, DESENVOLVIMENTO E EDUCA\u00c7\u00c3O DE PESSOAS NO GETRAN DE ALEXANDRIA\/RN<\/a><\/td>\n<td>Paulo Henrique da Silva<\/td>\n<td>Prof\u00aa. Dr\u00aa.\u00a0<em>Francisca Joseanny Maia<\/em>\u00a0e\u00a0<em>Oliveira<\/em><\/td>\n<\/tr>\n<tr>\n<td><a href=\"https:\/\/www.uern.br\/controledepaginas\/2016-\/arquivos\/5019sinaria_alves_duarte.pdf\" target=\"_blank\" rel=\"noopener\">FATORES QUE INFLUENCIAM EMPREENDEDORISMO NO SEGMENTO DE PANIFICA\u00c7\u00c3O<\/a><\/td>\n<td>Sin\u00e1ria Alves Duarte<\/td>\n<td><em>Prof<\/em><em><sup>a<\/sup><\/em><em>. Ma. M\u00e9rcia Cristiley Barr\u00eato Viana<\/em><\/td>\n<\/tr>\n<\/tbody>\n<\/table>\n","protected":false},"excerpt":{"rendered":"<p>T\u00edtulo Autor(a) Orientador(a) AN\u00c1LISE FINANCEIRO-ECON\u00d4MICA DE UMA EMPRESA DE PEQUENO PORTE DE UM MUNIC\u00cdPIO POTIGUAR Adriana Laiane da Cruz Costa Prof. Me. Francisco Jean Carlos de Souza Sampaio SISTEMAS DE INFORMA\u00c7\u00c3O: Um estudo sobre a necessidade e relev\u00e2ncia de implanta\u00e7\u00e3o na empresa JR turismo Alexandro Rocha dos Santos Prof. Esp. Edcarlos Costa de Oliveira CEN\u00c1RIO [&hellip;]<\/p>\n","protected":false},"author":1,"featured_media":0,"parent":0,"menu_order":0,"comment_status":"closed","ping_status":"closed","template":"","meta":{"footnotes":""},"class_list":["post-671","page","type-page","status-publish","hentry"],"_links":{"self":[{"href":"https:\/\/portal.uern.br\/paudosferros\/administracao\/wp-json\/wp\/v2\/pages\/671","targetHints":{"allow":["GET"]}}],"collection":[{"href":"https:\/\/portal.uern.br\/paudosferros\/administracao\/wp-json\/wp\/v2\/pages"}],"about":[{"href":"https:\/\/portal.uern.br\/paudosferros\/administracao\/wp-json\/wp\/v2\/types\/page"}],"author":[{"embeddable":true,"href":"https:\/\/portal.uern.br\/paudosferros\/administracao\/wp-json\/wp\/v2\/users\/1"}],"replies":[{"embeddable":true,"href":"https:\/\/portal.uern.br\/paudosferros\/administracao\/wp-json\/wp\/v2\/comments?post=671"}],"version-history":[{"count":1,"href":"https:\/\/portal.uern.br\/paudosferros\/administracao\/wp-json\/wp\/v2\/pages\/671\/revisions"}],"predecessor-version":[{"id":672,"href":"https:\/\/portal.uern.br\/paudosferros\/administracao\/wp-json\/wp\/v2\/pages\/671\/revisions\/672"}],"wp:attachment":[{"href":"https:\/\/portal.uern.br\/paudosferros\/administracao\/wp-json\/wp\/v2\/media?parent=671"}],"curies":[{"name":"wp","href":"https:\/\/api.w.org\/{rel}","templated":true}]}}