{"id":669,"date":"2023-07-19T20:06:35","date_gmt":"2023-07-19T23:06:35","guid":{"rendered":"https:\/\/portal.uern.br\/paudosferros\/administracao\/?page_id=669"},"modified":"2023-07-19T20:06:35","modified_gmt":"2023-07-19T23:06:35","slug":"ano-2015","status":"publish","type":"page","link":"https:\/\/portal.uern.br\/paudosferros\/administracao\/ano-2015\/","title":{"rendered":"Ano 2015"},"content":{"rendered":"<table cellspacing=\"0\" cellpadding=\"4\">\n<colgroup>\n<col width=\"607\" \/>\n<col width=\"185\" \/>\n<col width=\"153\" \/><\/colgroup>\n<tbody>\n<tr>\n<td><strong>T\u00edtulo<\/strong><\/td>\n<td><strong>Autor(a)<\/strong><\/td>\n<td><strong>Orientador(a)<\/strong><\/td>\n<\/tr>\n<tr>\n<td><a href=\"https:\/\/www.uern.br\/controledepaginas\/2015-\/arquivos\/5018ana_paula_dantas_de_freitas.pdf\" target=\"_blank\" rel=\"noopener\">DIAGN\u00d3STICO DAS A\u00c7\u00d5ES DE INOVA\u00c7\u00c3O NAS EMPRESAS DE PEQUENO PORTE DO DE RESTAURANTES DE PAU DOS FERROS\/RN<\/a><\/td>\n<td>Ana Paula Dantas de Freitas<\/td>\n<td>Prof\u00aa. Dr\u00aa.\u00a0<em>Francisca Joseanny Maia<\/em>\u00a0e\u00a0<em>Oliveira<\/em><\/td>\n<\/tr>\n<tr>\n<td><a href=\"https:\/\/www.uern.br\/controledepaginas\/2015-\/arquivos\/5018antonia_luciana_bezerra_de_lima.pdf\" target=\"_blank\" rel=\"noopener\">AN\u00c1LISE DA SATISFA\u00c7\u00c3O DA CLIENTELA: um estudo realizado em uma empresa potiguar do ramo de est\u00e9tica e beleza<\/a><\/td>\n<td>Ant\u00f4nia Luciana Bezerra de Lima<\/td>\n<td>Prof. Me. Rinaldo Medeiros Alves de Oliveira<\/td>\n<\/tr>\n<tr>\n<td><a href=\"https:\/\/www.uern.br\/controledepaginas\/2015-\/arquivos\/5018ary_franklin_ferreira_de_oliveira.pdf\" target=\"_blank\" rel=\"noopener\">MARKETING NA ERA DIGITAL: A influ\u00eancia das m\u00eddias sociais no gerenciamento do \u201cboca a boca\u201d on-line<\/a><\/td>\n<td>Ary Franklin Ferreira de Oliveira<\/td>\n<td>Prof. Me. Edivaldo Rabelo de Menezes<\/td>\n<\/tr>\n<tr>\n<td><a href=\"https:\/\/www.uern.br\/controledepaginas\/2015-\/arquivos\/5018carlos_eduardo_ferreira_costa.pdf\" target=\"_blank\" rel=\"noopener\">A QUALIDADE NA PRESTA\u00c7\u00c3O DE SERVI\u00c7OS E PRODUTOS EM UMA AUTOMOTIVA: O caso da oficina Kadu Autope\u00e7as em Pau dos Ferros\/RN<\/a><\/td>\n<td>Carlos Eduardo Ferreira Costa<\/td>\n<td>Prof. Me. Laecio da Cunha Oliveira<\/td>\n<\/tr>\n<tr>\n<td><a href=\"https:\/\/www.uern.br\/controledepaginas\/2015-\/arquivos\/5018clarisse_de_freitas_sena.pdf\" target=\"_blank\" rel=\"noopener\">OS SISTEMAS DE INFORMA\u00c7\u00c3O E A OTIMIZA\u00c7\u00c3O OPERACIONAL: Um estudo na Ideia, Presentes e Modas<\/a><\/td>\n<td>Clarisse de Freitas Sena<\/td>\n<td>Prof. Esp. Edcarlos Costa de Oliveira<\/td>\n<\/tr>\n<tr>\n<td><a href=\"https:\/\/www.uern.br\/controledepaginas\/2015-\/arquivos\/5018claudiston_fernando_nascimento_dos_santos.pdf\" target=\"_blank\" rel=\"noopener\">Treinamento, Desenvolvimento e Educa\u00e7\u00e3o de Pessoas (TD&amp;E): uma an\u00e1lise das atividades de uma empresa familiar de pequeno porte<\/a><\/td>\n<td>Claudiston Fernando Nascimento dos Santos<\/td>\n<td><em>Prof<\/em><em><sup>a<\/sup><\/em><em>. Ma.\u00a0<\/em><em>Sidn\u00e9ia Maia de Oliveira Rego<\/em><\/td>\n<\/tr>\n<tr>\n<td><a href=\"https:\/\/www.uern.br\/controledepaginas\/2015-\/arquivos\/5018elaine_cristine_pinheiro_de_fontes.pdf\" target=\"_blank\" rel=\"noopener\">OS EFEITOS DAS PRESTA\u00c7\u00d5ES PECUNI\u00c1RIAS NA GEST\u00c3O DO COMPLEXO PENAL REGIONAL DE PAU DOS FERROS\/RN: exercicio 2014<\/a><\/td>\n<td>Elaine Cristine Pinheiro de Fontes<\/td>\n<td>Prof. Me. Wellington Ferreira de Melo<\/td>\n<\/tr>\n<tr>\n<td><a href=\"https:\/\/www.uern.br\/controledepaginas\/2015-\/arquivos\/5018ester_rute_fernanda_leite.pdf\" target=\"_blank\" rel=\"noopener\">PESQUISA DE MARKETING EM COMUNICA\u00c7\u00c3O RADIOF\u00d4NICA: um estudo na R\u00e1dio Educativa Obelisco-Fm 90,9<\/a><\/td>\n<td>Ester Rute Fernanda Leite<\/td>\n<td>Prof. Me. Wellington Ferreira de Melo<\/td>\n<\/tr>\n<tr>\n<td><a href=\"https:\/\/www.uern.br\/controledepaginas\/2015-\/arquivos\/5018everaldo_alves_de_souza.pdf\" target=\"_blank\" rel=\"noopener\">O CEN\u00c1RIO DA GEST\u00c3O DE RES\u00cdDUOS S\u00d3LIDOS URBANOS NO MUNIC\u00cdPIO DE PAU DOS FERROS\/RN (2015)<\/a><\/td>\n<td>Everaldo Alves de Souza<\/td>\n<td>Prof. Me. Wellington Ferreira de Melo<\/td>\n<\/tr>\n<tr>\n<td><a href=\"https:\/\/www.uern.br\/controledepaginas\/2015-\/arquivos\/5018francisco_edmilson_dias_araujo.pdf\" target=\"_blank\" rel=\"noopener\">REMUNERA\u00c7\u00c3O POR DESEMPENHO: um estudo de caso na Secretaria da Sa\u00fade de Pau dos Ferros\/RN<\/a><\/td>\n<td>Francisco Edmilson Dias Ara\u00fajo<\/td>\n<td><em>Prof<\/em><em><sup>a<\/sup><\/em><em>.\u00a0<\/em><em>Esp.\u00a0<\/em>Francisca Katiana da Silva Ferreira<\/td>\n<\/tr>\n<tr>\n<td><a href=\"https:\/\/www.uern.br\/controledepaginas\/2015-\/arquivos\/5018francisco_leandro_batista.pdf\" target=\"_blank\" rel=\"noopener\">MARKETING COMO ESTRAT\u00c9GIA DE COMPETITIVIDADE NA EMPRESA ELLISI MODA \u00cdNTIMA<\/a><\/td>\n<td>Francisco Leandro Batista<\/td>\n<td>Prof. Me. Edivaldo Rabelo de Menezes<\/td>\n<\/tr>\n<tr>\n<td><a href=\"https:\/\/www.uern.br\/controledepaginas\/2015-\/arquivos\/5018george_oliveira_de_sousa.pdf\" target=\"_blank\" rel=\"noopener\">A LIDERAN\u00c7A NA GERA\u00c7\u00c3O E MANUTEN\u00c7\u00c3O DE NOVOS TALENTOS: O CASO DA IGREJA EVANG\u00c9LICA ASSEMBLEIA DE DEUS DE PAU DOS FERROS\/RN<\/a><\/td>\n<td>George Oliveira de Sousa<\/td>\n<td><em>Prof<\/em><em><sup>a<\/sup><\/em><em>.\u00a0<\/em><em>Esp.\u00a0<\/em>Francisca Katiana da Silva Ferreira<\/td>\n<\/tr>\n<tr>\n<td><a href=\"https:\/\/www.uern.br\/controledepaginas\/2015-\/arquivos\/5018helder_viana_marinho_de_oliveira_janior.pdf\" target=\"_blank\" rel=\"noopener\">AS CINCO FOR\u00c7AS DE PORTER E OS FATORES CR\u00cdTICOS DE SUCESSO: Uma an\u00e1lise da tomada de decis\u00f5es estrat\u00e9gicas na empresa Total Eletro em Pau dos Ferros\/RN<\/a><\/td>\n<td>Helder Viana Marinho de Oliveira J\u00fanior<\/td>\n<td>Prof. Me. Rinaldo Medeiros Alves de Oliveira<\/td>\n<\/tr>\n<tr>\n<td><a href=\"https:\/\/www.uern.br\/controledepaginas\/2015-\/arquivos\/5018ismael_dias_gabriel_rodrigues.pdf\" target=\"_blank\" rel=\"noopener\">A GEST\u00c3O NO SETOR DE COMPRAS: Um estudo de caso na Panificadora P\u00e3o Quente na cidade de S\u00e3o Miguel\/RN<\/a><\/td>\n<td>Ismael Dias Gabriel Rodrigues<\/td>\n<td><em>Prof<\/em><em><sup>a<\/sup><\/em><em>.\u00a0<\/em><em>Esp.\u00a0<\/em><em>Francisca Katiana da Silva Ferreira<\/em><\/td>\n<\/tr>\n<tr>\n<td><a href=\"https:\/\/www.uern.br\/controledepaginas\/2015-\/arquivos\/5018jerrar_alves_da_silva.pdf\" target=\"_blank\" rel=\"noopener\">A SATISFA\u00c7\u00c3O DOS CLIENTES COM O ATENDIMENTO E PRODUTOS DA EMPRESA DJ MARMORARIA NO MUNIC\u00cdPIO DE PAU DOS FERROS<\/a><\/td>\n<td>Jerrar Alves da Silva<\/td>\n<td>Prof. Me. Rinaldo Medeiros Alves de Oliveira<\/td>\n<\/tr>\n<tr>\n<td><a href=\"https:\/\/www.uern.br\/controledepaginas\/2015-\/arquivos\/5018jose_douglas_de_morais.pdf\" target=\"_blank\" rel=\"noopener\">TREINAMENTO, DESENVOLVIMENTO E EDUCA\u00c7\u00c3O (TD&amp;E) NO SERVI\u00c7O P\u00daBLICO: Um estudo com os t\u00e9cnicos administrativos do CAMEAM\/UERN<\/a><\/td>\n<td>Jos\u00e9 Douglas de Morais<\/td>\n<td>Prof<sup>a<\/sup>. Ma. Sidn\u00e9ia Maia de Oliveira Rego<\/td>\n<\/tr>\n<tr>\n<td><a href=\"https:\/\/www.uern.br\/controledepaginas\/2015-\/arquivos\/5018jose_shirley_pessoa_do_nascimento.pdf\" target=\"_blank\" rel=\"noopener\">Politicas de Treinamento, Desenvolvimento e Educa\u00e7\u00e3o (TD&amp;E): Um estudo sobre TD&amp;E em empresas associadas \u00e0 C\u00e2mara de Dirigentes Lojistas (CDL) de Pau dos Ferros\/RN<\/a><\/td>\n<td>Jos\u00e9 Shirley Pessoa do Nascimento<\/td>\n<td>Prof<sup>a<\/sup>. Ma. Sidn\u00e9ia Maia de Oliveira Rego<\/td>\n<\/tr>\n<tr>\n<td><a href=\"https:\/\/www.uern.br\/controledepaginas\/2015-\/arquivos\/5018luana_paula_monte_de_melo.pdf\" target=\"_blank\" rel=\"noopener\">A PERCEP\u00c7\u00c3O DOS USU\u00c1RIOS URBANOS DE PAU DOS FERROS-RN QUANTO \u00c0 PRESTA\u00c7\u00c3O DE SERVI\u00c7OS DE ABASTECIMENTO DE \u00c1GUA PARA CONSUMO HUMANO<\/a><\/td>\n<td>Luana Paula Monte de Melo<\/td>\n<td>Prof. Me. Wellington Ferreira de Melo<\/td>\n<\/tr>\n<tr>\n<td><a href=\"https:\/\/www.uern.br\/controledepaginas\/2015-\/arquivos\/5018manuel_wlycys_holanda_monteiro.pdf\" target=\"_blank\" rel=\"noopener\">Marketing de Relacionamento como diferencial na fideliza\u00e7\u00e3o de clientes: Um estudo na empresa de m\u00f3veis e eletrodom\u00e9sticos J. Chaves em Pau dos Ferros\/RN<\/a><\/td>\n<td>Manuel Wlycys Holanda Monteiro<\/td>\n<td>Prof\u00aa. Dr\u00aa.\u00a0<em>Francisca Joseanny Maia<\/em>\u00a0e\u00a0<em>Oliveira<\/em><\/td>\n<\/tr>\n<tr>\n<td><a href=\"https:\/\/www.uern.br\/controledepaginas\/2015-\/arquivos\/5018maria_juliana_dos_santos_oliveira.pdf\" target=\"_blank\" rel=\"noopener\">ESTRUTURA ORGANIZACIONAL: um estudo na Igreja Evang\u00e9lica Assembleia de Deus em Pau dos Ferros\/RN<\/a><\/td>\n<td>Maria Juliana dos Santos Oliveira<\/td>\n<td>Prof. Me. Wellington Ferreira de Melo<\/td>\n<\/tr>\n<tr>\n<td><a href=\"https:\/\/www.uern.br\/controledepaginas\/2015-\/arquivos\/5018mayara_aparecida_de_jesus_queiroz.pdf\" target=\"_blank\" rel=\"noopener\">O PROCESSO DE PLANEJAMENTO DA A\u00c7\u00c3O GOVERNAMENTAL DO MUNIC\u00cdPIO DE S\u00c3O MIGUEL\/RN: UM ESTUDO DO PLANO DE GOVERNO, DO PLANO DIRETOR E DO PLANO PLURIANUAL<\/a><\/td>\n<td>Mayara Aparecida de Jesus Queiroz<\/td>\n<td><em>Prof. Me.Alexandre W<\/em>\u00e1llace Ramos Pereira<\/td>\n<\/tr>\n<tr>\n<td><a href=\"https:\/\/www.uern.br\/controledepaginas\/2015-\/arquivos\/5018patricia_de_lima_alves.pdf\" target=\"_blank\" rel=\"noopener\">O ESTUDO DA MOTIVA\u00c7\u00c3O NO AMBIENTE DE TRABALHO DOS VENDEDORES DA LOJA MAR\u00c9 MANSA DE PAU DOS FERROS\/RN<\/a><\/td>\n<td>Patr\u00edcia de Lima Alves<\/td>\n<td>Prof. Esp.\u00a0<em>Ranieri Carlos Luz Ara\u00fajo<\/em><\/td>\n<\/tr>\n<tr>\n<td><a href=\"https:\/\/www.uern.br\/controledepaginas\/2015-\/arquivos\/5018paulo_wigenes_chaves_dias.pdf\" target=\"_blank\" rel=\"noopener\">GERENCIAMENTO DE RES\u00cdDUOS DE SERVI\u00c7OS DE SA\u00daDE: Um estudo em Pau Dos Ferros\/RN<\/a><\/td>\n<td>Paulo Wigenes Chaves Dias<\/td>\n<td><em>Prof. Me.Alexandre W<\/em>\u00e1llace Ramos Pereira<\/td>\n<\/tr>\n<tr>\n<td><a href=\"https:\/\/www.uern.br\/controledepaginas\/2015-\/arquivos\/5018polyelber_de_carvalho_ferreira.pdf\" target=\"_blank\" rel=\"noopener\">O EMPREENDEDORISMO EM \u00c1REAS DE LAZER: Gest\u00e3o dos bares e restaurantes do A\u00e7ude p\u00fablico do munic\u00edpio de Pau dos Ferros\/RN<\/a><\/td>\n<td>Polyelber de Carvalho Ferreira<\/td>\n<td>Prof. Me. Laecio da Cunha Oliveira<\/td>\n<\/tr>\n<tr>\n<td><a href=\"https:\/\/www.uern.br\/controledepaginas\/2015-\/arquivos\/5018rafaela_cristina_farias_de_sousa.pdf\" target=\"_blank\" rel=\"noopener\">A FEIRA INTERMUNICIPAL DE NEG\u00d3CIOS, EDUCA\u00c7\u00c3O, CULTURA E TURISMO DO ALTO OESTE POTIGUAR: a percep\u00e7\u00e3o dos atores envolvidos<\/a><\/td>\n<td>Rafaela Cristina Farias de Sousa<\/td>\n<td><em>Prof. Me.Alexandre W<\/em>\u00e1llace Ramos Pereira<\/td>\n<\/tr>\n<tr>\n<td><a href=\"https:\/\/www.uern.br\/controledepaginas\/2015-\/arquivos\/5018sharliany_fernandes_vieira.pdf\" target=\"_blank\" rel=\"noopener\">METODOLOGIAS ATIVAS COMO ESTRAT\u00c9GIAS DE DESENVOLVIMENTO DE COMPET\u00caNCIAS NO CURSO DE ADMINISTRA\u00c7\u00c3O<\/a><\/td>\n<td>Sharliany Fernandes Vieira<\/td>\n<td><em>Prof<\/em><em><sup>a<\/sup><\/em><em>. Ma.\u00a0<\/em><em>Sidn\u00e9ia Maia de Oliveira Rego<\/em><\/td>\n<\/tr>\n<tr>\n<td><a href=\"https:\/\/www.uern.br\/controledepaginas\/2015-\/arquivos\/5018suyanne_soares_fernandes.pdf\" target=\"_blank\" rel=\"noopener\">DIAGN\u00d3STICO PRELIMINAR DA GEST\u00c3O MUNICIPAL DE RES\u00cdDUOS S\u00d3LIDOS URBANOS EM S\u00c3O MIGUEL-RN<\/a><\/td>\n<td>Suyanne Soares Fernandes<\/td>\n<td><em>Prof. Me.Alexandre W<\/em>\u00e1llace Ramos Pereira<\/td>\n<\/tr>\n<tr>\n<td><a href=\"https:\/\/www.uern.br\/controledepaginas\/2015-\/arquivos\/5018tayres_crystina_da_silva.pdf\" target=\"_blank\" rel=\"noopener\">DIAGN\u00d3STICO DE CULTURA ORGANIZACIONAL: um estudo no Laborat\u00f3rio do Hospital Regional Cleodon Carlos de Andrade de Pau dos Ferros\/RN<\/a><\/td>\n<td>Tayres Crystina da Silva<\/td>\n<td>Prof. Esp.\u00a0<em>Ranieri Carlos Luz Ara\u00fajo<\/em><\/td>\n<\/tr>\n<\/tbody>\n<\/table>\n","protected":false},"excerpt":{"rendered":"<p>T\u00edtulo Autor(a) Orientador(a) DIAGN\u00d3STICO DAS A\u00c7\u00d5ES DE INOVA\u00c7\u00c3O NAS EMPRESAS DE PEQUENO PORTE DO DE RESTAURANTES DE PAU DOS FERROS\/RN Ana Paula Dantas de Freitas Prof\u00aa. Dr\u00aa.\u00a0Francisca Joseanny Maia\u00a0e\u00a0Oliveira AN\u00c1LISE DA SATISFA\u00c7\u00c3O DA CLIENTELA: um estudo realizado em uma empresa potiguar do ramo de est\u00e9tica e beleza Ant\u00f4nia Luciana Bezerra de Lima Prof. Me. Rinaldo [&hellip;]<\/p>\n","protected":false},"author":1,"featured_media":0,"parent":0,"menu_order":0,"comment_status":"closed","ping_status":"closed","template":"","meta":{"footnotes":""},"class_list":["post-669","page","type-page","status-publish","hentry"],"_links":{"self":[{"href":"https:\/\/portal.uern.br\/paudosferros\/administracao\/wp-json\/wp\/v2\/pages\/669","targetHints":{"allow":["GET"]}}],"collection":[{"href":"https:\/\/portal.uern.br\/paudosferros\/administracao\/wp-json\/wp\/v2\/pages"}],"about":[{"href":"https:\/\/portal.uern.br\/paudosferros\/administracao\/wp-json\/wp\/v2\/types\/page"}],"author":[{"embeddable":true,"href":"https:\/\/portal.uern.br\/paudosferros\/administracao\/wp-json\/wp\/v2\/users\/1"}],"replies":[{"embeddable":true,"href":"https:\/\/portal.uern.br\/paudosferros\/administracao\/wp-json\/wp\/v2\/comments?post=669"}],"version-history":[{"count":1,"href":"https:\/\/portal.uern.br\/paudosferros\/administracao\/wp-json\/wp\/v2\/pages\/669\/revisions"}],"predecessor-version":[{"id":670,"href":"https:\/\/portal.uern.br\/paudosferros\/administracao\/wp-json\/wp\/v2\/pages\/669\/revisions\/670"}],"wp:attachment":[{"href":"https:\/\/portal.uern.br\/paudosferros\/administracao\/wp-json\/wp\/v2\/media?parent=669"}],"curies":[{"name":"wp","href":"https:\/\/api.w.org\/{rel}","templated":true}]}}