{"id":657,"date":"2023-07-19T19:52:54","date_gmt":"2023-07-19T22:52:54","guid":{"rendered":"https:\/\/portal.uern.br\/paudosferros\/administracao\/?page_id=657"},"modified":"2023-07-19T19:52:54","modified_gmt":"2023-07-19T22:52:54","slug":"ano-2011","status":"publish","type":"page","link":"https:\/\/portal.uern.br\/paudosferros\/administracao\/ano-2011\/","title":{"rendered":"Ano 2011"},"content":{"rendered":"<table cellspacing=\"0\" cellpadding=\"4\">\n<tbody>\n<tr>\n<td><strong>T\u00edtulo<\/strong><\/td>\n<td><strong>Autor(a)<\/strong><\/td>\n<td><strong>Orientador(a)<\/strong><\/td>\n<\/tr>\n<tr>\n<td><a href=\"https:\/\/www.uern.br\/controledepaginas\/2011\/arquivos\/5004catia_morais_dias_o_marketing_como_propulsor_do_crescimento_e_inovacao_nas_microempresas_o_caso_do_mercadinho_alves.pdf\" target=\"_blank\" rel=\"noopener\">O MARKETING COMO PROPULSOR DO CRESCIMENTO E INOVA\u00c7\u00c3O NAS MICROEMPRESAS: O caso do Mercadinho Alves<\/a><\/td>\n<td>C\u00e1tia Morais Dias<\/td>\n<td>Prof. Me. Edivaldo Rabelo de Menezes<\/td>\n<\/tr>\n<tr>\n<td><a href=\"https:\/\/www.uern.br\/controledepaginas\/2011\/arquivos\/5004ecimar_maria_do_nascimento_mix_de_marketing_e_matriz_estrategica_uma_analise_na_empresa_silveic.pdf\" target=\"_blank\" rel=\"noopener\">MIX DE MARKETING E MATRIZ ESTRAT\u00c9GICA UMA ANALISE NA EMPRESA SILVEIC<\/a><\/td>\n<td>Ecimar Maria do Nascimento<\/td>\n<td>Prof<sup>a<\/sup>. Ma. Michelle Yumi Felipe Okino<\/td>\n<\/tr>\n<tr>\n<td><a href=\"https:\/\/www.uern.br\/controledepaginas\/2011\/arquivos\/5004francisco_halison_lopes_de_souza_a_comunicacao_interna_na_administracao_publica_um_estudo_na_secretaria_municipal_de_educaa%C2%A7a%C2%A3o_de_via%C2%A7osa_rn.pdf\" target=\"_blank\" rel=\"noopener\">A COMUNICA\u00c7\u00c3O INTERNA NA ADMINISTRA\u00c7\u00c3O P\u00daBLICA: Um estudo na Secretaria Municipal de Educa\u00e7\u00e3o de Vi\u00e7osa\/RN<\/a><\/td>\n<td>Francisco Halison Lopes de Souza<\/td>\n<td>Prof<sup>a<\/sup>. Ma. Sidn\u00e9ia Maia de Oliveira Rego<\/td>\n<\/tr>\n<tr>\n<td><a href=\"https:\/\/www.uern.br\/controledepaginas\/2011\/arquivos\/5004francois_rodrigues_de_alencar_diagnostico_preliminar_da_gestao_dos_residuos_solidos_de_saude_um_estudo_no_municipio_de_vicosa_rn_a_luz_da_nova_pnrs_brasileira.pdf\" target=\"_blank\" rel=\"noopener\">DIAGN\u00d3STICO PRELIMINAR DA GEST\u00c3O DOS RES\u00cdDUOS S\u00d3LIDOS DE SA\u00daDE: um estudo no Munic\u00edpio de Vi\u00e7osa\/RN \u00e1 luz da nova PNRS brasileira<\/a><\/td>\n<td>Fran\u00e7ois Rodrigues de Alencar<\/td>\n<td>Prof. Me. Alexandre W\u00e1llace Ramos Pereira<\/td>\n<\/tr>\n<tr>\n<td><a href=\"https:\/\/www.uern.br\/controledepaginas\/2011\/arquivos\/5004jayr_alencar_lima_a_interatividade_da_comunidade_academica_do_ifrn_campus__pau_dos_ferros_com_o_sistema_q_academico.pdf\" target=\"_blank\" rel=\"noopener\">A INTERATIVIDADE DA COMUNIDADE ACAD\u00caMICA DO IFRN CAMPUS PAU DOS FERROS COM O SISTEMA Q-ACAD\u00caMICO<\/a><\/td>\n<td>Jayr Alencar Lima<\/td>\n<td>Prof<sup>a<\/sup>. Lindsay Wagner Lopes de Oliveira<\/td>\n<\/tr>\n<tr>\n<td><a href=\"https:\/\/www.uern.br\/controledepaginas\/2011\/arquivos\/5004joao_antunes_vieira_filho_analise_da_gestao_de_estoque_e_armazenagem_um_estudo_de_caso_no_atacadao_da_construcao.pdf\" target=\"_blank\" rel=\"noopener\">AN\u00c1LISE DA GEST\u00c3O DE ESTOQUE E ARMAZENAGEM: um estudo de caso no Atacad\u00e3o da Constru\u00e7\u00e3o<\/a><\/td>\n<td>Jo\u00e3o Antunes Vieira Filho<\/td>\n<td>Prof. Gledson Ant\u00f4nio Dias de Oliveira<\/td>\n<\/tr>\n<tr>\n<td><a href=\"https:\/\/www.uern.br\/controledepaginas\/2011\/arquivos\/5004manoel_jose_da_costa_neto_planejamento_estrategico_de_marketing_um_estudo_de_caso_na_empresa_va%C2%ADdeo_mania_com.pdf\" target=\"_blank\" rel=\"noopener\">Planejamento estrat\u00e9gico de marketing: um estudo de caso na empresa V\u00eddeo Mania.com<\/a><\/td>\n<td>Manoel Jos\u00e9 da Costa Neto<\/td>\n<td>Prof<sup>a<\/sup>. Ma. Michelle Yumi Felipe Okino<\/td>\n<\/tr>\n<tr>\n<td><a href=\"https:\/\/www.uern.br\/controledepaginas\/2011\/arquivos\/5004maria_isabel_silva_duarte_o_turismo_no_municipio_de_alexandriarn_uma_analise_de_seus_impactos_e_estrategias_sob_a_perspectiva_da_secretaria_municipal_de_turismo.pdf\" target=\"_blank\" rel=\"noopener\">O TURISMO NO MUNIC\u00cdPIO DE ALEXANDRIA\/RN: UMA AN\u00c1LISE DE SEUS IMPACTOS E ESTRAT\u00c9GIAS SOB A PERSPECTIVA DA SECRETARIA MUNICIPAL DE TURISMO<\/a><\/td>\n<td>Maria Isabel Silva Duarte<\/td>\n<td>Prof<sup>a<\/sup>. Ma. Michelle Yumi Felipe Okino<\/td>\n<\/tr>\n<tr>\n<td><a href=\"https:\/\/www.uern.br\/controledepaginas\/2011\/arquivos\/5004marnilsony_duarte_gomes_projovem_adolescente_no_municipio_de_tenente_ananias_rn_uma_analise_da_formaa%C2%A7a%C2%A3o_tecnica_geral_ftg_segundo_seus_agentes_implementadores.pdf\" target=\"_blank\" rel=\"noopener\">PROJOVEM ADOLESCENTE NO MUNIC\u00cdPIO DE TENENTE ANANIAS-RN \u2013 Uma an\u00e1lise da Forma\u00e7\u00e3o T\u00e9cnica Geral &#8211; FTG segundo seus agentes implementadores<\/a><\/td>\n<td>Marn\u00edlsony Duarte Gomes<\/td>\n<td>Prof. Me. Alexandre W\u00e1llace Ramos Pereira<\/td>\n<\/tr>\n<tr>\n<td><a href=\"https:\/\/www.uern.br\/controledepaginas\/2011\/arquivos\/5004vandeilson_vieira_de_almeida_o_mix_mercadologico_na_atracao_e_fidelizaa%E2%80%A1a%C6%92o_de_clientes_no_segmento_devarejo_o_caso_da_rede_oeste_em_alexandria_rn.pdf\" target=\"_blank\" rel=\"noopener\">O MIX MERCADOL\u00d3GICO NA ATRA\u00c7\u00c3O E FIDELIZA\u00c7\u00c3O DE CLIENTES NO SEGMENTO DE VAREJO: O caso da Rede Oeste em Alexandria-RN<\/a><\/td>\n<td>Vandeilson Vieira de Almeida<\/td>\n<td>Prof. Me. Edivaldo Rabelo de Menezes<\/td>\n<\/tr>\n<\/tbody>\n<\/table>\n","protected":false},"excerpt":{"rendered":"<p>T\u00edtulo Autor(a) Orientador(a) O MARKETING COMO PROPULSOR DO CRESCIMENTO E INOVA\u00c7\u00c3O NAS MICROEMPRESAS: O caso do Mercadinho Alves C\u00e1tia Morais Dias Prof. Me. Edivaldo Rabelo de Menezes MIX DE MARKETING E MATRIZ ESTRAT\u00c9GICA UMA ANALISE NA EMPRESA SILVEIC Ecimar Maria do Nascimento Profa. Ma. Michelle Yumi Felipe Okino A COMUNICA\u00c7\u00c3O INTERNA NA ADMINISTRA\u00c7\u00c3O P\u00daBLICA: Um [&hellip;]<\/p>\n","protected":false},"author":1,"featured_media":0,"parent":0,"menu_order":0,"comment_status":"closed","ping_status":"closed","template":"","meta":{"footnotes":""},"class_list":["post-657","page","type-page","status-publish","hentry"],"_links":{"self":[{"href":"https:\/\/portal.uern.br\/paudosferros\/administracao\/wp-json\/wp\/v2\/pages\/657","targetHints":{"allow":["GET"]}}],"collection":[{"href":"https:\/\/portal.uern.br\/paudosferros\/administracao\/wp-json\/wp\/v2\/pages"}],"about":[{"href":"https:\/\/portal.uern.br\/paudosferros\/administracao\/wp-json\/wp\/v2\/types\/page"}],"author":[{"embeddable":true,"href":"https:\/\/portal.uern.br\/paudosferros\/administracao\/wp-json\/wp\/v2\/users\/1"}],"replies":[{"embeddable":true,"href":"https:\/\/portal.uern.br\/paudosferros\/administracao\/wp-json\/wp\/v2\/comments?post=657"}],"version-history":[{"count":1,"href":"https:\/\/portal.uern.br\/paudosferros\/administracao\/wp-json\/wp\/v2\/pages\/657\/revisions"}],"predecessor-version":[{"id":658,"href":"https:\/\/portal.uern.br\/paudosferros\/administracao\/wp-json\/wp\/v2\/pages\/657\/revisions\/658"}],"wp:attachment":[{"href":"https:\/\/portal.uern.br\/paudosferros\/administracao\/wp-json\/wp\/v2\/media?parent=657"}],"curies":[{"name":"wp","href":"https:\/\/api.w.org\/{rel}","templated":true}]}}