{"id":635,"date":"2023-07-19T19:45:23","date_gmt":"2023-07-19T22:45:23","guid":{"rendered":"https:\/\/portal.uern.br\/paudosferros\/administracao\/?page_id=635"},"modified":"2026-03-04T11:11:35","modified_gmt":"2026-03-04T14:11:35","slug":"calendario-universitario","status":"publish","type":"page","link":"https:\/\/portal.uern.br\/paudosferros\/administracao\/calendario-universitario\/","title":{"rendered":"Calend\u00e1rio Universit\u00e1rio"},"content":{"rendered":"<table style=\"border-collapse: collapse;width: 100%\">\n<tbody>\n<tr>\n<td style=\"width: 100%\"><a href=\"https:\/\/sigaa.uern.br\/download\/calendario_universitario.pdf\">Calend\u00e1rio Universit\u00e1rio 2026<\/a><\/td>\n<\/tr>\n<\/tbody>\n<\/table>\n<table style=\"border-collapse: collapse;width: 100%;height: 23px\">\n<tbody>\n<tr style=\"height: 23px\">\n<td style=\"width: 100%;height: 23px\"><a href=\"https:\/\/portal.uern.br\/paudosferros\/administracao\/wp-content\/uploads\/sites\/3\/2024\/11\/Resolucao-no-24-2024-CONSEPE-Aprova-o-Calendario-Universitario-referente-ao-ano-letivo-2025-da-Uern-e-da-outras-providencias-2.pdf\">Calend\u00e1rio Universit\u00e1rio 2025<\/a><\/td>\n<\/tr>\n<\/tbody>\n<\/table>\n<table style=\"border-collapse: collapse;width: 100%\">\n<tbody>\n<tr>\n<td style=\"width: 100%\"><a href=\"https:\/\/portal.uern.br\/paudosferros\/administracao\/wp-content\/uploads\/sites\/3\/2024\/11\/Calendario-Academico-2024.pdf\">Calend\u00e1rio Universit\u00e1rio 2024<\/a><\/td>\n<\/tr>\n<\/tbody>\n<\/table>\n<table style=\"border-collapse: collapse;width: 100%\">\n<tbody>\n<tr>\n<td style=\"width: 100%\"><a href=\"https:\/\/portal.uern.br\/paudosferros\/administracao\/wp-content\/uploads\/sites\/3\/2024\/11\/Calendario-universitario-2023.pdf\">Calend\u00e1rio Universit\u00e1rio 2023<\/a><\/td>\n<\/tr>\n<\/tbody>\n<\/table>\n<table style=\"border-collapse: collapse;width: 100%\">\n<tbody>\n<tr>\n<td style=\"width: 100%\"><a href=\"http:\/\/www.uern.br\/controledepaginas\/calendario-universitario\/arquivos\/6690calenda%C2%A1rio_universita%C2%A1rio_2022.pdf\">Calend\u00e1rio Universit\u00e1rio 2022<\/a><\/td>\n<\/tr>\n<\/tbody>\n<\/table>\n<table style=\"border-collapse: collapse;width: 100%\">\n<tbody>\n<tr>\n<td style=\"width: 100%\"><a href=\"http:\/\/www.uern.br\/controledepaginas\/calendario-universitario\/arquivos\/6690calenda%C2%A1rio_universita%C2%A1rio_2021.2.pdf\">Calend\u00e1rio Universit\u00e1rio 2021.2<\/a><\/td>\n<\/tr>\n<\/tbody>\n<\/table>\n<p>&nbsp;<\/p>\n","protected":false},"excerpt":{"rendered":"<p>Calend\u00e1rio Universit\u00e1rio 2026 Calend\u00e1rio Universit\u00e1rio 2025 Calend\u00e1rio Universit\u00e1rio 2024 Calend\u00e1rio Universit\u00e1rio 2023 Calend\u00e1rio Universit\u00e1rio 2022 Calend\u00e1rio Universit\u00e1rio 2021.2 &nbsp;<\/p>\n","protected":false},"author":1,"featured_media":0,"parent":0,"menu_order":0,"comment_status":"closed","ping_status":"closed","template":"","meta":{"footnotes":""},"class_list":["post-635","page","type-page","status-publish","hentry"],"_links":{"self":[{"href":"https:\/\/portal.uern.br\/paudosferros\/administracao\/wp-json\/wp\/v2\/pages\/635","targetHints":{"allow":["GET"]}}],"collection":[{"href":"https:\/\/portal.uern.br\/paudosferros\/administracao\/wp-json\/wp\/v2\/pages"}],"about":[{"href":"https:\/\/portal.uern.br\/paudosferros\/administracao\/wp-json\/wp\/v2\/types\/page"}],"author":[{"embeddable":true,"href":"https:\/\/portal.uern.br\/paudosferros\/administracao\/wp-json\/wp\/v2\/users\/1"}],"replies":[{"embeddable":true,"href":"https:\/\/portal.uern.br\/paudosferros\/administracao\/wp-json\/wp\/v2\/comments?post=635"}],"version-history":[{"count":9,"href":"https:\/\/portal.uern.br\/paudosferros\/administracao\/wp-json\/wp\/v2\/pages\/635\/revisions"}],"predecessor-version":[{"id":1114,"href":"https:\/\/portal.uern.br\/paudosferros\/administracao\/wp-json\/wp\/v2\/pages\/635\/revisions\/1114"}],"wp:attachment":[{"href":"https:\/\/portal.uern.br\/paudosferros\/administracao\/wp-json\/wp\/v2\/media?parent=635"}],"curies":[{"name":"wp","href":"https:\/\/api.w.org\/{rel}","templated":true}]}}