{"id":248,"date":"2022-09-21T16:28:18","date_gmt":"2022-09-21T19:28:18","guid":{"rendered":"https:\/\/paisdemossoro.com.br\/wordpress\/patu\/?page_id=248"},"modified":"2025-08-08T11:33:19","modified_gmt":"2025-08-08T14:33:19","slug":"contato","status":"publish","type":"page","link":"https:\/\/portal.uern.br\/patu\/contato\/","title":{"rendered":"Contato"},"content":{"rendered":"<h5>Endere\u00e7o:<\/h5>\n<p>Campus Avan\u00e7ado de Patu<\/p>\n<p>Avenida Lauro Maia, 782<\/p>\n<p>Patu\/RN<\/p>\n<p>CEP 59770-000<\/p>\n<h5>Hor\u00e1rio de atendimento:<\/h5>\n<p>De segunda a sexta, das 07h \u00e0s 13h e das 16h \u00e0s 22h.<\/p>\n<p>&nbsp;<\/p>\n<h5>E-mail&#8217;s:<\/h5>\n<p>Secretaria Geral: patu@uern.br<\/p>\n<p>Departamento de Ci\u00eancias Cont\u00e1beis:\u00a0dcc_patu@uern.br<\/p>\n<p>Departamento de Educa\u00e7\u00e3o:\u00a0de_patu@uern.br<\/p>\n<p>Departamento\u00a0de Matem\u00e1tica:\u00a0dme_patu@uern.br<\/p>\n<p>Departamento de Letras:\u00a0dl_patu@uern.br<\/p>\n<p>&nbsp;<\/p>\n<h5>Twitter:<\/h5>\n<p>@CAP_UERN<br \/>\nInstagram: capuern<\/p>\n<p>Facebook: Campus de Patu<\/p>\n","protected":false},"excerpt":{"rendered":"<p>Endere\u00e7o: Campus Avan\u00e7ado de Patu Avenida Lauro Maia, 782 Patu\/RN CEP 59770-000 Hor\u00e1rio de atendimento: De segunda a sexta, das 07h \u00e0s 13h e das 16h \u00e0s 22h. &nbsp; E-mail&#8217;s: Secretaria Geral: patu@uern.br Departamento de Ci\u00eancias Cont\u00e1beis:\u00a0dcc_patu@uern.br Departamento de Educa\u00e7\u00e3o:\u00a0de_patu@uern.br Departamento\u00a0de Matem\u00e1tica:\u00a0dme_patu@uern.br Departamento de Letras:\u00a0dl_patu@uern.br &nbsp; Twitter: @CAP_UERN Instagram: capuern Facebook: Campus de Patu<\/p>\n","protected":false},"author":1,"featured_media":0,"parent":0,"menu_order":0,"comment_status":"closed","ping_status":"closed","template":"","meta":{"footnotes":""},"class_list":["post-248","page","type-page","status-publish","hentry"],"_links":{"self":[{"href":"https:\/\/portal.uern.br\/patu\/wp-json\/wp\/v2\/pages\/248","targetHints":{"allow":["GET"]}}],"collection":[{"href":"https:\/\/portal.uern.br\/patu\/wp-json\/wp\/v2\/pages"}],"about":[{"href":"https:\/\/portal.uern.br\/patu\/wp-json\/wp\/v2\/types\/page"}],"author":[{"embeddable":true,"href":"https:\/\/portal.uern.br\/patu\/wp-json\/wp\/v2\/users\/1"}],"replies":[{"embeddable":true,"href":"https:\/\/portal.uern.br\/patu\/wp-json\/wp\/v2\/comments?post=248"}],"version-history":[{"count":5,"href":"https:\/\/portal.uern.br\/patu\/wp-json\/wp\/v2\/pages\/248\/revisions"}],"predecessor-version":[{"id":1389,"href":"https:\/\/portal.uern.br\/patu\/wp-json\/wp\/v2\/pages\/248\/revisions\/1389"}],"wp:attachment":[{"href":"https:\/\/portal.uern.br\/patu\/wp-json\/wp\/v2\/media?parent=248"}],"curies":[{"name":"wp","href":"https:\/\/api.w.org\/{rel}","templated":true}]}}