{"id":219,"date":"2022-09-21T16:12:44","date_gmt":"2022-09-21T19:12:44","guid":{"rendered":"https:\/\/paisdemossoro.com.br\/wordpress\/patu\/?page_id=219"},"modified":"2025-12-05T09:39:54","modified_gmt":"2025-12-05T12:39:54","slug":"estrutura","status":"publish","type":"page","link":"https:\/\/portal.uern.br\/patu\/estrutura\/","title":{"rendered":"Equipe"},"content":{"rendered":"<h3>Diretoria<\/h3>\n<p>Prof.\u00aa Dra. Claudia Maria Fel\u00edcio Ferreira Tom\u00e9 (Diretora)<\/p>\n<p>Prof. Me. Benedito Manoel do Nascimento Costa (Vice-Diretor)<\/p>\n<p>Aldrich Heuser C\u00e2mara Godeiro (Secret\u00e1rio Geral)<\/p>\n<p>Francisco J\u00fanior Souza Albuquerque (Auxiliar Administrativo)<\/p>\n<p>Hort\u00eancia Ferreira Dutra (Chefe de Divis\u00e3o de Pol\u00edticas e A\u00e7\u00f5es Inclusivas)<\/p>\n<p>Ivanna Nunes de Ara\u00fajo (Ouvidora)<\/p>\n<p>Larissa de Almeida Medeiros (Chefe de Divis\u00e3o de Governan\u00e7a)<\/p>\n<p>Ranison Carlos Godeiro (Chefe de Divis\u00e3o de Transportes)<\/p>\n<p>Rivaldo Maia Santos (Chefe de Divis\u00e3o de Tecnologia da Informa\u00e7\u00e3o)<\/p>\n<h4>Departamento de Ci\u00eancias Cont\u00e1beis<\/h4>\n<p>Prof. Esp. Alu\u00edsio Dutra de Oliveira (Chefe do Departamento)<\/p>\n<p>Prof.\u00aa Dra. Marliete Lopes dos Santos (Subchefe)<\/p>\n<p>Roberth de Andrade Fontes (Secret\u00e1rio)<\/p>\n<p>\u00c2ngela da Trindade Leal (Auxiliar Administrativa)<\/p>\n<h4>Departamento de Matem\u00e1tica e Estat\u00edstica<\/h4>\n<p>Prof. Dr. Roberto Mariano de Ara\u00fajo Filho (Chefe do Departamento)<\/p>\n<p>Prof. Me. Francin\u00e1rio Oliveira de Ara\u00fajo (Subchefe)<\/p>\n<p>Maria K\u00edlvia da Silva Ferreira (Secret\u00e1ria)<\/p>\n<p>Adriana Andrade Lira (Auxiliar Administrativa)<\/p>\n<h4>Departamento de Educa\u00e7\u00e3o<\/h4>\n<p>Prof. Dra. Francisca Edilma Braga Soares Aureliano (Chefe de Departamento)<\/p>\n<p>Prof.\u00aa Ma. Soraya Nunes dos Santos Pereira (Subchefe)<\/p>\n<p>Glandelmar Brilhante de Souto (Secret\u00e1rio)<\/p>\n<p>Silvana Elizabete de Andrade (Auxiliar Administrativa)<\/p>\n<h4>Departamento de Letras<\/h4>\n<p>Prof.\u00aa Dra. Luciana Fernandes Nery (Chefe de Departamento)<\/p>\n<p>Ana Paula Bezerra dos Santos (Secret\u00e1ria)<\/p>\n<p>Sildean Kidelly Alves de Ara\u00fajo (Auxiliar Administrativo)<\/p>\n<h4>Polo EaD UAB &#8211; Universidade Aberta do Brasil<\/h4>\n<p>Silvana Elizabete de Andrade (Coordenadora)<\/p>\n<p>Maria Clara Fernandes de Andrade (Secret\u00e1ria)<\/p>\n<h4>Biblioteca Setorial<\/h4>\n<p>Edson Estevam da Silva (Coordenador)<\/p>\n<p>Alline Heloise Valle Paiva (Bibliotec\u00e1ria)<\/p>\n<p>Edicarlos Dias Ferreira (Auxiliar Administrativo)<\/p>\n<p>Jos\u00e9 Serafim dos Santos Neto (Auxiliar Administrativo)<\/p>\n<p>Lygia Raaby Juv\u00eancio de Ara\u00fajo (Auxiliar Administrativa\/Ouvidora)<\/p>\n<h4>Equipe de Motoristas &#8211; Empresa: Clarear<\/h4>\n<p>Aurilucio Soares Fernandes<\/p>\n<p>Emanoel Fracelino de Moura<\/p>\n<p>Mariuzan da Silva Andrade<\/p>\n<h4>Equipe dos Vigilantes<\/h4>\n<p>Danilson de Oliveira Godeiro<\/p>\n<p>Henry Maciel Oliveira Santos<\/p>\n<p>Kennedy Calixta Batista Gomes<\/p>\n<p>Paulo Wictor de Almeida Gomes<\/p>\n<h4>Equipe dos Auxiliares (Copeiragem, Jardinagem, Manuten\u00e7\u00e3o e Servi\u00e7os Gerais)<\/h4>\n<p>Anderson de Moura Melo<\/p>\n<p>Antonio Rodolfo de Melo Duarte<\/p>\n<p>Francisca Cleide da Silva<\/p>\n<p>Francisca Z\u00e9lia Maia Souza<\/p>\n<p>Jos\u00e9 Emanuel Moura Silva<\/p>\n<p>Jos\u00e9 Renato da Silva<\/p>\n<p>Maria Jos\u00e9 Sim\u00e3o Azevedo<\/p>\n<p>Rita Gilcicleide Diniz<\/p>\n","protected":false},"excerpt":{"rendered":"<p>Diretoria Prof.\u00aa Dra. Claudia Maria Fel\u00edcio Ferreira Tom\u00e9 (Diretora) Prof. Me. Benedito Manoel do Nascimento Costa (Vice-Diretor) Aldrich Heuser C\u00e2mara Godeiro (Secret\u00e1rio Geral) Francisco J\u00fanior Souza Albuquerque (Auxiliar Administrativo) Hort\u00eancia Ferreira Dutra (Chefe de Divis\u00e3o de Pol\u00edticas e A\u00e7\u00f5es Inclusivas) Ivanna Nunes de Ara\u00fajo (Ouvidora) Larissa de Almeida Medeiros (Chefe de Divis\u00e3o de Governan\u00e7a) Ranison [&hellip;]<\/p>\n","protected":false},"author":1,"featured_media":0,"parent":0,"menu_order":0,"comment_status":"closed","ping_status":"closed","template":"","meta":{"footnotes":""},"class_list":["post-219","page","type-page","status-publish","hentry"],"_links":{"self":[{"href":"https:\/\/portal.uern.br\/patu\/wp-json\/wp\/v2\/pages\/219","targetHints":{"allow":["GET"]}}],"collection":[{"href":"https:\/\/portal.uern.br\/patu\/wp-json\/wp\/v2\/pages"}],"about":[{"href":"https:\/\/portal.uern.br\/patu\/wp-json\/wp\/v2\/types\/page"}],"author":[{"embeddable":true,"href":"https:\/\/portal.uern.br\/patu\/wp-json\/wp\/v2\/users\/1"}],"replies":[{"embeddable":true,"href":"https:\/\/portal.uern.br\/patu\/wp-json\/wp\/v2\/comments?post=219"}],"version-history":[{"count":16,"href":"https:\/\/portal.uern.br\/patu\/wp-json\/wp\/v2\/pages\/219\/revisions"}],"predecessor-version":[{"id":1402,"href":"https:\/\/portal.uern.br\/patu\/wp-json\/wp\/v2\/pages\/219\/revisions\/1402"}],"wp:attachment":[{"href":"https:\/\/portal.uern.br\/patu\/wp-json\/wp\/v2\/media?parent=219"}],"curies":[{"name":"wp","href":"https:\/\/api.w.org\/{rel}","templated":true}]}}