{"id":1393,"date":"2025-12-05T08:43:31","date_gmt":"2025-12-05T11:43:31","guid":{"rendered":"https:\/\/portal.uern.br\/patu\/?page_id=1393"},"modified":"2025-12-05T08:43:31","modified_gmt":"2025-12-05T11:43:31","slug":"eleicao-para-direcao-e-vice-direcao-do-campus-avancado-de-patu","status":"publish","type":"page","link":"https:\/\/portal.uern.br\/patu\/eleicao-para-direcao-e-vice-direcao-do-campus-avancado-de-patu\/","title":{"rendered":"Elei\u00e7\u00e3o para Dire\u00e7\u00e3o e Vice-Dire\u00e7\u00e3o do Campus Avan\u00e7ado de Patu"},"content":{"rendered":"<p data-raofz=\"16\">O Campus Avan\u00e7ado de Patu (CAP\/UERN) divulga o <a href=\"https:\/\/portal.uern.br\/patu\/wp-content\/uploads\/2025\/12\/Edital-1.2025-Comissao-Eleitoral-Eleicao-Direcao-e-Vice-do-CAP.pdf\">Edital n\u00ba 1\/2025-Comiss\u00e3o Eleitoral\/CAP\/UERN<\/a>, que trata das elei\u00e7\u00f5es para os cargos de diretor(a) e vice-diretor(a) para o quadri\u00eanio 2026\/2030.<\/p>\n<p data-raofz=\"16\">As inscri\u00e7\u00f5es das candidaturas devem ser realizadas entre os dias 4 e 9 de fevereiro de 2026, mediante requerimento \u00e0 Comiss\u00e3o Eleitoral, atrav\u00e9s do e-mail comissaoeleitoral.cap@uern.br, acompanhado dos documentos comprobat\u00f3rios da condi\u00e7\u00e3o de elegibilidade.<\/p>\n<div data-raofz=\"16\"><span data-raofz=\"16\">As elei\u00e7\u00f5es ocorrer\u00e3o no dia 24 de mar\u00e7o, das 8h \u00e0s 22h, de forma remota atrav\u00e9s da Plataforma <a href=\"https:\/\/sigaa.uern.br\/sigeleicao\/\">SIGElei\u00e7\u00e3o<\/a>.<\/span><\/div>\n<div data-raofz=\"16\"><span data-raofz=\"16\">\u00a0<\/span><\/div>\n<div data-raofz=\"16\"><span data-raofz=\"16\">T\u00eam direito a voto docentes, discentes e t\u00e9cnicos do Campus Avan\u00e7ado de Patu, mediante confer\u00eancia da lista dos aptos a votar, expedidas pelos \u00f3rg\u00e3os competentes da Universidade.<\/span><\/div>\n<div data-raofz=\"16\"><\/div>\n<div data-raofz=\"16\">Confira mais detalhes sobre o processo eleitoral no <a href=\"https:\/\/portal.uern.br\/patu\/wp-content\/uploads\/2025\/12\/Edital-1.2025-Comissao-Eleitoral-Eleicao-Direcao-e-Vice-do-CAP.pdf\">EDITAL<\/a>.<\/div>\n","protected":false},"excerpt":{"rendered":"<p>O Campus Avan\u00e7ado de Patu (CAP\/UERN) divulga o Edital n\u00ba 1\/2025-Comiss\u00e3o Eleitoral\/CAP\/UERN, que trata das elei\u00e7\u00f5es para os cargos de diretor(a) e vice-diretor(a) para o quadri\u00eanio 2026\/2030. As inscri\u00e7\u00f5es das candidaturas devem ser realizadas entre os dias 4 e 9 de fevereiro de 2026, mediante requerimento \u00e0 Comiss\u00e3o Eleitoral, atrav\u00e9s do e-mail comissaoeleitoral.cap@uern.br, acompanhado dos [&hellip;]<\/p>\n","protected":false},"author":2,"featured_media":0,"parent":0,"menu_order":0,"comment_status":"closed","ping_status":"closed","template":"","meta":{"footnotes":""},"class_list":["post-1393","page","type-page","status-publish","hentry"],"_links":{"self":[{"href":"https:\/\/portal.uern.br\/patu\/wp-json\/wp\/v2\/pages\/1393","targetHints":{"allow":["GET"]}}],"collection":[{"href":"https:\/\/portal.uern.br\/patu\/wp-json\/wp\/v2\/pages"}],"about":[{"href":"https:\/\/portal.uern.br\/patu\/wp-json\/wp\/v2\/types\/page"}],"author":[{"embeddable":true,"href":"https:\/\/portal.uern.br\/patu\/wp-json\/wp\/v2\/users\/2"}],"replies":[{"embeddable":true,"href":"https:\/\/portal.uern.br\/patu\/wp-json\/wp\/v2\/comments?post=1393"}],"version-history":[{"count":1,"href":"https:\/\/portal.uern.br\/patu\/wp-json\/wp\/v2\/pages\/1393\/revisions"}],"predecessor-version":[{"id":1394,"href":"https:\/\/portal.uern.br\/patu\/wp-json\/wp\/v2\/pages\/1393\/revisions\/1394"}],"wp:attachment":[{"href":"https:\/\/portal.uern.br\/patu\/wp-json\/wp\/v2\/media?parent=1393"}],"curies":[{"name":"wp","href":"https:\/\/api.w.org\/{rel}","templated":true}]}}