{"id":1142,"date":"2023-11-10T10:19:46","date_gmt":"2023-11-10T13:19:46","guid":{"rendered":"https:\/\/portal.uern.br\/patu\/?page_id=1142"},"modified":"2025-06-25T10:01:44","modified_gmt":"2025-06-25T13:01:44","slug":"seuni2023","status":"publish","type":"page","link":"https:\/\/portal.uern.br\/patu\/eventos\/seuni2023\/","title":{"rendered":"XVI SEUNI (2023)"},"content":{"rendered":"<p><img fetchpriority=\"high\" decoding=\"async\" class=\" wp-image-1160 aligncenter\" src=\"https:\/\/portal.uern.br\/patu\/wp-content\/uploads\/2023\/11\/XVI-SEUNI_post-divulgacao-data-300x300.png\" alt=\"\" width=\"482\" height=\"482\" srcset=\"https:\/\/portal.uern.br\/patu\/wp-content\/uploads\/2023\/11\/XVI-SEUNI_post-divulgacao-data-300x300.png 300w, https:\/\/portal.uern.br\/patu\/wp-content\/uploads\/2023\/11\/XVI-SEUNI_post-divulgacao-data-1024x1024.png 1024w, https:\/\/portal.uern.br\/patu\/wp-content\/uploads\/2023\/11\/XVI-SEUNI_post-divulgacao-data-150x150.png 150w, https:\/\/portal.uern.br\/patu\/wp-content\/uploads\/2023\/11\/XVI-SEUNI_post-divulgacao-data-768x768.png 768w, https:\/\/portal.uern.br\/patu\/wp-content\/uploads\/2023\/11\/XVI-SEUNI_post-divulgacao-data.png 1080w\" sizes=\"(max-width: 482px) 100vw, 482px\" \/><span style=\"font-family: helvetica, arial, sans-serif\"><br \/>\n<span style=\"font-family: tahoma, arial, helvetica, sans-serif\">A XVI Semana Universit\u00e1ria do Campus Avan\u00e7ado de Patu (XVI SEUNI) est\u00e1 com as inscri\u00e7\u00f5es abertas! As inscri\u00e7\u00f5es est\u00e3o sendo feitas atrav\u00e9s de formul\u00e1rio dispon\u00edvel nesta p\u00e1gina, e tamb\u00e9m nos storys e no link da bio do instagram (@seuni.cap) do evento. Em sua XVI edi\u00e7\u00e3o, a Seuni tem como tema &#8220;<strong>Intelig\u00eancia artificial e educa\u00e7\u00e3o: desenvolvimento e (trans)forma\u00e7\u00e3o<\/strong>&#8220;, com o intuito de discutir como a intelig\u00eancia artificial poder\u00e1 contribuir para a constru\u00e7\u00e3o de um futuro educacional mais din\u00e2mico, considerando-se que o di\u00e1logo aberto sobre a integra\u00e7\u00e3o da IA na educa\u00e7\u00e3o \u00e9 essencial para preparar os estudantes para os desafios do s\u00e9culo XXI.<\/span><\/span><\/p>\n<p>As inscri\u00e7\u00f5es poder\u00e3o ser realizadas de 9\/11 a 10\/12\/2023.<\/p>\n<p>O valor da inscri\u00e7\u00e3o \u00e9 R$ 30,00 e o participante poder\u00e1 optar por dois minicursos e uma oficina (a participa\u00e7\u00e3o nos minicursos e oficinas depender\u00e3o da disponibilidade do n\u00famero de vagas ofertadas &#8211; fa\u00e7a logo sua inscri\u00e7\u00e3o). O participante tamb\u00e9m ter\u00e1 acesso \u00e0 mesa-redonda e palestras.<\/p>\n<p>Conhe\u00e7a os Minicursos <a href=\"https:\/\/portal.uern.br\/patu\/xvi-seuni-minicursos\/\">aqui<\/a>.<\/p>\n<p>Conhe\u00e7a as Oficinas <a href=\"https:\/\/portal.uern.br\/patu\/xvi-seuni-oficinas\/\">aqui<\/a>.<\/p>\n<p><span style=\"font-family: tahoma, arial, helvetica, sans-serif\">Fa\u00e7a sua inscri\u00e7\u00e3o <a href=\"https:\/\/docs.google.com\/forms\/d\/1rqlKwi_br92OQOuIJ2MHT0NNUZyyM8LEg1JEA8ZUI3A\/viewform?pli=1&amp;pli=1&amp;edit_requested=true\" target=\"_blank\" rel=\"noopener\">aqui<\/a>.<\/span><\/p>\n","protected":false},"excerpt":{"rendered":"<p>A XVI Semana Universit\u00e1ria do Campus Avan\u00e7ado de Patu (XVI SEUNI) est\u00e1 com as inscri\u00e7\u00f5es abertas! As inscri\u00e7\u00f5es est\u00e3o sendo feitas atrav\u00e9s de formul\u00e1rio dispon\u00edvel nesta p\u00e1gina, e tamb\u00e9m nos storys e no link da bio do instagram (@seuni.cap) do evento. Em sua XVI edi\u00e7\u00e3o, a Seuni tem como tema &#8220;Intelig\u00eancia artificial e educa\u00e7\u00e3o: desenvolvimento [&hellip;]<\/p>\n","protected":false},"author":2,"featured_media":0,"parent":1156,"menu_order":0,"comment_status":"closed","ping_status":"closed","template":"","meta":{"footnotes":""},"class_list":["post-1142","page","type-page","status-publish","hentry"],"_links":{"self":[{"href":"https:\/\/portal.uern.br\/patu\/wp-json\/wp\/v2\/pages\/1142","targetHints":{"allow":["GET"]}}],"collection":[{"href":"https:\/\/portal.uern.br\/patu\/wp-json\/wp\/v2\/pages"}],"about":[{"href":"https:\/\/portal.uern.br\/patu\/wp-json\/wp\/v2\/types\/page"}],"author":[{"embeddable":true,"href":"https:\/\/portal.uern.br\/patu\/wp-json\/wp\/v2\/users\/2"}],"replies":[{"embeddable":true,"href":"https:\/\/portal.uern.br\/patu\/wp-json\/wp\/v2\/comments?post=1142"}],"version-history":[{"count":17,"href":"https:\/\/portal.uern.br\/patu\/wp-json\/wp\/v2\/pages\/1142\/revisions"}],"predecessor-version":[{"id":1366,"href":"https:\/\/portal.uern.br\/patu\/wp-json\/wp\/v2\/pages\/1142\/revisions\/1366"}],"up":[{"embeddable":true,"href":"https:\/\/portal.uern.br\/patu\/wp-json\/wp\/v2\/pages\/1156"}],"wp:attachment":[{"href":"https:\/\/portal.uern.br\/patu\/wp-json\/wp\/v2\/media?parent=1142"}],"curies":[{"name":"wp","href":"https:\/\/api.w.org\/{rel}","templated":true}]}}