{"id":597,"date":"2023-07-18T16:31:51","date_gmt":"2023-07-18T19:31:51","guid":{"rendered":"https:\/\/portal.uern.br\/patu\/matematica\/?page_id=597"},"modified":"2024-04-18T10:43:02","modified_gmt":"2024-04-18T13:43:02","slug":"normas-de-monografia","status":"publish","type":"page","link":"https:\/\/portal.uern.br\/patu\/matematica\/normas-de-monografia\/","title":{"rendered":"Normas de Monografia"},"content":{"rendered":"<p>Para a elabora\u00e7\u00e3o do TCC, o discente deve procurar um professor, segundo as normas do regimento interno do curso de Licenciatura em Matem\u00e1tica, para ser seu orientador e redigir o seu trabalho.<\/p>\n<p>Na modalidade Monografia o discente dever\u00e1 apresent\u00e1-lo a uma banca, composta pelo orientador como presidente da banca, e dois professores convidados pelo orientador, que podem ser do pr\u00f3prio departamento, de outro departamento da UERN ou vinculado a outra Institui\u00e7\u00e3o de Ensino Superior (IES), que avaliar\u00e1 o trabalho por meio do modelo da ficha avaliativa que consta no Ap\u00eandice A. Os membros da banca poder\u00e3o participar presencialmente ou via acesso remoto, devendo neste \u00faltimo caso, enviar o parecer da sua avalia\u00e7\u00e3o ao presidente da banca. O orientador fica impedido de se ausentar da banca e, caso aconte\u00e7am imprevistos, a data da defesa dever\u00e1 ser alterada, dentro do prazo estabelecido pela coordena\u00e7\u00e3o. A banca n\u00e3o pode ser realizada sem a participa\u00e7\u00e3o m\u00ednima de dois membros. Outras instru\u00e7\u00f5es a respeito da monografia podem ser vistas, com mais detalhes, no regimento interno do curso.<\/p>\n<p>J\u00e1 na modalidade Artigo Cient\u00edfico o discente ser\u00e1 avaliado no componente curricular Trabalho de Conclus\u00e3o de Curso pelo professor da disciplina, segundo ficha de avalia\u00e7\u00e3o do artigo que consta no Ap\u00eandice B. O discente dever\u00e1 apresentar junto ao artigo para avalia\u00e7\u00e3o, uma carta de aceite emitida pela coordena\u00e7\u00e3o do evento ou peri\u00f3dico. Ser\u00e3o aceitos os pareceres ou carta de aceite anexados ao artigo de eventos cient\u00edficos, a n\u00edvel nacional ou internacional, nas \u00e1reas de: Educa\u00e7\u00e3o, Educa\u00e7\u00e3o Matem\u00e1tica, Matem\u00e1tica Aplicada ou Matem\u00e1tica Pura. Caso o artigo seja submetido ao peri\u00f3dico, este dever\u00e1 possuir Qualis Capes. Em ambos os casos, os artigos devem ser submetidos com a coautoria do orientador escolhido pelo discente para orient\u00e1-lo.<\/p>\n","protected":false},"excerpt":{"rendered":"<p>Para a elabora\u00e7\u00e3o do TCC, o discente deve procurar um professor, segundo as normas do regimento interno do curso de Licenciatura em Matem\u00e1tica, para ser seu orientador e redigir o seu trabalho. Na modalidade Monografia o discente dever\u00e1 apresent\u00e1-lo a uma banca, composta pelo orientador como presidente da banca, e dois professores convidados pelo orientador, [&hellip;]<\/p>\n","protected":false},"author":1,"featured_media":0,"parent":0,"menu_order":0,"comment_status":"closed","ping_status":"closed","template":"","meta":{"footnotes":""},"class_list":["post-597","page","type-page","status-publish","hentry"],"_links":{"self":[{"href":"https:\/\/portal.uern.br\/patu\/matematica\/wp-json\/wp\/v2\/pages\/597","targetHints":{"allow":["GET"]}}],"collection":[{"href":"https:\/\/portal.uern.br\/patu\/matematica\/wp-json\/wp\/v2\/pages"}],"about":[{"href":"https:\/\/portal.uern.br\/patu\/matematica\/wp-json\/wp\/v2\/types\/page"}],"author":[{"embeddable":true,"href":"https:\/\/portal.uern.br\/patu\/matematica\/wp-json\/wp\/v2\/users\/1"}],"replies":[{"embeddable":true,"href":"https:\/\/portal.uern.br\/patu\/matematica\/wp-json\/wp\/v2\/comments?post=597"}],"version-history":[{"count":2,"href":"https:\/\/portal.uern.br\/patu\/matematica\/wp-json\/wp\/v2\/pages\/597\/revisions"}],"predecessor-version":[{"id":960,"href":"https:\/\/portal.uern.br\/patu\/matematica\/wp-json\/wp\/v2\/pages\/597\/revisions\/960"}],"wp:attachment":[{"href":"https:\/\/portal.uern.br\/patu\/matematica\/wp-json\/wp\/v2\/media?parent=597"}],"curies":[{"name":"wp","href":"https:\/\/api.w.org\/{rel}","templated":true}]}}