{"id":591,"date":"2023-07-18T16:29:35","date_gmt":"2023-07-18T19:29:35","guid":{"rendered":"https:\/\/portal.uern.br\/patu\/matematica\/?page_id=591"},"modified":"2023-07-18T16:29:35","modified_gmt":"2023-07-18T19:29:35","slug":"estagio-curricular","status":"publish","type":"page","link":"https:\/\/portal.uern.br\/patu\/matematica\/estagio-curricular\/","title":{"rendered":"Est\u00e1gio Curricular"},"content":{"rendered":"<p>Segundo o Art. 2\u00ba da Resolu\u00e7\u00e3o n\u00ba 36\/2010 \u2013 CONSEPE\/UERN o Est\u00e1gio Curricular Supervisionado dos cursos de licenciatura da Universidade do Estado do Rio Grande do Norte &#8211; UERN \u00e9 concebido como um campo de conhecimento te\u00f3rico-pr\u00e1tico e interdisciplinar, que possibilita ao educando a aproxima\u00e7\u00e3o, reflex\u00e3o, intera\u00e7\u00e3o e atua\u00e7\u00e3o no contexto social, \u00e9tico, pol\u00edtico, tecnol\u00f3gico, cultural e educacional no qual o trabalho docente est\u00e1 inserido, configurando-se, assim, como espa\u00e7o de converg\u00eancia dos conhecimentos cient\u00edficos pertinentes a cada \u00e1rea e das experi\u00eancias pedag\u00f3gicas vivenciadas no decorrer dos cursos, sendo essencial para a forma\u00e7\u00e3o de compet\u00eancias docentes do futuro profissional licenciado.<\/p>\n<p>O est\u00e1gio ser\u00e1 desenvolvido em Escola P\u00fablica, preferencialmente, e em Escola Privada da Educa\u00e7\u00e3o B\u00e1sica, nos anos finais do Ensino Fundamental e no Ensino M\u00e9dio, preferencialmente na sede de oferta do curso, respeitando as demais especifica\u00e7\u00f5es presentes na legisla\u00e7\u00e3o interna da UERN.<\/p>\n<p>Os Est\u00e1gios Curriculares Supervisionados totalizam 480 horas e est\u00e3o previstos para a segunda metade do Curso, a saber, a partir do 7\u00ba per\u00edodo, quando o aluno est\u00e1 se tornando profissional.<\/p>\n<p>O aluno dever\u00e1 exercer a doc\u00eancia compartilhada, sob a supervis\u00e3o de um docente, denominado supervisor de est\u00e1gio, do quadro efetivo do Departamento de Matem\u00e1tica da UERN-CAP.<\/p>\n","protected":false},"excerpt":{"rendered":"<p>Segundo o Art. 2\u00ba da Resolu\u00e7\u00e3o n\u00ba 36\/2010 \u2013 CONSEPE\/UERN o Est\u00e1gio Curricular Supervisionado dos cursos de licenciatura da Universidade do Estado do Rio Grande do Norte &#8211; UERN \u00e9 concebido como um campo de conhecimento te\u00f3rico-pr\u00e1tico e interdisciplinar, que possibilita ao educando a aproxima\u00e7\u00e3o, reflex\u00e3o, intera\u00e7\u00e3o e atua\u00e7\u00e3o no contexto social, \u00e9tico, pol\u00edtico, tecnol\u00f3gico, [&hellip;]<\/p>\n","protected":false},"author":1,"featured_media":0,"parent":0,"menu_order":0,"comment_status":"closed","ping_status":"closed","template":"","meta":{"footnotes":""},"class_list":["post-591","page","type-page","status-publish","hentry"],"_links":{"self":[{"href":"https:\/\/portal.uern.br\/patu\/matematica\/wp-json\/wp\/v2\/pages\/591","targetHints":{"allow":["GET"]}}],"collection":[{"href":"https:\/\/portal.uern.br\/patu\/matematica\/wp-json\/wp\/v2\/pages"}],"about":[{"href":"https:\/\/portal.uern.br\/patu\/matematica\/wp-json\/wp\/v2\/types\/page"}],"author":[{"embeddable":true,"href":"https:\/\/portal.uern.br\/patu\/matematica\/wp-json\/wp\/v2\/users\/1"}],"replies":[{"embeddable":true,"href":"https:\/\/portal.uern.br\/patu\/matematica\/wp-json\/wp\/v2\/comments?post=591"}],"version-history":[{"count":1,"href":"https:\/\/portal.uern.br\/patu\/matematica\/wp-json\/wp\/v2\/pages\/591\/revisions"}],"predecessor-version":[{"id":592,"href":"https:\/\/portal.uern.br\/patu\/matematica\/wp-json\/wp\/v2\/pages\/591\/revisions\/592"}],"wp:attachment":[{"href":"https:\/\/portal.uern.br\/patu\/matematica\/wp-json\/wp\/v2\/media?parent=591"}],"curies":[{"name":"wp","href":"https:\/\/api.w.org\/{rel}","templated":true}]}}