{"id":731,"date":"2023-09-13T11:18:12","date_gmt":"2023-09-13T14:18:12","guid":{"rendered":"https:\/\/portal.uern.br\/patu\/letraslinguaportuguesa\/?page_id=731"},"modified":"2023-09-13T11:18:12","modified_gmt":"2023-09-13T14:18:12","slug":"nde","status":"publish","type":"page","link":"https:\/\/portal.uern.br\/patu\/letraslinguaportuguesa\/nde\/","title":{"rendered":"NDE"},"content":{"rendered":"<p style=\"text-align: justify\">O N\u00facleo Docente Estruturante \u2013 NDE \u00e9 uma comiss\u00e3o permanente, de car\u00e1ter propositivo, consultivo e executivo, dos cursos de gradua\u00e7\u00e3o, vinculado aos Departamentos Acad\u00eamicos, que se ocupa da concep\u00e7\u00e3o do curso e de sua consolida\u00e7\u00e3o, desenvolvendo suas atividades de modo articulado com as entidades representativas e deliberativas de professores e alunos da UERN, considerando as demandas sociais loco-regionais, as diretrizes curriculares nacionais e a miss\u00e3o da Universidade.<\/p>\n<p>&nbsp;<\/p>\n<p>Atualmente, a composi\u00e7\u00e3o do NDE do curso de Letras \u00e9 a seguinte:<\/p>\n<p>I &#8211; <strong>Beatriz Pazini Ferreira<\/strong>, na fun\u00e7\u00e3o de Coordenadora do NDE, com mandato de tr\u00eas anos;<\/p>\n<p>II &#8211; <strong>Ant\u00f4nia Sueli da Silva Gomes<\/strong>, na fun\u00e7\u00e3o de Vice-coordenadora do NDE, at\u00e9 19 de novembro de 2024;<\/p>\n<p>III &#8211; <strong>Annie Tarsis Morais Figueiredo<\/strong>, enquanto permanecer na fun\u00e7\u00e3o de Orientadora Acad\u00eamico do Curso;<\/p>\n<p>IV &#8211; <strong>Aline Almeida Inhoti,<\/strong> enquanto permanecer na fun\u00e7\u00e3o de Orientadora Acad\u00eamico do Curso;<\/p>\n<p>V &#8211; <strong>Luciana Fernandes Naery,<\/strong> at\u00e9 19 de novembro de 2024 ou enquanto permanecer na fun\u00e7\u00e3o de Chefe do Departamento;<\/p>\n<p>VI &#8211; <strong>Maria Leidiana Alves<\/strong>, enquanto permanecer na fun\u00e7\u00e3o de Coordenadora de Est\u00e1gio Supervisionado Obrigat\u00f3rio do Curso.<\/p>\n<p>&nbsp;<\/p>\n<p><a href=\"https:\/\/portal.uern.br\/patu\/dlv\/wp-content\/uploads\/sites\/4\/2023\/08\/SEI_SEARH-21283320-Portaria-nde.pdf\">Portaria NDE<\/a><\/p>\n","protected":false},"excerpt":{"rendered":"<p>O N\u00facleo Docente Estruturante \u2013 NDE \u00e9 uma comiss\u00e3o permanente, de car\u00e1ter propositivo, consultivo e executivo, dos cursos de gradua\u00e7\u00e3o, vinculado aos Departamentos Acad\u00eamicos, que se ocupa da concep\u00e7\u00e3o do curso e de sua consolida\u00e7\u00e3o, desenvolvendo suas atividades de modo articulado com as entidades representativas e deliberativas de professores e alunos da UERN, considerando as [&hellip;]<\/p>\n","protected":false},"author":10,"featured_media":0,"parent":0,"menu_order":0,"comment_status":"closed","ping_status":"closed","template":"","meta":{"footnotes":""},"class_list":["post-731","page","type-page","status-publish","hentry"],"_links":{"self":[{"href":"https:\/\/portal.uern.br\/patu\/letraslinguaportuguesa\/wp-json\/wp\/v2\/pages\/731","targetHints":{"allow":["GET"]}}],"collection":[{"href":"https:\/\/portal.uern.br\/patu\/letraslinguaportuguesa\/wp-json\/wp\/v2\/pages"}],"about":[{"href":"https:\/\/portal.uern.br\/patu\/letraslinguaportuguesa\/wp-json\/wp\/v2\/types\/page"}],"author":[{"embeddable":true,"href":"https:\/\/portal.uern.br\/patu\/letraslinguaportuguesa\/wp-json\/wp\/v2\/users\/10"}],"replies":[{"embeddable":true,"href":"https:\/\/portal.uern.br\/patu\/letraslinguaportuguesa\/wp-json\/wp\/v2\/comments?post=731"}],"version-history":[{"count":1,"href":"https:\/\/portal.uern.br\/patu\/letraslinguaportuguesa\/wp-json\/wp\/v2\/pages\/731\/revisions"}],"predecessor-version":[{"id":732,"href":"https:\/\/portal.uern.br\/patu\/letraslinguaportuguesa\/wp-json\/wp\/v2\/pages\/731\/revisions\/732"}],"wp:attachment":[{"href":"https:\/\/portal.uern.br\/patu\/letraslinguaportuguesa\/wp-json\/wp\/v2\/media?parent=731"}],"curies":[{"name":"wp","href":"https:\/\/api.w.org\/{rel}","templated":true}]}}