{"id":729,"date":"2023-09-13T11:17:25","date_gmt":"2023-09-13T14:17:25","guid":{"rendered":"https:\/\/portal.uern.br\/patu\/letraslinguaportuguesa\/?page_id=729"},"modified":"2023-09-13T11:17:29","modified_gmt":"2023-09-13T14:17:29","slug":"cose","status":"publish","type":"page","link":"https:\/\/portal.uern.br\/patu\/letraslinguaportuguesa\/cose\/","title":{"rendered":"COSE"},"content":{"rendered":"<p style=\"text-align: justify\">Em cumprimento ao Regimento Interno da CPA, em seu Art. 21 &#8211; &#8220;Compete \u00e0s Comiss\u00f5es Setoriais de Avalia\u00e7\u00e3o &#8211; COSEs&#8221;:<\/p>\n<p style=\"text-align: justify\">I. Sensibilizar a comunidade acad\u00eamica do registro \u00f3rg\u00e3o para os processos de avalia\u00e7\u00e3o institucional;<\/p>\n<p style=\"text-align: justify\">II. Desenvolver o processo de autoavalia\u00e7\u00e3o no \u00f3rg\u00e3o, conforme o projeto de autoavalia\u00e7\u00e3o da Unidade e orienta\u00e7\u00f5es da Comiss\u00e3o Pr\u00f3pria de Avalia\u00e7\u00e3o &#8211; CPA\/UERN;<\/p>\n<p style=\"text-align: justify\">III. Organizar reuni\u00f5es sistem\u00e1ticas para desenvolver suas atividades;<\/p>\n<p style=\"text-align: justify\">IV. Sistematizar e prestar as informa\u00e7\u00f5es solicitadas pela Comiss\u00e3o Pr\u00f3pria de Avalia\u00e7\u00e3o &#8211; CPA\/UERN;<\/p>\n<p style=\"text-align: justify\">V. Ao fim de cada semestre, a COSE dever\u00e1 apresentar \u00e0 CPA\/UERN relat\u00f3rio das atividades realizadas, conforme modelo procedente da pr\u00f3pria CPA\/UERN.&#8221;<\/p>\n<p>Atualmente a Comiss\u00e3o setorial de avalia\u00e7\u00e3o do Departamento de Letras, do Campus avan\u00e7ado de Patu \u00e9 composta pelos seguintes membros:<\/p>\n<p><strong>Aline Almeida Inhoti<\/strong>, como membro docente, coordenadora da COSE;<br \/>\n<strong>Luciana Fernandes Nery<\/strong>, como membro docente;<br \/>\n<strong>Ana Paula Bezerra dos Santos,<\/strong> como membro t\u00e9cnico administrativo;<br \/>\n<strong>Maria Raquel dos Santos Fernandes,<\/strong> como membro discente.<\/p>\n<p><img fetchpriority=\"high\" decoding=\"async\" class=\"alignleft size-medium wp-image-768\" src=\"https:\/\/portal.uern.br\/patu\/dlv\/wp-content\/uploads\/sites\/4\/2023\/08\/avaliacao-ban-300x300.png\" alt=\"\" width=\"300\" height=\"300\" \/><\/p>\n<p><a href=\"https:\/\/portal.uern.br\/patu\/dlv\/wp-content\/uploads\/sites\/4\/2023\/08\/Portaria-COSE-2022.pdf\">Portaria COSE<\/a><\/p>\n<p><a href=\"https:\/\/portal.uern.br\/patu\/dlv\/wp-content\/uploads\/sites\/4\/2023\/08\/Relatorio-COSE-Semestre-2016.2.pdf\">Relat\u00f3rio COSE &#8211; Semestre- 2016.2<\/a><\/p>\n<p><a href=\"https:\/\/portal.uern.br\/patu\/dlv\/wp-content\/uploads\/sites\/4\/2023\/08\/Relatorio-COSE-Semestre-2017.1.pdf\">Relat\u00f3rio COSE &#8211; Semestre- 2017.1<\/a><\/p>\n<p><a href=\"https:\/\/portal.uern.br\/patu\/dlv\/wp-content\/uploads\/sites\/4\/2023\/08\/Relatorio-COSE-Semestre-2017.2.pdf\">Relat\u00f3rio COSE &#8211; Semestre- 2017.2<\/a><\/p>\n<p><a href=\"https:\/\/portal.uern.br\/patu\/dlv\/wp-content\/uploads\/sites\/4\/2023\/08\/Relatorio-COSE-Semestre-2018.1.pdf\">Relat\u00f3rio COSE &#8211; Semestre- 2018.1<\/a><\/p>\n<p><a href=\"https:\/\/portal.uern.br\/patu\/dlv\/wp-content\/uploads\/sites\/4\/2023\/08\/Relatorio-COSE-Semestre-2018.2.pdf\">Relat\u00f3rio COSE &#8211; Semestre- 2018.2<\/a><\/p>\n<p><a href=\"https:\/\/portal.uern.br\/patu\/dlv\/wp-content\/uploads\/sites\/4\/2023\/08\/Relatorio-COSE-Semestre-2019.1.pdf\">Relat\u00f3rio COSE &#8211; Semestre- 2019.1<\/a><\/p>\n<p><a href=\"https:\/\/portal.uern.br\/patu\/dlv\/wp-content\/uploads\/sites\/4\/2023\/08\/Relatorio-COSE-Semestre-2019.2.pdf\">Relat\u00f3rio COSE &#8211; Semestre- 2019.2<\/a><\/p>\n<p><a href=\"https:\/\/portal.uern.br\/patu\/dlv\/wp-content\/uploads\/sites\/4\/2023\/08\/Relatorio-COSE-Semestre-2020.1.pdf\">Relat\u00f3rio COSE &#8211; Semestre- 2020.1<\/a><\/p>\n<p><a href=\"https:\/\/portal.uern.br\/patu\/dlv\/wp-content\/uploads\/sites\/4\/2023\/08\/Relatorio-de-Avaliacao-Interna-Semestral-2022.2.pdf\">Relat\u00f3rio COSE &#8211; Semestre- 2022.2<\/a><\/p>\n","protected":false},"excerpt":{"rendered":"<p>Em cumprimento ao Regimento Interno da CPA, em seu Art. 21 &#8211; &#8220;Compete \u00e0s Comiss\u00f5es Setoriais de Avalia\u00e7\u00e3o &#8211; COSEs&#8221;: I. Sensibilizar a comunidade acad\u00eamica do registro \u00f3rg\u00e3o para os processos de avalia\u00e7\u00e3o institucional; II. Desenvolver o processo de autoavalia\u00e7\u00e3o no \u00f3rg\u00e3o, conforme o projeto de autoavalia\u00e7\u00e3o da Unidade e orienta\u00e7\u00f5es da Comiss\u00e3o Pr\u00f3pria de [&hellip;]<\/p>\n","protected":false},"author":10,"featured_media":0,"parent":0,"menu_order":0,"comment_status":"closed","ping_status":"closed","template":"","meta":{"footnotes":""},"class_list":["post-729","page","type-page","status-publish","hentry"],"_links":{"self":[{"href":"https:\/\/portal.uern.br\/patu\/letraslinguaportuguesa\/wp-json\/wp\/v2\/pages\/729","targetHints":{"allow":["GET"]}}],"collection":[{"href":"https:\/\/portal.uern.br\/patu\/letraslinguaportuguesa\/wp-json\/wp\/v2\/pages"}],"about":[{"href":"https:\/\/portal.uern.br\/patu\/letraslinguaportuguesa\/wp-json\/wp\/v2\/types\/page"}],"author":[{"embeddable":true,"href":"https:\/\/portal.uern.br\/patu\/letraslinguaportuguesa\/wp-json\/wp\/v2\/users\/10"}],"replies":[{"embeddable":true,"href":"https:\/\/portal.uern.br\/patu\/letraslinguaportuguesa\/wp-json\/wp\/v2\/comments?post=729"}],"version-history":[{"count":1,"href":"https:\/\/portal.uern.br\/patu\/letraslinguaportuguesa\/wp-json\/wp\/v2\/pages\/729\/revisions"}],"predecessor-version":[{"id":730,"href":"https:\/\/portal.uern.br\/patu\/letraslinguaportuguesa\/wp-json\/wp\/v2\/pages\/729\/revisions\/730"}],"wp:attachment":[{"href":"https:\/\/portal.uern.br\/patu\/letraslinguaportuguesa\/wp-json\/wp\/v2\/media?parent=729"}],"curies":[{"name":"wp","href":"https:\/\/api.w.org\/{rel}","templated":true}]}}