{"id":354,"date":"2023-02-05T20:06:02","date_gmt":"2023-02-05T23:06:02","guid":{"rendered":"http:\/\/beta.apps.uern.br\/wordpress\/patu\/cienciascontabeis\/?page_id=354"},"modified":"2023-09-13T10:54:46","modified_gmt":"2023-09-13T13:54:46","slug":"apresentacao","status":"publish","type":"page","link":"https:\/\/portal.uern.br\/patu\/letraslinguaportuguesa\/","title":{"rendered":"Apresenta\u00e7\u00e3o"},"content":{"rendered":"<p><img fetchpriority=\"high\" decoding=\"async\" class=\"size-medium wp-image-663 aligncenter\" src=\"https:\/\/portal.uern.br\/patu\/dlv\/wp-content\/uploads\/sites\/4\/2023\/08\/letras-300x300.jpg\" alt=\"Departamento de Letras - CAP\/UERN\" width=\"300\" height=\"300\" \/><\/p>\n<p>O Curso de Gradua\u00e7\u00e3o em Letras da Faculdade de Letras e Artes, ofertado pelo CAP, iniciou-se no ano de 2012, com a aprova\u00e7\u00e3o da Resolu\u00e7\u00e3o n\u00b0 37\/2011 \u2013 CONSEPE\/UERN, ofertando 40 (quarenta) vagas por turma. O objetivo do curso \u00e9 promover a forma\u00e7\u00e3o de professores para o Ensino de L\u00edngua Portuguesa, que busquem compreender a rela\u00e7\u00e3o entre a linguagem e a sociedade na constru\u00e7\u00e3o de a\u00e7\u00f5es pedag\u00f3gicas que possibilitem fomentar a constru\u00e7\u00e3o do conhecimento e a inclus\u00e3o social, articulando reflex\u00f5es te\u00f3ricas-pr\u00e1ticas sobre a linguagem e suas tecnologias, levando em considera\u00e7\u00e3o a necessidade de forma\u00e7\u00e3o continuada, instaurando-se uma rela\u00e7\u00e3o de autonomia, transforma\u00e7\u00e3o e continuidade de express\u00e3o portuguesa, na Educa\u00e7\u00e3o B\u00e1sica.<\/p>\n<p>O Departamento de Letras Vern\u00e1culas, al\u00e9m das atividades de ensino, busca promover eventos que possibilitam a divulga\u00e7\u00e3o de sua produ\u00e7\u00e3o acad\u00eamica e cient\u00edfica, como semin\u00e1rios, palestras, publica\u00e7\u00f5es em livros e peri\u00f3dicos, dentre outros. Desde o ano de 2014, realiza atividades e a\u00e7\u00f5es que apresentam um processo cont\u00ednuo e que resultam no aperfei\u00e7oamento e envolvimento de professores e alunos no ensino, na pesquisa e na extens\u00e3o, com vistas a tornar o curso mais din\u00e2mico e produtivo, dentre as quais podem ser citados os projetos de extens\u00e3o e de inicia\u00e7\u00e3o cient\u00edfica, programas formativos como o Programa Institucional de Bolsa de Inicia\u00e7\u00e3o \u00e0 Doc\u00eancia (PIBID) e Resid\u00eancia Pedag\u00f3gica (RP).<\/p>\n<p>&nbsp;<\/p>\n<p><strong>Gest\u00e3o Atual:<\/strong><\/p>\n<ul>\n<li>Profa. Dra. Luciana Fernandes Nery (Chefe\u00a0<em>pr\u00f3-tempore<\/em>)<\/li>\n<li>T\u00e9cnica Adm. Ana Paula Bezerra dos Santos (Secret\u00e1ria)<\/li>\n<li>T\u00e9cnico Adm. Sildean Kidelly Alves de Ara\u00fajo<\/li>\n<\/ul>\n<p><strong>\u00a0<\/strong><\/p>\n<p><strong>Orienta\u00e7\u00e3o Acad\u00eamica:<\/strong><\/p>\n<ul>\n<li>Profa. Dra. Annie Tarsis Morais Figueiredo<\/li>\n<li>Profa. Ma. Aline Almeida Inhote<\/li>\n<\/ul>\n<p><strong>\u00a0<\/strong><\/p>\n<p><strong>Comiss\u00e3o Setorial de Avalia\u00e7\u00e3o \u2013 COSE<\/strong><\/p>\n<p>PORTARIA-SEI No 364, DE 29 DE AGOSTO DE 2022.<\/p>\n<ul>\n<li>Aline Almeida Inhoti, como membro docente, coordenadora da COSE;<\/li>\n<li>Luciana Fernandes Nery, como membro docente;<\/li>\n<li>Ana Paula Bezerra dos Santos, como membro t\u00e9cnico administrativo;<\/li>\n<li>Maria Raquel dos Santos Fernandes, como membro discente.<\/li>\n<\/ul>\n<p>&nbsp;<\/p>\n<p><strong>\u00a0N\u00facleo Docente Estruturante<\/strong><\/p>\n<p>Portaria-SEI N\u00ba 381\/2023<\/p>\n<ul>\n<li>Beatriz Pazini Ferreira (Coordenadora);<\/li>\n<li>Ant\u00f4nia Sueli da Silva Gomes (Vice-coordenadora);<\/li>\n<li>Annie Tarsis Morais Figueiredo;<\/li>\n<li>Aline Almeida Inhot;<\/li>\n<li>Luciana Fernandes Nery;<\/li>\n<li>Maria Leidiana Alves<\/li>\n<\/ul>\n<p>&nbsp;<\/p>\n<p><strong>Contatos:<\/strong><br \/>\nE-mail:\u00a0<a href=\"mailto:dcc_patu@uern.br\">dl_patu@uern.br<\/a><br \/>\nEndere\u00e7o: Av. Lauro Maia, s\/n \u2013 Esta\u00e7\u00e3o \u2013 Patu\/RN \u2013 59770-000<\/p>\n<p>&nbsp;<\/p>\n<h5><strong><span style=\"font-size: 14pt\">Letras L\u00edngua Portuguesa e Respectivas Literaturas\u00a0&#8211; Campus Avan\u00e7ado de Patu<\/span><\/strong><\/h5>\n<p><strong>Denomina\u00e7\u00e3o: <\/strong>Curso de Gradua\u00e7\u00e3o em Letras \u2013 L\u00edngua Portuguesa e respectivas literaturas<\/p>\n<p><strong>Modalidade:<\/strong> Presencial<\/p>\n<p><strong>\u00c1rea de Conhecimento:<\/strong> Estudos Lingu\u00edsticos e Liter\u00e1rios<\/p>\n<p><strong>Data de In\u00edcio de Funcionamento:<\/strong> 2\u00b0 Semestre de 2012<\/p>\n<p><strong>Turno de funcionamento:<\/strong> Matutino<\/p>\n<p><strong>Regime:<\/strong> Sistema de cr\u00e9ditos com matr\u00edcula semestral<\/p>\n<p><strong>Carga Hor\u00e1ria Total: <\/strong>3.290 horas<\/p>\n<p><strong>Tempo do Curso: <\/strong>Entre 4 e 7 anos (m\u00e1ximo)<\/p>\n<ul>\n<li><a href=\"https:\/\/www.uern.br\/controledepaginas\/proeg-projetos-pedagogicos-patu\/arquivos\/4231ppc_letras_cap_versa%E2%80%9Ao_final.pdf\">Projeto Pedag\u00f3gico 2012 (Atualizado em 2018<\/a>)<\/li>\n<\/ul>\n<p>&nbsp;<\/p>\n<p><strong><span style=\"font-size: 14pt\">Letras &#8211; L\u00edngua Portuguesa (Lic.)- Campus Avan\u00e7ado de Patu<\/span><\/strong><\/p>\n<p><strong>Denomina\u00e7\u00e3o:<\/strong> Curso de Gradua\u00e7\u00e3o em Letras \u2013 L\u00edngua Portuguesa<\/p>\n<p><strong>Grau acad\u00eamico:<\/strong> Licenciatura<\/p>\n<p><strong>Modalidade:<\/strong> Presencial<\/p>\n<p><strong>\u00c1rea de Conhecimento:<\/strong> Estudos Lingu\u00edsticos e Liter\u00e1rios<\/p>\n<p><strong>Turno de funcionamento:<\/strong> Matutino<\/p>\n<p><strong>Carga Hor\u00e1ria Total: <\/strong>3.585 horas<\/p>\n<p><strong>Tempo do Curso: <\/strong>Entre 4 e 7 anos (m\u00e1ximo)<\/p>\n<p><strong>Renova\u00e7\u00e3o de Reconhecimento do Curso de Letras:<\/strong> Decreto no o 29.764, de 16 de junho de<br \/>\n2020<\/p>\n<ul>\n<li><a href=\"https:\/\/portal.uern.br\/patu\/dlv\/wp-content\/uploads\/sites\/4\/2023\/09\/PPC-2021-ATUAL.pdf\">PPC 2021 ATUAL<\/a><\/li>\n<\/ul>\n<p>&nbsp;<\/p>\n<p><strong>Objetivo do Curso:<\/strong><\/p>\n<p>Promover a forma\u00e7\u00e3o de professores de L\u00edngua Portuguesa e Respectivas Literaturas, que busquem compreender a rela\u00e7\u00e3o entre a linguagem e a sociedade na constru\u00e7\u00e3o de a\u00e7\u00f5es pedag\u00f3gicas que possibilitem fomentar a constru\u00e7\u00e3o do conhecimento e inclus\u00e3o social, articulando reflex\u00f5es te\u00f3ricas-pr\u00e1ticas sobre a linguagem e suas tecnologias, levando em considera\u00e7\u00e3o a necessidade de forma\u00e7\u00e3o continuada, instaurando-se uma rela\u00e7\u00e3o de autonomia, transforma\u00e7\u00e3o e continuidade.<\/p>\n<p><strong>Perfil do Formando:<\/strong><\/p>\n<p>Em raz\u00e3o das diversas atividades poss\u00edveis de ser desempenhadas pelo graduado em Letras, este dever\u00e1 demonstrar capacidade de expressar-se linguisticamente, atrav\u00e9s de recursos estil\u00edsticos que deem conta da aquisi\u00e7\u00e3o de compet\u00eancias para compreender a linguagem e suas varia\u00e7\u00f5es, de acordo com a habilita\u00e7\u00e3o ascolhida. Esse profissional dever\u00e1 estar atento \u00e0 constru\u00e7\u00e3o da consci\u00eancia da cidadania, indispens\u00e1vel na sociedade complexa em que vive, uma vez que m\u00faltiplos interesses conflitantes exigem do indiv\u00edduo situar-se e afirmar-se profissionalmente.<\/p>\n<p><strong>Campo de Atua\u00e7\u00e3o:<\/strong><\/p>\n<ul>\n<li>O resultado do processo de aprendizagem dever\u00e1 ser a forma\u00e7\u00e3o de profissional que, al\u00e9m da base espec\u00edfica consolidada, esteja apto a atuar, interdisciplinarmente, em \u00e1reas afins. Dever\u00e1 ter, tamb\u00e9m, a capacidade de resolver problemas, tomar decis\u00f5es, trabalhar em equipe e comunicar-se dentro da multidisciplinaridade dos diversos saberes que comp\u00f5em a forma\u00e7\u00e3o universit\u00e1ria em Letras. O profissional de Letras dever\u00e1, ainda, estar compromissado com a \u00e9tica, com a responsabilidade social e educacional, e com as consequ\u00eancias de sua atua\u00e7\u00e3o no mundo do trabalho. Finalmente, dever\u00e1 ampliar o senso cr\u00edtico necess\u00e1rio para compreender a import\u00e2ncia da busca permanente da educa\u00e7\u00e3o continuada e do desenvolvimento profissional.<\/li>\n<\/ul>\n<p>&nbsp;<\/p>\n<p><strong>Atribui\u00e7\u00f5es do profissional formado:<\/strong><\/p>\n<ul>\n<li>Dom\u00ednio do uso da l\u00edngua portuguesa, nas suas manifesta\u00e7\u00f5es oral e escrita, em termos de recep\u00e7\u00e3o e produ\u00e7\u00e3o de textos;<\/li>\n<li>Reflex\u00e3o anal\u00edtica e cr\u00edtica sobre a linguagem como fen\u00f4meno social, hist\u00f3rico, cultural, art\u00edstico, pol\u00edtico e ideol\u00f3gico;<\/li>\n<li>Vis\u00e3o cr\u00edtica das perspectivas te\u00f3ricas adotadas nas investiga\u00e7\u00f5es lingu\u00edsticas e liter\u00e1rias, que fundamentam sua forma\u00e7\u00e3o profissional;<\/li>\n<li>Conhecimento de um repert\u00f3rio diversificado da literatura lus\u00f3fona e saber se posicionar criticamente diante dessa produ\u00e7\u00e3o;<\/li>\n<li>Prepara\u00e7\u00e3o profissional atualizada de acordo com a din\u00e2mica do mundo do trabalho;<\/li>\n<li>Compreens\u00e3o dos pap\u00e9is e fun\u00e7\u00f5es da l\u00edngua em si mesma e no seio da vida social e simb\u00f3lica;<\/li>\n<li>Dom\u00ednio das habilidades do processo de escrita, reescrita e avalia\u00e7\u00e3o de textos;<\/li>\n<li>Percep\u00e7\u00e3o de diferentes contextos interculturais;<\/li>\n<li>Utiliza\u00e7\u00e3o das tecnologias digitais como espa\u00e7o social de comunica\u00e7\u00e3o;<\/li>\n<li>Dom\u00ednio dos conte\u00fados b\u00e1sicos que s\u00e3o objetos dos processos de ensino e a aprendizagem no ensino b\u00e1sico;<\/li>\n<li>Dom\u00ednio dos m\u00e9todos e t\u00e9cnicas pedag\u00f3gicas que permitam a transposi\u00e7\u00e3o dos conhecimentos para os diferentes n\u00edveis de ensino;<\/li>\n<\/ul>\n<p>&nbsp;<\/p>\n<p><strong>Redes sociais:<\/strong><\/p>\n<p><a href=\"https:\/\/instagram.com\/letrascap?igshid=MzRlODBiNWFlZA==\"><img decoding=\"async\" class=\"alignleft wp-image-741\" src=\"https:\/\/portal.uern.br\/patu\/dlv\/wp-content\/uploads\/sites\/4\/2023\/08\/insta.png\" alt=\"\" width=\"48\" height=\"48\" \/><\/a><\/p>\n<p><a href=\"https:\/\/youtube.com\/@DepartamentodeLetrasPatu\"><img decoding=\"async\" class=\"alignleft wp-image-743\" src=\"https:\/\/portal.uern.br\/patu\/dlv\/wp-content\/uploads\/sites\/4\/2023\/08\/youtube-300x207.png\" alt=\"\" width=\"82\" height=\"57\" \/><\/a><\/p>\n","protected":false},"excerpt":{"rendered":"<p>O Curso de Gradua\u00e7\u00e3o em Letras da Faculdade de Letras e Artes, ofertado pelo CAP, iniciou-se no ano de 2012, com a aprova\u00e7\u00e3o da Resolu\u00e7\u00e3o n\u00b0 37\/2011 \u2013 CONSEPE\/UERN, ofertando 40 (quarenta) vagas por turma. O objetivo do curso \u00e9 promover a forma\u00e7\u00e3o de professores para o Ensino de L\u00edngua Portuguesa, que busquem compreender a [&hellip;]<\/p>\n","protected":false},"author":1,"featured_media":0,"parent":0,"menu_order":0,"comment_status":"closed","ping_status":"closed","template":"","meta":{"footnotes":""},"class_list":["post-354","page","type-page","status-publish","hentry"],"_links":{"self":[{"href":"https:\/\/portal.uern.br\/patu\/letraslinguaportuguesa\/wp-json\/wp\/v2\/pages\/354","targetHints":{"allow":["GET"]}}],"collection":[{"href":"https:\/\/portal.uern.br\/patu\/letraslinguaportuguesa\/wp-json\/wp\/v2\/pages"}],"about":[{"href":"https:\/\/portal.uern.br\/patu\/letraslinguaportuguesa\/wp-json\/wp\/v2\/types\/page"}],"author":[{"embeddable":true,"href":"https:\/\/portal.uern.br\/patu\/letraslinguaportuguesa\/wp-json\/wp\/v2\/users\/1"}],"replies":[{"embeddable":true,"href":"https:\/\/portal.uern.br\/patu\/letraslinguaportuguesa\/wp-json\/wp\/v2\/comments?post=354"}],"version-history":[{"count":9,"href":"https:\/\/portal.uern.br\/patu\/letraslinguaportuguesa\/wp-json\/wp\/v2\/pages\/354\/revisions"}],"predecessor-version":[{"id":714,"href":"https:\/\/portal.uern.br\/patu\/letraslinguaportuguesa\/wp-json\/wp\/v2\/pages\/354\/revisions\/714"}],"wp:attachment":[{"href":"https:\/\/portal.uern.br\/patu\/letraslinguaportuguesa\/wp-json\/wp\/v2\/media?parent=354"}],"curies":[{"name":"wp","href":"https:\/\/api.w.org\/{rel}","templated":true}]}}