{"id":354,"date":"2023-02-05T20:06:02","date_gmt":"2023-02-05T23:06:02","guid":{"rendered":"http:\/\/beta.apps.uern.br\/wordpress\/patu\/pedagogia\/?page_id=354"},"modified":"2026-03-25T18:58:35","modified_gmt":"2026-03-25T21:58:35","slug":"apresentacao","status":"publish","type":"page","link":"https:\/\/portal.uern.br\/patu\/dme\/","title":{"rendered":"Apresenta\u00e7\u00e3o"},"content":{"rendered":"<p><img fetchpriority=\"high\" decoding=\"async\" class=\"aligncenter\" src=\"http:\/\/www.uern.br\/controledepaginas\/patu-depto-matematica-apresentacao\/imagens\/1045logo_dme_1.png\" alt=\"\" width=\"250\" height=\"250\" align=\"middle\" \/><\/p>\n<p>A Resolu\u00e7\u00e3o n\u00ba 003\/2006- CONSEPE de 11 de janeiro de 2006,\u00a0 extingue a oferta do Curso de Ci\u00eancias com Habilita\u00e7\u00e3o em Matem\u00e1tica e cria o curso de Gradua\u00e7\u00e3o em Matem\u00e1tica na modalidade de Licenciatura Plena, no Campus Avan\u00e7ado de Patu, mudando o nome do Departamento que deixou de ser Departamento de Ci\u00eancias, passando a\u00a0 denominar-se Departamento de Matem\u00e1tica.<\/p>\n<p>O curso integra o Departamento de Matem\u00e1tica que vincula os Docentes da \u00e1rea espec\u00edfica de Matem\u00e1tica e as Disciplinas\/Atividades aglutinadoras afins do curso.<\/p>\n<p>Congrega-se ao referido departamento 07 Docentes os quais apresentam as seguintes titula\u00e7\u00f5es: 04 Mestres, 01 Doutoranda e 02 Doutores. O Curso\u00a0atende a\u00a0uma clientela oriunda de 21 cidades dos munic\u00edpios circunvizinhos do RN e da Para\u00edba.<\/p>\n<p>&nbsp;<\/p>\n<p>Chefe do Departamento de Matem\u00e1tica:\u00a0 Roberto Mariano de Ara\u00fajo Filho.<\/p>\n<p>&nbsp;<\/p>\n<p>Orientador Acad\u00eamico do DME:<\/p>\n<ul>\n<li>Brunno de Castro Trajano<\/li>\n<\/ul>\n<p>&nbsp;<\/p>\n<p>Coordenador de Est\u00e1gio do DME:<\/p>\n<ul>\n<li>Samilly Alexandre de Souza<\/li>\n<\/ul>\n<p>&nbsp;<\/p>\n<p>N\u00facleo Docente Estruturante &#8211; NDE do DME:<\/p>\n<ul>\n<li>Manass\u00e9s Pereira N\u00f3brega (Coordenador)<\/li>\n<li>Antonio Josim\u00e1rio Soares de Oliveira (Vice-coordenador)<\/li>\n<li>Brunno de Castro Trajano (Membro)<\/li>\n<li>Roberto Mariano de Ara\u00fajo Filho\u00a0 (Membro)<\/li>\n<li>Samilly Alexandre de Souza (Membro)<\/li>\n<\/ul>\n<h2><span style=\"font-size: 12pt\">Contatos:<\/span><\/h2>\n<p>E-mail:\u00a0<a href=\"mailto:dme_patu@uern.br\">dme_patu@uern.br<\/a><\/p>\n<p><a href=\"https:\/\/portal.uern.br\/patu\/matematica\/\">P\u00e1gina do Curso de Matem\u00e1tica.<\/a><\/p>\n<p><a href=\"https:\/\/portal.uern.br\/patu\/dme\/laboratorio-de-pratica-do-ensino-da-matematica-lpem\/\">P\u00e1gina do Laborat\u00f3rio de Pr\u00e1tica do Ensino da Matem\u00e1tica.<\/a><\/p>\n<p>Endere\u00e7o: Av. Lauro Maia, S\/N, Centro, Patu\/RN &#8211; 59770-000<\/p>\n<p>&nbsp;<\/p>\n","protected":false},"excerpt":{"rendered":"<p>A Resolu\u00e7\u00e3o n\u00ba 003\/2006- CONSEPE de 11 de janeiro de 2006,\u00a0 extingue a oferta do Curso de Ci\u00eancias com Habilita\u00e7\u00e3o em Matem\u00e1tica e cria o curso de Gradua\u00e7\u00e3o em Matem\u00e1tica na modalidade de Licenciatura Plena, no Campus Avan\u00e7ado de Patu, mudando o nome do Departamento que deixou de ser Departamento de Ci\u00eancias, passando a\u00a0 denominar-se [&hellip;]<\/p>\n","protected":false},"author":1,"featured_media":0,"parent":0,"menu_order":0,"comment_status":"closed","ping_status":"closed","template":"","meta":{"footnotes":""},"class_list":["post-354","page","type-page","status-publish","hentry"],"_links":{"self":[{"href":"https:\/\/portal.uern.br\/patu\/dme\/wp-json\/wp\/v2\/pages\/354","targetHints":{"allow":["GET"]}}],"collection":[{"href":"https:\/\/portal.uern.br\/patu\/dme\/wp-json\/wp\/v2\/pages"}],"about":[{"href":"https:\/\/portal.uern.br\/patu\/dme\/wp-json\/wp\/v2\/types\/page"}],"author":[{"embeddable":true,"href":"https:\/\/portal.uern.br\/patu\/dme\/wp-json\/wp\/v2\/users\/1"}],"replies":[{"embeddable":true,"href":"https:\/\/portal.uern.br\/patu\/dme\/wp-json\/wp\/v2\/comments?post=354"}],"version-history":[{"count":19,"href":"https:\/\/portal.uern.br\/patu\/dme\/wp-json\/wp\/v2\/pages\/354\/revisions"}],"predecessor-version":[{"id":1199,"href":"https:\/\/portal.uern.br\/patu\/dme\/wp-json\/wp\/v2\/pages\/354\/revisions\/1199"}],"wp:attachment":[{"href":"https:\/\/portal.uern.br\/patu\/dme\/wp-json\/wp\/v2\/media?parent=354"}],"curies":[{"name":"wp","href":"https:\/\/api.w.org\/{rel}","templated":true}]}}