{"id":2395,"date":"2025-08-25T09:16:37","date_gmt":"2025-08-25T12:16:37","guid":{"rendered":"https:\/\/portal.uern.br\/patu\/dlv\/?page_id=2395"},"modified":"2025-09-12T08:25:56","modified_gmt":"2025-09-12T11:25:56","slug":"2023-2","status":"publish","type":"page","link":"https:\/\/portal.uern.br\/patu\/dlv\/2023-2\/","title":{"rendered":"2023.2"},"content":{"rendered":"<p style=\"text-align: center\"><strong>2\u00b0 per\u00edodo<\/strong><\/p>\n<p><a href=\"https:\/\/portal.uern.br\/patu\/dlv\/wp-content\/uploads\/sites\/4\/2025\/08\/PGCC-2023.2.-DIDATICA.3.-PERIODO.docx-2.pdf\">DID\u00c1TICA<\/a><\/p>\n<p><a href=\"https:\/\/portal.uern.br\/patu\/dlv\/wp-content\/uploads\/sites\/4\/2025\/08\/PGCC-Linguistica-II.doc.pdf\">Lingu\u00edstica II<\/a><\/p>\n<p><a href=\"https:\/\/portal.uern.br\/patu\/dlv\/wp-content\/uploads\/sites\/4\/2025\/08\/PGCC-2023.2.-LEITURA-E-PRODUCAO-TEXTUAL.2.-PERIODO.docx.pdf\">LEITURA E PRODU\u00c7\u00c3O TEXTUAL II<\/a><\/p>\n<p><a href=\"https:\/\/portal.uern.br\/patu\/dlv\/wp-content\/uploads\/sites\/4\/2025\/08\/2o-Periodo-Literatura-e-Cinema-PGCC-e-Cronograma-2023.2.docx.pdf\">Literatura e Cinema\u00a0<\/a><\/p>\n<p><a href=\"https:\/\/portal.uern.br\/patu\/dlv\/wp-content\/uploads\/sites\/4\/2025\/08\/Plano_de_Curso_PLP0312_2023.2_01_.pdf\">T\u00f3picos de Gram\u00e1tica do Portugu\u00eas_<\/a><\/p>\n<p><a href=\"https:\/\/portal.uern.br\/patu\/dlv\/wp-content\/uploads\/sites\/4\/2025\/08\/Plano_de_Curso_PLP0315_2023.2_01_.pdf\">Teoria da Literatura II<\/a><\/p>\n<p>&nbsp;<\/p>\n<p style=\"text-align: center\"><strong>4\u00b0 per\u00edodo<\/strong><\/p>\n<p><a href=\"https:\/\/portal.uern.br\/patu\/dlv\/wp-content\/uploads\/sites\/4\/2025\/08\/PGCC-2023.2.-MORFOSSINTAXE-II.4.-PERIODO.docx.pdf\">MORFOSSINTAXE II<\/a><\/p>\n<p><a href=\"https:\/\/portal.uern.br\/patu\/dlv\/wp-content\/uploads\/sites\/4\/2025\/08\/PGCC-literatura-brasileira-2023.2.docx.pdf\">Literatura brasileira II<\/a><\/p>\n<p><a href=\"https:\/\/portal.uern.br\/patu\/dlv\/wp-content\/uploads\/sites\/4\/2025\/08\/PGCC-Didatica-da-Lingua-Portuguesa.doc-1.pdf\">Did\u00e1tica da L\u00edngua Portuguesa<\/a><\/p>\n<p><a href=\"https:\/\/portal.uern.br\/patu\/dlv\/wp-content\/uploads\/sites\/4\/2025\/08\/4o-Periodo-Estrutura-e-Funcionamento-da-Educacao-Basica-PGCC-e-Cronograma-2023.2.docx.pdf\">Estrutura e Funcionamento da Educa\u00e7\u00e3o B\u00e1sica <\/a><\/p>\n<p><a href=\"https:\/\/portal.uern.br\/patu\/dlv\/wp-content\/uploads\/sites\/4\/2025\/08\/4o-Periodo-Literatura-Infanto-Juvenil-PGCC-e-Cronograma-2023.2.docx.pdf\">Literatura Infanto-Juvenil\u00a0<\/a><\/p>\n<p><a href=\"https:\/\/portal.uern.br\/patu\/dlv\/wp-content\/uploads\/sites\/4\/2025\/08\/PGCC-E-CRONOGRAMA-LITERATURA-PORTUGUESA-II.docx.pdf\">LITERATURA PORTUGUESA II<\/a><\/p>\n<p><a href=\"https:\/\/portal.uern.br\/patu\/dlv\/wp-content\/uploads\/sites\/4\/2025\/08\/Plano_de_Curso_PLP0324_2023.2_01_.pdf\">Psicolingu\u00edstica<\/a><\/p>\n<p style=\"text-align: center\"><strong>6\u00b0 per\u00edodo<\/strong><\/p>\n<p>&nbsp;<\/p>\n<p><a href=\"https:\/\/portal.uern.br\/patu\/dlv\/wp-content\/uploads\/sites\/4\/2025\/08\/PGCC-E-CRONOGRAMA-LEITURA.docx.pdf\">LEITURA<\/a><\/p>\n<p><a href=\"https:\/\/portal.uern.br\/patu\/dlv\/wp-content\/uploads\/sites\/4\/2025\/08\/PGCC-E-CRONOGRAMA-LITERATURA-BRASILEIRA-III.docx.pdf\">LITERATURA BRASILEIRA III<\/a><\/p>\n<p><a href=\"https:\/\/portal.uern.br\/patu\/dlv\/wp-content\/uploads\/sites\/4\/2025\/08\/PGCC-de-AD-2023.2.docx-1.pdf\">An\u00e1lise do Discurso<\/a><\/p>\n<p><a href=\"https:\/\/portal.uern.br\/patu\/dlv\/wp-content\/uploads\/sites\/4\/2025\/09\/Plano-de-curso-Literatura-Portuguesa-3-2023.2-2-Annie-Tarsis-Morais-Figueiredo.pdf\">Literatura Portuguesa III<\/a><\/p>\n<p>&nbsp;<\/p>\n<p style=\"text-align: center\"><strong>8\u00b0 per\u00edodo<\/strong><\/p>\n<p>&nbsp;<\/p>\n<p><a href=\"https:\/\/portal.uern.br\/patu\/dlv\/wp-content\/uploads\/sites\/4\/2025\/08\/PGCC-SEMINARIO-DE-Monografia-2023.2.docx.pdf\">Semin\u00e1rio de Monografia<\/a><\/p>\n<p><a href=\"https:\/\/portal.uern.br\/patu\/dlv\/wp-content\/uploads\/sites\/4\/2025\/08\/8o-Periodo-Extra-Literatura-Popular-PGCC-e-Cronograma-2023.2.docx.pdf\">Literatura Popular <\/a><\/p>\n<p><a href=\"https:\/\/portal.uern.br\/patu\/dlv\/wp-content\/uploads\/sites\/4\/2025\/08\/8o-Periodo-Fundamentos-da-Lingua-Espanhola-PGCC-e-Cronograma-2023.2.docx.pdf\">Fundamentos da L\u00edngua Espanhola<\/a><\/p>\n<p>&nbsp;<\/p>\n","protected":false},"excerpt":{"rendered":"<p>2\u00b0 per\u00edodo DID\u00c1TICA Lingu\u00edstica II LEITURA E PRODU\u00c7\u00c3O TEXTUAL II Literatura e Cinema\u00a0 T\u00f3picos de Gram\u00e1tica do Portugu\u00eas_ Teoria da Literatura II &nbsp; 4\u00b0 per\u00edodo MORFOSSINTAXE II Literatura brasileira II Did\u00e1tica da L\u00edngua Portuguesa Estrutura e Funcionamento da Educa\u00e7\u00e3o B\u00e1sica Literatura Infanto-Juvenil\u00a0 LITERATURA PORTUGUESA II Psicolingu\u00edstica 6\u00b0 per\u00edodo &nbsp; LEITURA LITERATURA BRASILEIRA III An\u00e1lise do [&hellip;]<\/p>\n","protected":false},"author":9,"featured_media":0,"parent":0,"menu_order":0,"comment_status":"closed","ping_status":"closed","template":"","meta":{"footnotes":""},"class_list":["post-2395","page","type-page","status-publish","hentry"],"_links":{"self":[{"href":"https:\/\/portal.uern.br\/patu\/dlv\/wp-json\/wp\/v2\/pages\/2395","targetHints":{"allow":["GET"]}}],"collection":[{"href":"https:\/\/portal.uern.br\/patu\/dlv\/wp-json\/wp\/v2\/pages"}],"about":[{"href":"https:\/\/portal.uern.br\/patu\/dlv\/wp-json\/wp\/v2\/types\/page"}],"author":[{"embeddable":true,"href":"https:\/\/portal.uern.br\/patu\/dlv\/wp-json\/wp\/v2\/users\/9"}],"replies":[{"embeddable":true,"href":"https:\/\/portal.uern.br\/patu\/dlv\/wp-json\/wp\/v2\/comments?post=2395"}],"version-history":[{"count":8,"href":"https:\/\/portal.uern.br\/patu\/dlv\/wp-json\/wp\/v2\/pages\/2395\/revisions"}],"predecessor-version":[{"id":2580,"href":"https:\/\/portal.uern.br\/patu\/dlv\/wp-json\/wp\/v2\/pages\/2395\/revisions\/2580"}],"wp:attachment":[{"href":"https:\/\/portal.uern.br\/patu\/dlv\/wp-json\/wp\/v2\/media?parent=2395"}],"curies":[{"name":"wp","href":"https:\/\/api.w.org\/{rel}","templated":true}]}}