{"id":1861,"date":"2025-08-14T10:36:57","date_gmt":"2025-08-14T13:36:57","guid":{"rendered":"https:\/\/portal.uern.br\/patu\/dlv\/?page_id=1861"},"modified":"2025-08-15T08:15:03","modified_gmt":"2025-08-15T11:15:03","slug":"2014-1","status":"publish","type":"page","link":"https:\/\/portal.uern.br\/patu\/dlv\/2014-1\/","title":{"rendered":"2014.1"},"content":{"rendered":"<p style=\"text-align: center\"><strong>2\u00b0 per\u00edodo:<\/strong><\/p>\n<p><a href=\"https:\/\/portal.uern.br\/patu\/dlv\/wp-content\/uploads\/sites\/4\/2025\/08\/Filosofia-da-Linguagem.doc-1.pdf\">Filosofia da Linguagem 2014.1<\/a><\/p>\n<p><a href=\"https:\/\/portal.uern.br\/patu\/dlv\/wp-content\/uploads\/sites\/4\/2025\/08\/Programa-deTopicos-do-Portugues.doc-1.pdf\">T\u00f3picos de Gram\u00e1tica do Portugu\u00eas 2014.1<\/a><\/p>\n<p><a href=\"https:\/\/portal.uern.br\/patu\/dlv\/wp-content\/uploads\/sites\/4\/2025\/08\/Programa-de-Argumentacao.doc-1.pdf\">Argumenta\u00e7\u00e3o 2014.1<\/a><\/p>\n<p><a href=\"https:\/\/portal.uern.br\/patu\/dlv\/wp-content\/uploads\/sites\/4\/2025\/08\/PGCC_TEORIA-DA-LITERATURA-I.doc.pdf\">Teoria da Literatura I 2014.1<\/a><\/p>\n<p><a href=\"https:\/\/portal.uern.br\/patu\/dlv\/wp-content\/uploads\/sites\/4\/2025\/08\/LinguisticaII_PGCC_2014-1.doc.pdf\">Lingu\u00edstica II 2014.1<\/a><\/p>\n<p><a href=\"https:\/\/portal.uern.br\/patu\/dlv\/wp-content\/uploads\/sites\/4\/2025\/08\/PGCC-Sociologia-Da-Linguagem.doc.pdf\">Sociologia Da Linguagem 2014.1<\/a><\/p>\n<p>&nbsp;<\/p>\n<p style=\"text-align: center\"><strong>4\u00b0 per\u00edodo:<\/strong><\/p>\n<p><a href=\"https:\/\/portal.uern.br\/patu\/dlv\/wp-content\/uploads\/sites\/4\/2025\/08\/Literatura-Portuguesa-I.docx.pdf\">Literatura Portuguesa I 2014.1<\/a><\/p>\n<p><a href=\"https:\/\/portal.uern.br\/patu\/dlv\/wp-content\/uploads\/sites\/4\/2025\/08\/PGCC_LiteraturaBrasileira-I.doc.pdf\">Literatura Brasileira I 2014.1<\/a><\/p>\n<p><a href=\"https:\/\/portal.uern.br\/patu\/dlv\/wp-content\/uploads\/sites\/4\/2025\/08\/MORFOSSINTAXE-II.doc.pdf\">MORFOSSINTAXE II 2014.1<\/a><\/p>\n<p><a href=\"https:\/\/portal.uern.br\/patu\/dlv\/wp-content\/uploads\/sites\/4\/2025\/08\/Diacronia-dio-Portugues.doc.pdf\">Diacronia do Portugu\u00eas 2014.1<\/a><\/p>\n<p><a href=\"https:\/\/portal.uern.br\/patu\/dlv\/wp-content\/uploads\/sites\/4\/2025\/08\/Psicolinguistica.doc.pdf\">Psicolingu\u00edstica 2014.1<\/a><\/p>\n<p><a href=\"https:\/\/portal.uern.br\/patu\/dlv\/wp-content\/uploads\/sites\/4\/2025\/08\/Didatica-Geral.doc.pdf\">Did\u00e1tica Geral 2014.1<\/a><\/p>\n","protected":false},"excerpt":{"rendered":"<p>2\u00b0 per\u00edodo: Filosofia da Linguagem 2014.1 T\u00f3picos de Gram\u00e1tica do Portugu\u00eas 2014.1 Argumenta\u00e7\u00e3o 2014.1 Teoria da Literatura I 2014.1 Lingu\u00edstica II 2014.1 Sociologia Da Linguagem 2014.1 &nbsp; 4\u00b0 per\u00edodo: Literatura Portuguesa I 2014.1 Literatura Brasileira I 2014.1 MORFOSSINTAXE II 2014.1 Diacronia do Portugu\u00eas 2014.1 Psicolingu\u00edstica 2014.1 Did\u00e1tica Geral 2014.1<\/p>\n","protected":false},"author":9,"featured_media":0,"parent":0,"menu_order":0,"comment_status":"closed","ping_status":"closed","template":"","meta":{"footnotes":""},"class_list":["post-1861","page","type-page","status-publish","hentry"],"_links":{"self":[{"href":"https:\/\/portal.uern.br\/patu\/dlv\/wp-json\/wp\/v2\/pages\/1861","targetHints":{"allow":["GET"]}}],"collection":[{"href":"https:\/\/portal.uern.br\/patu\/dlv\/wp-json\/wp\/v2\/pages"}],"about":[{"href":"https:\/\/portal.uern.br\/patu\/dlv\/wp-json\/wp\/v2\/types\/page"}],"author":[{"embeddable":true,"href":"https:\/\/portal.uern.br\/patu\/dlv\/wp-json\/wp\/v2\/users\/9"}],"replies":[{"embeddable":true,"href":"https:\/\/portal.uern.br\/patu\/dlv\/wp-json\/wp\/v2\/comments?post=1861"}],"version-history":[{"count":4,"href":"https:\/\/portal.uern.br\/patu\/dlv\/wp-json\/wp\/v2\/pages\/1861\/revisions"}],"predecessor-version":[{"id":1885,"href":"https:\/\/portal.uern.br\/patu\/dlv\/wp-json\/wp\/v2\/pages\/1861\/revisions\/1885"}],"wp:attachment":[{"href":"https:\/\/portal.uern.br\/patu\/dlv\/wp-json\/wp\/v2\/media?parent=1861"}],"curies":[{"name":"wp","href":"https:\/\/api.w.org\/{rel}","templated":true}]}}