{"id":1167,"date":"2024-04-25T09:32:06","date_gmt":"2024-04-25T12:32:06","guid":{"rendered":"https:\/\/portal.uern.br\/patu\/dlv\/?page_id=1167"},"modified":"2024-05-09T11:17:58","modified_gmt":"2024-05-09T14:17:58","slug":"tcc-2019","status":"publish","type":"page","link":"https:\/\/portal.uern.br\/patu\/dlv\/tcc-2019\/","title":{"rendered":"TCC 2019"},"content":{"rendered":"<table style=\"border-collapse: collapse;width: 100%;height: 1109px\">\n<tbody>\n<tr style=\"height: 24px\">\n<td style=\"width: 99.855%;text-align: center;height: 24px\" colspan=\"3\">MONOGRAFIAS \u2013 ANO 2019<\/td>\n<\/tr>\n<tr style=\"height: 24px\">\n<td style=\"width: 32.4148%;text-align: center;height: 24px\">AUTOR(A)<\/td>\n<td style=\"width: 34.1552%;text-align: center;height: 24px\">ORIENTADOR(A)<\/td>\n<td style=\"width: 33.285%;text-align: center;height: 24px\">MONOGRAFIA<\/td>\n<\/tr>\n<tr style=\"height: 48px\">\n<td style=\"width: 32.4148%;text-align: center;height: 48px\">Ana Paula de Oliveira Silva<\/td>\n<td style=\"width: 34.1552%;text-align: center;height: 48px\">Prof\u00aa. Dra. Annie Tarsis Morais Figueiredo<\/td>\n<td style=\"width: 33.285%;height: 48px;text-align: justify\"><a href=\"https:\/\/portal.uern.br\/patu\/dlv\/wp-content\/uploads\/sites\/4\/2024\/05\/ANA-PAULA-DE-OLIVEIRA-SILVA.pdf\">O CEN\u00c1RIO POL\u00cdTICO BRASILEIRO A PARTIR DA PERSONAGEM FLORA: UM ESTUDO SOBRE ESA\u00da E JAC\u00d3, DE MACHADO DE ASSIS.<\/a><\/td>\n<\/tr>\n<tr style=\"height: 41px\">\n<td style=\"width: 32.4148%;text-align: center;height: 41px\">Ant\u00f4nia Gizely Pereira de Oliveira<\/td>\n<td style=\"width: 34.1552%;text-align: center;height: 41px\">Prof\u00aa. Dra. Ant\u00f4nia Sueli da Silva Gomes<\/td>\n<td style=\"width: 33.285%;height: 41px;text-align: justify\"><a href=\"https:\/\/portal.uern.br\/patu\/dlv\/wp-content\/uploads\/sites\/4\/2024\/05\/ANTONIA-GIZELLY-PEREIRA-OLIVEIRA.pdf\">A FORMA\u00c7\u00c3O DO LEITOR CR\u00cdTICO NO ENSINO M\u00c9DIO: AS CONTRIBUI\u00c7\u00d5ES DO PROFESSOR DE LITERATURA EM SALA DE AULA.<\/a><\/td>\n<\/tr>\n<tr style=\"height: 48px\">\n<td style=\"width: 32.4148%;text-align: center;height: 48px\">Brenda de Freitas<\/td>\n<td style=\"width: 34.1552%;text-align: center;height: 48px\">Prof\u00aa. Dra. Luciana Fernandes Nery<\/td>\n<td style=\"width: 33.285%;height: 48px;text-align: justify\"><a href=\"https:\/\/portal.uern.br\/patu\/dlv\/wp-content\/uploads\/sites\/4\/2024\/05\/BRENDA-DE-FREITAS.pdf\">O DISCURSO SOBRE O FEMINIC\u00cdDIO E ESTRAT\u00c9GIAS BIOPOL\u00cdTICAS EM PERFIS FEMINISTAS DO INSTAGRAM.<\/a><\/td>\n<\/tr>\n<tr style=\"height: 24px\">\n<td style=\"width: 32.4148%;text-align: center;height: 24px\">Camila Soares dos Santos<\/td>\n<td style=\"width: 34.1552%;text-align: center;height: 24px\">Prof\u00aa. Dra. Maria Leidiana Alves<\/td>\n<td style=\"width: 33.285%;height: 24px;text-align: justify\"><a href=\"https:\/\/portal.uern.br\/patu\/dlv\/wp-content\/uploads\/sites\/4\/2024\/05\/CAMILA-SOARES-DOS-SANTOS.pdf\">O TRABALHO COM A LEITURA E A FORMA\u00c7\u00c3O DO LEITOR NA 2\u00aa S\u00c9RIE DO ENSINO M\u00c9DIO: VIS\u00c3O DO PROFESSOR, DE ALUNOS E RESIDENTES.<\/a><\/td>\n<\/tr>\n<tr style=\"height: 72px\">\n<td style=\"width: 32.4148%;text-align: center;height: 72px\">Daniel Medeiros de Oliveira<\/td>\n<td style=\"width: 34.1552%;text-align: center;height: 72px\">Prof. Me. Leandro Rodrigues Torres<\/td>\n<td style=\"width: 33.285%;height: 72px;text-align: justify\"><a href=\"https:\/\/portal.uern.br\/patu\/dlv\/wp-content\/uploads\/sites\/4\/2024\/05\/DANIEL-MEDEIROS-DE-OLIVEIRA.pdf\">A REPRESENTA\u00c7\u00c3O LITER\u00c1RIA DA DISCRIMINA\u00c7\u00c3O SOCIAL: O PRECONCEITO SOCIAL NA OBRA CLARA DOS ANJOS, DE LIMA BARRETO.<\/a><\/td>\n<\/tr>\n<tr style=\"height: 24px\">\n<td style=\"width: 32.4148%;text-align: center;height: 33px\">Elineuda Maria de Andrade de Sousa<\/td>\n<td style=\"width: 34.1552%;text-align: center;height: 33px\">Prof. Me. Leandro Rodrigues Torres<\/td>\n<td style=\"width: 33.285%;height: 33px;text-align: justify\"><a href=\"https:\/\/portal.uern.br\/patu\/dlv\/wp-content\/uploads\/sites\/4\/2024\/05\/ELINEUDA-MARIA-DE-ANDRADE-DE-SOUSA.pdf\">A REPRESENTA\u00c7\u00c3O DOS PERSONAGENS VICENTE E CONCEI\u00c7\u00c3O EM O QUINZE, DE RACHEL DE QUEIROZ.<\/a><\/td>\n<\/tr>\n<tr style=\"height: 48px\">\n<td style=\"width: 32.4148%;text-align: center;height: 48px\">Fabiana Gomes Filgueira<\/td>\n<td style=\"width: 34.1552%;text-align: center;height: 48px\">Prof\u00aa. Dra. Ant\u00f4nia Sueli da Silva Gomes<\/td>\n<td style=\"width: 33.285%;height: 48px;text-align: justify\"><a href=\"https:\/\/portal.uern.br\/patu\/dlv\/wp-content\/uploads\/sites\/4\/2024\/05\/FABIANA-GOMES-FILGUEIRA.pdf\">A LEITURA E O LEITOR: O BALE-FRUP COMO MEDIADOR DE LEITORES LITER\u00c1RIOS.<\/a><\/td>\n<\/tr>\n<tr style=\"height: 24px\">\n<td style=\"width: 32.4148%;text-align: center;height: 41px\">Fel\u00edcia Pinheiro Gomes<\/td>\n<td style=\"width: 34.1552%;height: 41px;text-align: center\">Prof\u00aa. Dra. Annie Tarsis Morais Figueiredo<\/td>\n<td style=\"width: 33.285%;height: 41px;text-align: justify\"><a href=\"https:\/\/portal.uern.br\/patu\/dlv\/wp-content\/uploads\/sites\/4\/2024\/05\/FELICIA-PINHEIRO-GOMES.pdf\">\u201cN\u00c3O TER O QUE COMER NA TERRA DE CANA\u00c3\u201d: O DI\u00c1LOGO ENTRE LITERATURA E BIOPOL\u00cdTICA N\u2019A BAGACEIRA, DE JOS\u00c9 AM\u00c9RICO DE ALMEIDA.<\/a><\/td>\n<\/tr>\n<tr style=\"height: 24px\">\n<td style=\"width: 32.4148%;text-align: center;height: 30px\">Francisca Ver\u00f4nica Pereira Moreira<\/td>\n<td style=\"width: 34.1552%;height: 30px;text-align: center\">Prof\u00aa. Dra. Luciana Fernandes Nery<\/td>\n<td style=\"width: 33.285%;height: 30px;text-align: justify\"><a href=\"https:\/\/portal.uern.br\/patu\/dlv\/wp-content\/uploads\/sites\/4\/2024\/05\/FRANCISCA-VERONICA-PEREIRA-MOREIRA.pdf\">A CONSTITUI\u00c7\u00c3O MIDI\u00c1TICA DA MULHER NEGRA EM CAPAS DA REVISTA RA\u00c7A.<\/a><\/td>\n<\/tr>\n<tr style=\"height: 24px\">\n<td style=\"width: 32.4148%;text-align: center;height: 10px\">Gilberl\u00e2ndia Faustino Ferreira<\/td>\n<td style=\"width: 34.1552%;text-align: center;height: 10px\">Prof\u00aa. Dra. Beatriz Pazini Ferreira<\/td>\n<td style=\"width: 33.285%;height: 10px;text-align: justify\"><a href=\"https:\/\/portal.uern.br\/patu\/dlv\/wp-content\/uploads\/sites\/4\/2024\/05\/GILBERLANIA-FAUSTINO-FERREIRA.pdf\">A EROTIZA\u00c7\u00c3O FEMININA NAS CANTIGAS DE AMIGO AI FLORES, AI FLORES DO VERDE PINO, DE D. DINIZ E ONDAS DO MAR DE VIGO, DE MARTIM CODAX.<\/a><\/td>\n<\/tr>\n<tr style=\"height: 52px\">\n<td style=\"width: 32.4148%;text-align: center;height: 52px\">Isac Noel Fernandes Suassuna<\/td>\n<td style=\"width: 34.1552%;height: 52px;text-align: center\">Prof\u00aa. Dra. Annie Tarsis Morais Figueiredo<\/td>\n<td style=\"width: 33.285%;height: 52px;text-align: justify\"><a href=\"https:\/\/portal.uern.br\/patu\/dlv\/wp-content\/uploads\/sites\/4\/2024\/05\/ISAC-NOEL-FERNANDES-SUASSUNA.pdf\">\u201cVIROU GENTE OUTRA FEITA\u201d: UM ESTUDO DO PERSONAGEM MACUNA\u00cdMA A PARTIR DA COSMOVIS\u00c3O AMER\u00cdNDIA.<\/a><\/td>\n<\/tr>\n<tr style=\"height: 52px\">\n<td style=\"width: 32.4148%;text-align: center;height: 52px\">Janiele Suyane de Lima<\/td>\n<td style=\"width: 34.1552%;text-align: center;height: 52px\">Prof\u00aa. Dra. Maria Leidiana Alves<\/td>\n<td style=\"width: 33.285%;height: 52px;text-align: justify\"><a href=\"https:\/\/portal.uern.br\/patu\/dlv\/wp-content\/uploads\/sites\/4\/2024\/05\/JANIELE-SUYANE-DE-LIMA.pdf\">A LEITURA NO ENSINO M\u00c9DIO: \u00d3TICA DO PROFESSOR E DE ALUNOS.<\/a><\/td>\n<\/tr>\n<tr style=\"height: 52px\">\n<td style=\"width: 32.4148%;text-align: center;height: 52px\">Jeckson Magno Dantas<\/td>\n<td style=\"width: 34.1552%;height: 52px;text-align: center\">Prof\u00aa. Dra. Beatriz Pazini Ferreira<\/td>\n<td style=\"width: 33.285%;height: 52px;text-align: justify\"><a href=\"https:\/\/portal.uern.br\/patu\/dlv\/wp-content\/uploads\/sites\/4\/2024\/05\/JECKSON-MAGNO-DANTAS.pdf\">MANUELZ\u00c3O E MIGUILIM, DE GUIMAR\u00c3ES ROSA: A RESSIGNIFICA\u00c7\u00c3O A PARTIR DAS CANTIGAS POPULARES.<\/a><\/td>\n<\/tr>\n<tr style=\"height: 48px\">\n<td style=\"width: 32.4148%;text-align: center;height: 48px\">Kely Caroline Santos da Silva<\/td>\n<td style=\"width: 34.1552%;height: 48px;text-align: center\">Prof\u00aa. Dra. Annie Tarsis Morais Figueiredo<\/td>\n<td style=\"width: 33.285%;height: 48px;text-align: justify\"><a href=\"https:\/\/portal.uern.br\/patu\/dlv\/wp-content\/uploads\/sites\/4\/2024\/05\/KELY-CAROLINE-SANTOS-DA-SILVA.pdf\">\u201cSOU NADA NO INFINITO\u201d: UM OLHAR ACERCA DO NIILISMO BRANDONIANO EM H\u00daMUS.<\/a><\/td>\n<\/tr>\n<tr style=\"height: 48px\">\n<td style=\"width: 32.4148%;text-align: center;height: 10px\">Lara Jayanne Ferreira da Silva<\/td>\n<td style=\"width: 34.1552%;height: 10px;text-align: center\">Prof\u00aa. Dra. Aline Almeida Inhoti<\/td>\n<td style=\"width: 33.285%;text-align: justify;height: 10px\"><a href=\"https:\/\/portal.uern.br\/patu\/dlv\/wp-content\/uploads\/sites\/4\/2024\/05\/LARA-JAYANNE-FERREIRA-DA-SILVA.pdf\">O G\u00caNERO CR\u00d4NICA E AS PR\u00c1TICAS DE LETRAMENTO ESCOLAR NO ENSINO M\u00c9DIO.<\/a><\/td>\n<\/tr>\n<tr style=\"height: 24px\">\n<td style=\"width: 32.4148%;text-align: center;height: 24px\">Leomberg de Medeiros Silva<\/td>\n<td style=\"width: 34.1552%;text-align: center;height: 24px\">Prof\u00aa. Dra. Cla\u00fadia Maria Fel\u00edcio Ferreira Tom\u00e9<\/td>\n<td style=\"width: 33.285%;height: 24px;text-align: justify\"><a href=\"https:\/\/portal.uern.br\/patu\/dlv\/wp-content\/uploads\/sites\/4\/2024\/05\/LEOMBERG-DE-MEDEIROS-SILVA.pdf\">O ENSINO E APRENDIZAGEM DE LITERATURA NO 9\u00ba ANO DO ENSINO FUNDAMENTAL II.<\/a><\/td>\n<\/tr>\n<tr style=\"height: 76px\">\n<td style=\"width: 32.4148%;text-align: center;height: 76px\">Michele Jard\u00eania Ara\u00fajo Rodrigues<\/td>\n<td style=\"width: 34.1552%;text-align: center;height: 76px\">Prof\u00aa. Ma. Francisca Lailsa Ribeiro Pinto<\/td>\n<td style=\"width: 33.285%;height: 76px;text-align: justify\"><a href=\"https:\/\/portal.uern.br\/patu\/dlv\/wp-content\/uploads\/sites\/4\/2024\/05\/MICHELLE-JARDENIA-ARAUJO-RODRIGUES.pdf\">D\u00c9LIA: A ESCRITA DE SI E O FEMININO NA VIDA P\u00daBLICA E PRIVADA, EM DUAS IRM\u00c3S.<\/a><\/td>\n<\/tr>\n<tr style=\"height: 76px\">\n<td style=\"width: 32.4148%;text-align: center;height: 76px\">Paula Joise Linhares da Silva<\/td>\n<td style=\"width: 34.1552%;text-align: center;height: 76px\">Prof\u00aa. Dra. Ant\u00f4nia Sueli da Silva Gomes<\/td>\n<td style=\"width: 33.285%;height: 76px;text-align: justify\"><a href=\"https:\/\/portal.uern.br\/patu\/dlv\/wp-content\/uploads\/sites\/4\/2024\/05\/PAULA-JOISE-LINHARES-DA-SILVA.pdf\">AS CONTRIBUI\u00c7\u00d5ES DO PROGRAMA RESID\u00caNCIA PEDAG\u00d3GICA PARA A FORMA\u00c7\u00c3O INICIAL DO PROFESSOR DE L\u00cdNGUA PORTUGUESA.<\/a><\/td>\n<\/tr>\n<tr style=\"height: 48px\">\n<td style=\"width: 32.4148%;text-align: center;height: 48px\">Renata Mireli Ferreira<\/td>\n<td style=\"width: 34.1552%;text-align: center;height: 48px\">Prof\u00aa. Ma. Francisca Lailsa Ribeiro Pinto<\/td>\n<td style=\"width: 33.285%;height: 48px;text-align: justify\"><a href=\"https:\/\/portal.uern.br\/patu\/dlv\/wp-content\/uploads\/sites\/4\/2024\/05\/RENATA-MIRELI-FERREIRA.pdf\">A MEM\u00d3RIA E O ESPA\u00c7O DE POBREZA EM \u00daRSULA DE MARIA FIRMINA DOS REIS.<\/a><\/td>\n<\/tr>\n<tr style=\"height: 76px\">\n<td style=\"width: 32.4148%;text-align: center;height: 76px\">Rita Nogueira da Silva<\/td>\n<td style=\"width: 34.1552%;text-align: center;height: 76px\">Prof\u00aa. Ma. Maria Karoliny Lima de Oliveira<\/td>\n<td style=\"width: 33.285%;height: 76px;text-align: justify\"><a href=\"https:\/\/portal.uern.br\/patu\/dlv\/wp-content\/uploads\/sites\/4\/2024\/05\/RITA-NOGUEIRA-DA-SILVA.pdf\">A REPRESENTATIVIDADE DE LUC\u00cdOLA DIANTE DA SOCIEDADE BURGUESA.<\/a><\/td>\n<\/tr>\n<tr style=\"height: 76px\">\n<td style=\"width: 32.4148%;text-align: center;height: 76px\">Rit\u00f4nio Fernandes Barros<\/td>\n<td style=\"width: 34.1552%;text-align: center;height: 76px\">Prof\u00aa. Dra. Aline Almeida Inhoti<\/td>\n<td style=\"width: 33.285%;height: 76px;text-align: justify\"><a href=\"https:\/\/portal.uern.br\/patu\/dlv\/wp-content\/uploads\/sites\/4\/2024\/05\/RITONIO-FERNANDES-BARROS.pdf\">O GRAFITE NA ESCOLA E AS PR\u00c1TICAS DE LETRAMENTO ESCOLAR DE ALUNOS DO ENSINO M\u00c9DIO.<\/a><\/td>\n<\/tr>\n<tr style=\"height: 76px\">\n<td style=\"width: 32.4148%;text-align: center;height: 76px\">Rom\u00e3o de Freitas Silva<\/td>\n<td style=\"width: 34.1552%;text-align: center;height: 76px\">Prof\u00aa. Dra. Luciana Fernandes Nery<\/td>\n<td style=\"width: 33.285%;height: 76px;text-align: justify\"><a href=\"https:\/\/portal.uern.br\/patu\/dlv\/wp-content\/uploads\/sites\/4\/2024\/05\/ROMAO-DE-FREITAS-SILVA.pdf\">OS MODOS DE SUBJETIVA\u00c7\u00c3O FEMININA PERANTE OS DISCURSOS MACHISTAS EM POSTS DO INSTAGRAM.<\/a><\/td>\n<\/tr>\n<\/tbody>\n<\/table>\n<p>&nbsp;<\/p>\n","protected":false},"excerpt":{"rendered":"<p>MONOGRAFIAS \u2013 ANO 2019 AUTOR(A) ORIENTADOR(A) MONOGRAFIA Ana Paula de Oliveira Silva Prof\u00aa. Dra. Annie Tarsis Morais Figueiredo O CEN\u00c1RIO POL\u00cdTICO BRASILEIRO A PARTIR DA PERSONAGEM FLORA: UM ESTUDO SOBRE ESA\u00da E JAC\u00d3, DE MACHADO DE ASSIS. Ant\u00f4nia Gizely Pereira de Oliveira Prof\u00aa. Dra. Ant\u00f4nia Sueli da Silva Gomes A FORMA\u00c7\u00c3O DO LEITOR CR\u00cdTICO NO [&hellip;]<\/p>\n","protected":false},"author":9,"featured_media":0,"parent":0,"menu_order":0,"comment_status":"closed","ping_status":"closed","template":"","meta":{"footnotes":""},"class_list":["post-1167","page","type-page","status-publish","hentry"],"_links":{"self":[{"href":"https:\/\/portal.uern.br\/patu\/dlv\/wp-json\/wp\/v2\/pages\/1167","targetHints":{"allow":["GET"]}}],"collection":[{"href":"https:\/\/portal.uern.br\/patu\/dlv\/wp-json\/wp\/v2\/pages"}],"about":[{"href":"https:\/\/portal.uern.br\/patu\/dlv\/wp-json\/wp\/v2\/types\/page"}],"author":[{"embeddable":true,"href":"https:\/\/portal.uern.br\/patu\/dlv\/wp-json\/wp\/v2\/users\/9"}],"replies":[{"embeddable":true,"href":"https:\/\/portal.uern.br\/patu\/dlv\/wp-json\/wp\/v2\/comments?post=1167"}],"version-history":[{"count":34,"href":"https:\/\/portal.uern.br\/patu\/dlv\/wp-json\/wp\/v2\/pages\/1167\/revisions"}],"predecessor-version":[{"id":1170,"href":"https:\/\/portal.uern.br\/patu\/dlv\/wp-json\/wp\/v2\/pages\/1167\/revisions\/1170"}],"wp:attachment":[{"href":"https:\/\/portal.uern.br\/patu\/dlv\/wp-json\/wp\/v2\/media?parent=1167"}],"curies":[{"name":"wp","href":"https:\/\/api.w.org\/{rel}","templated":true}]}}