{"id":7,"date":"2022-10-25T15:26:23","date_gmt":"2022-10-25T18:26:23","guid":{"rendered":"https:\/\/paisdemossoro.com.br\/wordpress\/ouviuern\/?page_id=7"},"modified":"2025-12-05T13:57:32","modified_gmt":"2025-12-05T16:57:32","slug":"campanhas","status":"publish","type":"page","link":"https:\/\/portal.uern.br\/ouviuern\/campanhas\/","title":{"rendered":"Campanhas"},"content":{"rendered":"<p><img fetchpriority=\"high\" decoding=\"async\" class=\"alignnone wp-image-35813 size-full\" src=\"https:\/\/portal.uern.br\/ouviuern\/wp-content\/uploads\/sites\/11\/2025\/12\/Verde-Laranja-e-Rosa-Organico-Corporativo-PME-Kit-de-Marketing-Capa-para-Facebook-1.png\" alt=\"\" width=\"851\" height=\"315\" srcset=\"https:\/\/portal.uern.br\/ouviuern\/wp-content\/uploads\/sites\/11\/2025\/12\/Verde-Laranja-e-Rosa-Organico-Corporativo-PME-Kit-de-Marketing-Capa-para-Facebook-1.png 851w, https:\/\/portal.uern.br\/ouviuern\/wp-content\/uploads\/sites\/11\/2025\/12\/Verde-Laranja-e-Rosa-Organico-Corporativo-PME-Kit-de-Marketing-Capa-para-Facebook-1-300x111.png 300w, https:\/\/portal.uern.br\/ouviuern\/wp-content\/uploads\/sites\/11\/2025\/12\/Verde-Laranja-e-Rosa-Organico-Corporativo-PME-Kit-de-Marketing-Capa-para-Facebook-1-768x284.png 768w\" sizes=\"(max-width: 851px) 100vw, 851px\" \/><\/p>\n<p><strong>2018<\/strong> \u2013 A Ouvidoria em parceria com a Pr\u00f3-Reitoria de Recursos Humanos e Assuntos Estudantis lan\u00e7ou no dia 16 de maio de 2018 a Campanha de Preven\u00e7\u00e3o ao Ass\u00e9dio Moral e Sexual com o objetivo de orientar alunos, t\u00e9cnicos e professores sobre as a\u00e7\u00f5es que caracterizam esse tipo de pr\u00e1tica e informar os canais que a comunidade acad\u00eamica pode acessar para tirar d\u00favidas e fazer den\u00fancias. Durante o lan\u00e7amento,o professor e presidente da Comiss\u00e3o de \u00c9tica da UFERSA, Jos\u00e9 Albanes Bezerra J\u00fanior, proferiu palestra sobre \u201c<strong>A\u00e7\u00f5es que caracterizam o ass\u00e9dio<\/strong>\u201d.<\/p>\n<p><strong>2019\u00a0<\/strong>\u2013 A 2\u00aa edi\u00e7\u00e3o da Campanha de Preven\u00e7\u00e3o ao Ass\u00e9dio Moral e Sexual foi lan\u00e7ada no dia 17 de julho e teve como objetivo discutir sobre \u201c<strong>A \u00e9tica e as rela\u00e7\u00f5es de trabalho<\/strong>\u201d. O tema foi abordado por meio de um\u00a0talk show\u00a0e foram convidados: Prof. Dr. Josailton Fernandes de Mendon\u00e7a (UERN); Prof. Dr. Jos\u00e9 Albenes Bezerra J\u00fanior (UFERSA); Prof. Me. Hamilton Vieira Sobrinho \u2013\u00a0 Juiz do Trabalho e como mediadora a\u00a0 Professora. Ma. Fernanda Abreu de Oliveira (UERN)<\/p>\n<p><strong>2020<\/strong> \u2013 A 3\u00aa edi\u00e7\u00e3o da Campanha de Preven\u00e7\u00e3o ao Ass\u00e9dio Moral e Sexual, mais uma vez uma parceria da Ouvidoria com a PROGEP, foi lan\u00e7ada no dia 25 de agosto e teve como objetivo discutir sobre as rela\u00e7\u00f5es de trabalho no contexto da pandemia da COVID \u2013 19 que estabelece o teletrabalho como rotina nas organiza\u00e7\u00f5es. Diante desse novo cen\u00e1rio em que as pessoas passaram a conviver muito mais no mundo virtual, tornou-se imperativo discutir como se d\u00e3o as rela\u00e7\u00f5es inter e intrapessoais nesse contexto. Dessa forma, a 3\u00aa edi\u00e7\u00e3o da Campanha ocorreu em tr\u00eas momentos diferentes, sendo realizada de forma remota pelo Canal Oficial da Uern no Youtube e pelo Google Meet com o lema #TamoJunto.\u00a0 Para a abertura foi convidada a Gerente de Pessoas do SEBRAE, Simone Galv\u00e3o, que fez uma live sobre: RESILI\u00caNCIA, TRABALHO REMOTO E BEM-ESTAR DO SERVIDOR EM TEMPOS DE PANDEMIA. N\u00famero de visualiza\u00e7\u00f5es 160.<\/p>\n<p>No dia 15 de setembro,\u00a0 ocorreu o segundo momento da Campanha com a live:\u00a0 ANALISANDO AS RELA\u00c7\u00d5ES INTERPESSOAIS NO CONTEXTO ATUAL com os convidados: Prof. Dr. Jos\u00e9 Albenes J\u00fanior (UFERSA) e o Dr. Ant\u00f4nio Gleydson \u2013 Procurador do Minist\u00e9rio P\u00fablico do Trabalho. E para mediar o debate convidamos a Profa. Ma. Fernanda Abreu de Oliveira (FAD\/UERN), na ocasi\u00e3o participaram 110 pessoas.<\/p>\n<p>O encerramento ocorreu no dia 27 de outubro, fazendo parte tamb\u00e9m da programa\u00e7\u00e3o alusiva \u00e0 Comemora\u00e7\u00e3o do Servidor P\u00fablico promovida pela Pr\u00f3-Reitoria de Gest\u00e3o de Pessoas (PROGEP\/UERN), com a live \u00c9TICA NAS M\u00cdDIAS SOCIAIS. Os convidados foram: Prof. Me. Esdra Marchezan (Assessor da Reitoria\/UERN), a TNS. Ma. Iuska Kaliany (AGECOM\/UERN) e a TNS. Aline Linhares (AGECOM\/UERN)como moderadora com 171 visualiza\u00e7\u00f5es.<\/p>\n<p style=\"text-align: left\"><strong>2021 &#8211; <\/strong>A\u00a0 4\u00aa edi\u00e7\u00e3o da Campanha de Preven\u00e7\u00e3o ao Ass\u00e9dio Moral e Sexual foi lan\u00e7ada no dia 09 de dezembro de 2021, com transmiss\u00e3o online via YouTube UERN Oficial, e teve como objetivo discutir sobre \u201cAss\u00e9dio moral, sexual e intelectual trabalhando as rela\u00e7\u00f5es preventivas\u201d. O tema foi<br \/>\nabordado pelo professor Jos\u00e9 Herval Sampaio J\u00fanior, da Faculdade de Direito (FAD), e a professora Patr\u00edcia Moreira, do Campus de Natal. A psic\u00f3loga organizacional da Uern, Biana Valente de Medeiros, atuou como mediadora e a estudante Terumi Tatsukawa, do curso de Pedagogia, como debatedora. O evento teve como intuito conscientizar toda a comunidade Uerniana sobre as a\u00e7\u00f5es que caracterizam esse tipo de abuso, divulgar os canais que possam para tirar d\u00favidas e fazer den\u00fancias e enfatizar o compromisso da Universidade do Estado do Rio Grande do Norte \u2013 UERN em prevenir tais condutas, assim como promover os meios necess\u00e1rios para responsabiliza\u00e7\u00e3o adequada quando de sua ocorr\u00eancia.<\/p>\n<p><strong>2022 &#8211;\u00a0 <\/strong>A 5\u00ba Edi\u00e7\u00e3o da Campanha ocorreu durante o m\u00eas de junho de 2022 a partir do dia 26, a campanha \u201cN\u00e3o se cale\u201d contou com abertura oficial por interm\u00e9dio do curso remoto \u201cAss\u00e9dio Moral na Administra\u00e7\u00e3o P\u00fablica\u201d, com o professor Ms. Rocco Ant\u00f4nio Rangel Rosso Nelson, do Instituto Federal de Educa\u00e7\u00e3o, Ci\u00eancia e Tecnologia do Rio Grande do Norte (IFRN).<\/p>\n<p>O ministrante do curso abordou os conceitos, contextos, os tipos de ass\u00e9dio, as formas como eles acontecem e o que as normas jur\u00eddicas e a literatura falam sobre o tema.<\/p>\n<p>No dia\u00a0 27, \u00e1s 14h, pelo Google Meet, foi realizado o curso \u201cComo enfrentar o Mansplaining e o Manterrupting no ambiente universit\u00e1rio\u201d com a professora Dr\u00aa Suamy Rafaely Soares, da Faculdade de Servi\u00e7o Social (Fasso) da Uern.<\/p>\n<p>No dia 03 de agosto, foi realizada mesa-redonda no Audit\u00f3rio da Faculdade de Filosofia e Ci\u00eancias Sociais (Fafic), a partir das 19h, sobre \u201cAss\u00e9dios na Universidade: desafios atuais para preven\u00e7\u00e3o e enfrentamento\u201d. Discutem o tema as professoras Dr\u00aa Fernanda Marques de Queiroz, Dr\u00aa Maria Ilidiana Diniz e Ms. Fernanda Abreu de Oliveira.<\/p>\n","protected":false},"excerpt":{"rendered":"<p>2018 \u2013 A Ouvidoria em parceria com a Pr\u00f3-Reitoria de Recursos Humanos e Assuntos Estudantis lan\u00e7ou no dia 16 de maio de 2018 a Campanha de Preven\u00e7\u00e3o ao Ass\u00e9dio Moral e Sexual com o objetivo de orientar alunos, t\u00e9cnicos e professores sobre as a\u00e7\u00f5es que caracterizam esse tipo de pr\u00e1tica e informar os canais que [&hellip;]<\/p>\n","protected":false},"author":1,"featured_media":0,"parent":0,"menu_order":0,"comment_status":"closed","ping_status":"closed","template":"","meta":[],"_links":{"self":[{"href":"https:\/\/portal.uern.br\/ouviuern\/wp-json\/wp\/v2\/pages\/7"}],"collection":[{"href":"https:\/\/portal.uern.br\/ouviuern\/wp-json\/wp\/v2\/pages"}],"about":[{"href":"https:\/\/portal.uern.br\/ouviuern\/wp-json\/wp\/v2\/types\/page"}],"author":[{"embeddable":true,"href":"https:\/\/portal.uern.br\/ouviuern\/wp-json\/wp\/v2\/users\/1"}],"replies":[{"embeddable":true,"href":"https:\/\/portal.uern.br\/ouviuern\/wp-json\/wp\/v2\/comments?post=7"}],"version-history":[{"count":7,"href":"https:\/\/portal.uern.br\/ouviuern\/wp-json\/wp\/v2\/pages\/7\/revisions"}],"predecessor-version":[{"id":35819,"href":"https:\/\/portal.uern.br\/ouviuern\/wp-json\/wp\/v2\/pages\/7\/revisions\/35819"}],"wp:attachment":[{"href":"https:\/\/portal.uern.br\/ouviuern\/wp-json\/wp\/v2\/media?parent=7"}],"curies":[{"name":"wp","href":"https:\/\/api.w.org\/{rel}","templated":true}]}}

<p><img fetchpriority="high" decoding="async" class="alignnone wp-image-35813 size-full" src="https://portal.uern.br/ouviuern/wp-content/uploads/sites/11/2025/12/Verde-Laranja-e-Rosa-Organico-Corporativo-PME-Kit-de-Marketing-Capa-para-Facebook-1.png" alt="" width="851" height="315" srcset="https://portal.uern.br/ouviuern/wp-content/uploads/sites/11/2025/12/Verde-Laranja-e-Rosa-Organico-Corporativo-PME-Kit-de-Marketing-Capa-para-Facebook-1.png 851w, https://portal.uern.br/ouviuern/wp-content/uploads/sites/11/2025/12/Verde-Laranja-e-Rosa-Organico-Corporativo-PME-Kit-de-Marketing-Capa-para-Facebook-1-300x111.png 300w, https://portal.uern.br/ouviuern/wp-content/uploads/sites/11/2025/12/Verde-Laranja-e-Rosa-Organico-Corporativo-PME-Kit-de-Marketing-Capa-para-Facebook-1-768x284.png 768w" sizes="(max-width: 851px) 100vw, 851px" /></p>
<p><strong>2018</strong> – A Ouvidoria em parceria com a Pró-Reitoria de Recursos Humanos e Assuntos Estudantis lançou no dia 16 de maio de 2018 a Campanha de Prevenção ao Assédio Moral e Sexual com o objetivo de orientar alunos, técnicos e professores sobre as ações que caracterizam esse tipo de prática e informar os canais que a comunidade acadêmica pode acessar para tirar dúvidas e fazer denúncias. Durante o lançamento,o professor e presidente da Comissão de Ética da UFERSA, José Albanes Bezerra Júnior, proferiu palestra sobre “<strong>Ações que caracterizam o assédio</strong>”.</p>
<p><strong>2019 </strong>– A 2ª edição da Campanha de Prevenção ao Assédio Moral e Sexual foi lançada no dia 17 de julho e teve como objetivo discutir sobre “<strong>A ética e as relações de trabalho</strong>”. O tema foi abordado por meio de um talk show e foram convidados: Prof. Dr. Josailton Fernandes de Mendonça (UERN); Prof. Dr. José Albenes Bezerra Júnior (UFERSA); Prof. Me. Hamilton Vieira Sobrinho –  Juiz do Trabalho e como mediadora a  Professora. Ma. Fernanda Abreu de Oliveira (UERN)</p>
<p><strong>2020</strong> – A 3ª edição da Campanha de Prevenção ao Assédio Moral e Sexual, mais uma vez uma parceria da Ouvidoria com a PROGEP, foi lançada no dia 25 de agosto e teve como objetivo discutir sobre as relações de trabalho no contexto da pandemia da COVID – 19 que estabelece o teletrabalho como rotina nas organizações. Diante desse novo cenário em que as pessoas passaram a conviver muito mais no mundo virtual, tornou-se imperativo discutir como se dão as relações inter e intrapessoais nesse contexto. Dessa forma, a 3ª edição da Campanha ocorreu em três momentos diferentes, sendo realizada de forma remota pelo Canal Oficial da Uern no Youtube e pelo Google Meet com o lema #TamoJunto.  Para a abertura foi convidada a Gerente de Pessoas do SEBRAE, Simone Galvão, que fez uma live sobre: RESILIÊNCIA, TRABALHO REMOTO E BEM-ESTAR DO SERVIDOR EM TEMPOS DE PANDEMIA. Número de visualizações 160.</p>
<p>No dia 15 de setembro,  ocorreu o segundo momento da Campanha com a live:  ANALISANDO AS RELAÇÕES INTERPESSOAIS NO CONTEXTO ATUAL com os convidados: Prof. Dr. José Albenes Júnior (UFERSA) e o Dr. Antônio Gleydson – Procurador do Ministério Público do Trabalho. E para mediar o debate convidamos a Profa. Ma. Fernanda Abreu de Oliveira (FAD/UERN), na ocasião participaram 110 pessoas.</p>
<p>O encerramento ocorreu no dia 27 de outubro, fazendo parte também da programação alusiva à Comemoração do Servidor Público promovida pela Pró-Reitoria de Gestão de Pessoas (PROGEP/UERN), com a live ÉTICA NAS MÍDIAS SOCIAIS. Os convidados foram: Prof. Me. Esdra Marchezan (Assessor da Reitoria/UERN), a TNS. Ma. Iuska Kaliany (AGECOM/UERN) e a TNS. Aline Linhares (AGECOM/UERN)como moderadora com 171 visualizações.</p>
<p style="text-align: left"><strong>2021 &#8211; </strong>A  4ª edição da Campanha de Prevenção ao Assédio Moral e Sexual foi lançada no dia 09 de dezembro de 2021, com transmissão online via YouTube UERN Oficial, e teve como objetivo discutir sobre “Assédio moral, sexual e intelectual trabalhando as relações preventivas”. O tema foi<br />
abordado pelo professor José Herval Sampaio Júnior, da Faculdade de Direito (FAD), e a professora Patrícia Moreira, do Campus de Natal. A psicóloga organizacional da Uern, Biana Valente de Medeiros, atuou como mediadora e a estudante Terumi Tatsukawa, do curso de Pedagogia, como debatedora. O evento teve como intuito conscientizar toda a comunidade Uerniana sobre as ações que caracterizam esse tipo de abuso, divulgar os canais que possam para tirar dúvidas e fazer denúncias e enfatizar o compromisso da Universidade do Estado do Rio Grande do Norte – UERN em prevenir tais condutas, assim como promover os meios necessários para responsabilização adequada quando de sua ocorrência.</p>
<p><strong>2022 &#8211;  </strong>A 5º Edição da Campanha ocorreu durante o mês de junho de 2022 a partir do dia 26, a campanha “Não se cale” contou com abertura oficial por intermédio do curso remoto “Assédio Moral na Administração Pública”, com o professor Ms. Rocco Antônio Rangel Rosso Nelson, do Instituto Federal de Educação, Ciência e Tecnologia do Rio Grande do Norte (IFRN).</p>
<p>O ministrante do curso abordou os conceitos, contextos, os tipos de assédio, as formas como eles acontecem e o que as normas jurídicas e a literatura falam sobre o tema.</p>
<p>No dia  27, ás 14h, pelo Google Meet, foi realizado o curso “Como enfrentar o Mansplaining e o Manterrupting no ambiente universitário” com a professora Drª Suamy Rafaely Soares, da Faculdade de Serviço Social (Fasso) da Uern.</p>
<p>No dia 03 de agosto, foi realizada mesa-redonda no Auditório da Faculdade de Filosofia e Ciências Sociais (Fafic), a partir das 19h, sobre “Assédios na Universidade: desafios atuais para prevenção e enfrentamento”. Discutem o tema as professoras Drª Fernanda Marques de Queiroz, Drª Maria Ilidiana Diniz e Ms. Fernanda Abreu de Oliveira.</p>

<p>2018 – A Ouvidoria em parceria com a Pró-Reitoria de Recursos Humanos e Assuntos Estudantis lançou no dia 16 de maio de 2018 a Campanha de Prevenção ao Assédio Moral e Sexual com o objetivo de orientar alunos, técnicos e professores sobre as ações que caracterizam esse tipo de prática e informar os canais que [&hellip;]</p>
