{"id":264,"date":"2022-11-03T19:25:52","date_gmt":"2022-11-03T22:25:52","guid":{"rendered":"https:\/\/paisdemossoro.com.br\/wordpress\/natal\/?page_id=264"},"modified":"2025-07-18T09:25:47","modified_gmt":"2025-07-18T12:25:47","slug":"contato","status":"publish","type":"page","link":"https:\/\/portal.uern.br\/natal\/contato\/","title":{"rendered":"Contatos"},"content":{"rendered":"<p><span style=\"font-size: 14pt\"><strong>Diretora do Campus de Natal<\/strong><\/span><\/p>\n<p>Prof\u00aa. Dra. Patr\u00edcia Moreira de Menezes<\/p>\n<p>Email: <a href=\"mailto:patriciamoreira@uern.br\">patriciamoreira@uern.br<\/a><\/p>\n<p><span style=\"font-size: 14pt\"><strong>Vice-diretora do Campus de Natal<\/strong><\/span><\/p>\n<p>Prof\u00aa. Dra. Bartira Paragua\u00e7u Falc\u00e3o Dantas Rocha<\/p>\n<p>Email: <a href=\"mailto:bartirarocha@uern.br\">bartirarocha@uern.br<\/a><\/p>\n<p><span style=\"font-size: 14pt\"><strong>Secretaria Geral<\/strong><\/span><\/p>\n<p>Email: <a href=\"mailto:natal@uern.br\">natal@uern.br<\/a><\/p>\n<p><span style=\"color: #000000\">WhatsApp<\/span>: <a href=\"https:\/\/wa.me\/5584998109086\">(84) 99810-9086<\/a><\/p>\n<p>Hor\u00e1rio de atendimento: 07h \u00e0s 13h &#8211; 15h \u00e0s 20h30<\/p>\n","protected":false},"excerpt":{"rendered":"<p>Diretora do Campus de Natal Prof\u00aa. Dra. Patr\u00edcia Moreira de Menezes Email: patriciamoreira@uern.br Vice-diretora do Campus de Natal Prof\u00aa. Dra. Bartira Paragua\u00e7u Falc\u00e3o Dantas Rocha Email: bartirarocha@uern.br Secretaria Geral Email: natal@uern.br WhatsApp: (84) 99810-9086 Hor\u00e1rio de atendimento: 07h \u00e0s 13h &#8211; 15h \u00e0s 20h30<\/p>\n","protected":false},"author":1,"featured_media":0,"parent":0,"menu_order":0,"comment_status":"closed","ping_status":"closed","template":"","meta":{"footnotes":""},"class_list":["post-264","page","type-page","status-publish","hentry"],"_links":{"self":[{"href":"https:\/\/portal.uern.br\/natal\/wp-json\/wp\/v2\/pages\/264","targetHints":{"allow":["GET"]}}],"collection":[{"href":"https:\/\/portal.uern.br\/natal\/wp-json\/wp\/v2\/pages"}],"about":[{"href":"https:\/\/portal.uern.br\/natal\/wp-json\/wp\/v2\/types\/page"}],"author":[{"embeddable":true,"href":"https:\/\/portal.uern.br\/natal\/wp-json\/wp\/v2\/users\/1"}],"replies":[{"embeddable":true,"href":"https:\/\/portal.uern.br\/natal\/wp-json\/wp\/v2\/comments?post=264"}],"version-history":[{"count":5,"href":"https:\/\/portal.uern.br\/natal\/wp-json\/wp\/v2\/pages\/264\/revisions"}],"predecessor-version":[{"id":1189,"href":"https:\/\/portal.uern.br\/natal\/wp-json\/wp\/v2\/pages\/264\/revisions\/1189"}],"wp:attachment":[{"href":"https:\/\/portal.uern.br\/natal\/wp-json\/wp\/v2\/media?parent=264"}],"curies":[{"name":"wp","href":"https:\/\/api.w.org\/{rel}","templated":true}]}}