{"id":258,"date":"2022-11-03T19:24:54","date_gmt":"2022-11-03T22:24:54","guid":{"rendered":"https:\/\/paisdemossoro.com.br\/wordpress\/natal\/?page_id=258"},"modified":"2025-07-25T13:37:48","modified_gmt":"2025-07-25T16:37:48","slug":"pratica-juridica","status":"publish","type":"page","link":"https:\/\/portal.uern.br\/natal\/pratica-juridica\/","title":{"rendered":"N\u00facleo de Pr\u00e1tica Jur\u00eddica"},"content":{"rendered":"<p>O N\u00facleo de Pr\u00e1tica Jur\u00eddica da UERN \u2013 Campus de Natal oferece atendimento jur\u00eddico de forma gratuita \u00e0 popula\u00e7\u00e3o de baixa renda residente da Zona Norte de Natal, sendo instrumento de acesso \u00e0 cidadania para a popula\u00e7\u00e3o carente, possibilitando o exerc\u00edcio de seus direitos.<\/p>\n<p><strong>Crit\u00e9rios de atendimento:<\/strong><\/p>\n<p>O atendimento ao p\u00fablico do N\u00facleo de Pr\u00e1tica Jur\u00eddica da UERN, Campus de Natal, obedece aos seguintes requisitos:<\/p>\n<ul>\n<li>Apenas pessoas f\u00edsicas;<\/li>\n<li>Domiciliadas na ZONA NORTE;<\/li>\n<li>Com renda individual de at\u00e9 dois sal\u00e1rios m\u00ednimos;<\/li>\n<\/ul>\n<p><strong>\u00c1reas de atendimento:<\/strong><\/p>\n<ul>\n<li>Relativas ao Direito de Fam\u00edlia (alimentos, div\u00f3rcio, uni\u00e3o est\u00e1vel, dentre outras);<\/li>\n<li>Cobran\u00e7a e ressarcimento de danos (por exemplo, danos decorrentes de acidentes de tr\u00e2nsito); despejo para uso pr\u00f3prio de im\u00f3vel; consignat\u00f3rias (em geral); consignat\u00f3rias de aluguel, dentre outras;<\/li>\n<li>A\u00e7\u00f5es de estado (interdi\u00e7\u00e3o, mudan\u00e7a de nome);<\/li>\n<li>Outras a\u00e7\u00f5es da \u00e1rea c\u00edvel, ap\u00f3s an\u00e1lise das supervisoras e\/ou da coordena\u00e7\u00e3o.<\/li>\n<\/ul>\n<p>&nbsp;<\/p>\n<p><strong>Hor\u00e1rio de Funcionamento:<\/strong><\/p>\n<p>Segunda: 7 \u00e0s 17h<\/p>\n<p>Ter\u00e7a: 7 \u00e0s 17h<\/p>\n<p>Quarta: 7 \u00e0s 17h<\/p>\n<p>Quinta: 7 \u00e0s 17h<\/p>\n<p>Sexta: 7 \u00e0s 17h<\/p>\n<p><span style=\"color: #0000ff\">Os dias e hor\u00e1rios de atendimento jur\u00eddico dever\u00e3o ser consultados via telefone, pois pode haver altera\u00e7\u00e3o a cada semestre.<\/span><\/p>\n<p>&nbsp;<\/p>\n<p><strong>Documentos necess\u00e1rios:<\/strong><\/p>\n<p>A pessoa que ser\u00e1 atendida dever\u00e1 apresentar a xerox dos seguintes documentos: RG, CPF, comprovante de resid\u00eancia, comprovante de renda (se tiver), certid\u00e3o de nascimento dos filhos (se houver), certid\u00e3o de casamento (caso seja casada), comprovante de despesas, dentre outros.<\/p>\n<p><strong>\u00a0<\/strong><\/p>\n<p><strong>Equipe<\/strong><\/p>\n<p>&nbsp;<\/p>\n<p><strong>D\u00e9borah Leite da Silva Holanda\u00a0<\/strong><\/p>\n<p>(Coordenadora)<\/p>\n<p><strong>Dra. Karinne Bentes <\/strong><\/p>\n<p>(Advogada)<\/p>\n<p><strong>Dr. Wigenes Sampaio<\/strong><\/p>\n<p>(Advogado)<\/p>\n<p><strong>Professor Francisco<\/strong><\/p>\n<p>(Supervisor de est\u00e1gio)<\/p>\n<p><strong>Professor Benny<\/strong><\/p>\n<p>(Supervisor de est\u00e1gio)<\/p>\n<p><strong>Gl\u00e1ucia Mois\u00e9s<\/strong><\/p>\n<p>(Secret\u00e1ria)<\/p>\n<p><strong>M\u00e1rcia<\/strong><\/p>\n<p>(Servidora t\u00e9cnico-administrativa)<\/p>\n<p><strong>Marcos Luiz<\/strong><\/p>\n<p>(Servidor t\u00e9cnico-administrativo)<\/p>\n<p><strong>Silvia Lucena<\/strong><\/p>\n<p>(Servidora t\u00e9cnico-administrativa)<\/p>\n<p><strong>\u00a0<\/strong><\/p>\n<p><span style=\"font-size: 14pt\"><strong>Contatos<\/strong><\/span><\/p>\n<p><strong>WhatsApp: <a href=\"http:\/\/wa.me\/5584999379047\">(84) 99937-9047<\/a><\/strong><\/p>\n<p><strong>E-mail: <\/strong><a href=\"mailto:praticajuridica_natal@uern.br\"><strong>praticajuridica_natal@uern.br<\/strong><\/a><\/p>\n<p><strong>Instagram: <a href=\"https:\/\/www.google.com\/url?sa=t&amp;source=web&amp;rct=j&amp;opi=89978449&amp;url=https:\/\/www.instagram.com\/praticajuridicauern\/&amp;ved=2ahUKEwi3q5O4t9iOAxWfH7kGHe3jEbgQFnoECEkQAQ&amp;usg=AOvVaw3jgDlSfx98KSySDK4KaoqS\">@<\/a><\/strong><a href=\"https:\/\/www.google.com\/url?sa=t&amp;source=web&amp;rct=j&amp;opi=89978449&amp;url=https:\/\/www.instagram.com\/praticajuridicauern\/&amp;ved=2ahUKEwi3q5O4t9iOAxWfH7kGHe3jEbgQFnoECEkQAQ&amp;usg=AOvVaw3jgDlSfx98KSySDK4KaoqS\">npjuernnatal<\/a><\/p>\n<p>&nbsp;<\/p>\n<p><strong>Local:<\/strong><\/p>\n<p>Campus de Natal &#8211; pr\u00e9dio CCUERN &#8211; Bloco\/sala: A3<strong>.<\/strong><\/p>\n<p><strong>\u00a0<\/strong><\/p>\n<p><strong>Endere\u00e7o:<\/strong><\/p>\n<p>Avenida Dr. Jo\u00e3o Medeiros Filho, 3419, Potengi, Natal, RN, CEP: 59120-555<strong>.<\/strong><\/p>\n","protected":false},"excerpt":{"rendered":"<p>O N\u00facleo de Pr\u00e1tica Jur\u00eddica da UERN \u2013 Campus de Natal oferece atendimento jur\u00eddico de forma gratuita \u00e0 popula\u00e7\u00e3o de baixa renda residente da Zona Norte de Natal, sendo instrumento de acesso \u00e0 cidadania para a popula\u00e7\u00e3o carente, possibilitando o exerc\u00edcio de seus direitos. Crit\u00e9rios de atendimento: O atendimento ao p\u00fablico do N\u00facleo de Pr\u00e1tica [&hellip;]<\/p>\n","protected":false},"author":1,"featured_media":0,"parent":0,"menu_order":0,"comment_status":"closed","ping_status":"closed","template":"","meta":{"footnotes":""},"class_list":["post-258","page","type-page","status-publish","hentry"],"_links":{"self":[{"href":"https:\/\/portal.uern.br\/natal\/wp-json\/wp\/v2\/pages\/258","targetHints":{"allow":["GET"]}}],"collection":[{"href":"https:\/\/portal.uern.br\/natal\/wp-json\/wp\/v2\/pages"}],"about":[{"href":"https:\/\/portal.uern.br\/natal\/wp-json\/wp\/v2\/types\/page"}],"author":[{"embeddable":true,"href":"https:\/\/portal.uern.br\/natal\/wp-json\/wp\/v2\/users\/1"}],"replies":[{"embeddable":true,"href":"https:\/\/portal.uern.br\/natal\/wp-json\/wp\/v2\/comments?post=258"}],"version-history":[{"count":6,"href":"https:\/\/portal.uern.br\/natal\/wp-json\/wp\/v2\/pages\/258\/revisions"}],"predecessor-version":[{"id":1301,"href":"https:\/\/portal.uern.br\/natal\/wp-json\/wp\/v2\/pages\/258\/revisions\/1301"}],"wp:attachment":[{"href":"https:\/\/portal.uern.br\/natal\/wp-json\/wp\/v2\/media?parent=258"}],"curies":[{"name":"wp","href":"https:\/\/api.w.org\/{rel}","templated":true}]}}