{"id":229,"date":"2022-11-03T19:15:29","date_gmt":"2022-11-03T22:15:29","guid":{"rendered":"https:\/\/paisdemossoro.com.br\/wordpress\/natal\/?page_id=229"},"modified":"2025-07-23T13:38:06","modified_gmt":"2025-07-23T16:38:06","slug":"apoio-a-inclusao","status":"publish","type":"page","link":"https:\/\/portal.uern.br\/natal\/apoio-a-inclusao\/","title":{"rendered":"DAIN &#8211; Apoio \u00e0 inclus\u00e3o"},"content":{"rendered":"<p><span style=\"font-size: 14pt\"><strong>O DAIN<\/strong><\/span><\/p>\n<p>A Diretoria de Pol\u00edticas e A\u00e7\u00f5es Inclusivas (DAIN), instalada no Campus Natal da Universidade do Estado do Rio Grande do Norte, desenvolve a\u00e7\u00f5es com foco na inclus\u00e3o educacional dos discentes com necessidades educacionais especiais, oportunizando atividades ligadas \u00e0 diversidade e \u00e0 inclus\u00e3o. S\u00e3o ofertados, atualmente, atendimento pedag\u00f3gico e apoio t\u00e9cnico especializado ao deficiente visual.<\/p>\n<p>A Divis\u00e3o de Pedagogia realiza interven\u00e7\u00e3o pedag\u00f3gica e orienta docentes e discentes sobre a implementa\u00e7\u00e3o de pr\u00e1ticas pedag\u00f3gicas inclusivas, quanto \u00e0 acessibilidade curricular, adapta\u00e7\u00f5es metodol\u00f3gicas e de avalia\u00e7\u00e3o.<\/p>\n<p>A Divis\u00e3o de Apoio \u00e0 Defici\u00eancia Visual busca desenvolver atividades e a\u00e7\u00f5es que estabele\u00e7am a inclus\u00e3o de discentes, docentes e servidores com defici\u00eancia visual a fim de promover a quebra de barreiras e a acessibilidade. Para isto, contamos com o aux\u00edlio do ledor \u2013 servi\u00e7o especializado de leitura \u2013 e com o aux\u00edlio para transcri\u00e7\u00e3o: servi\u00e7o especializado de transcri\u00e7\u00e3o para pessoas impossibilitadas de escrever ou de preencher campos.<\/p>\n<p>O trabalho desenvolvido pela DAIN consubstancia-se nas propostas gerais de a\u00e7\u00e3o com base nas Legisla\u00e7\u00f5es Nacionais e Internacionais de Educa\u00e7\u00e3o Especial<\/p>\n<p>&nbsp;<\/p>\n<p><strong>Equipe<\/strong>:<\/p>\n<p>TNM Alexandre Soares<\/p>\n<p>&nbsp;<\/p>\n<p><strong>Contatos:<\/strong><\/p>\n<p>E-mail: <a href=\"mailto:dpa.can@uern.br\">dpa.can@uern.br<\/a><\/p>\n<p>&nbsp;<\/p>\n<p><strong>Atedimentos Presenciais:<\/strong><\/p>\n<p>Segundas-feiras: 7h \u00e0s 13h<\/p>\n<p>Ter\u00e7as-feiras: 7h \u00e0s 13h<\/p>\n<p>Quartas-feiras: 7h \u00e0s 13h<\/p>\n<p>Quintas-feiras: 7h \u00e0s 13h<\/p>\n<p>Sextas-feiras: 7h \u00e0s 17h<\/p>\n<p>&nbsp;<\/p>\n<p><span style=\"color: #3366ff\">Dependendo da necessidade, o atendimento poder\u00e1 ser realizado em outro hor\u00e1rio, mediante agendamento pr\u00e9vio<\/span>.<\/p>\n<p>&nbsp;<\/p>\n<p><strong>Local<\/strong>:<\/p>\n<p>Campus de Natal &#8211; pr\u00e9dio sede &#8211; segundo andar.<\/p>\n<p>&nbsp;<\/p>\n<p><strong>Endere\u00e7o<\/strong>:<\/p>\n<p>Avenida Dr. Jo\u00e3o Medeiros Filho, 3419, Potengi, Natal, RN, CEP: 59120-555.<\/p>\n","protected":false},"excerpt":{"rendered":"<p>O DAIN A Diretoria de Pol\u00edticas e A\u00e7\u00f5es Inclusivas (DAIN), instalada no Campus Natal da Universidade do Estado do Rio Grande do Norte, desenvolve a\u00e7\u00f5es com foco na inclus\u00e3o educacional dos discentes com necessidades educacionais especiais, oportunizando atividades ligadas \u00e0 diversidade e \u00e0 inclus\u00e3o. S\u00e3o ofertados, atualmente, atendimento pedag\u00f3gico e apoio t\u00e9cnico especializado ao deficiente [&hellip;]<\/p>\n","protected":false},"author":1,"featured_media":0,"parent":0,"menu_order":0,"comment_status":"closed","ping_status":"closed","template":"","meta":{"footnotes":""},"class_list":["post-229","page","type-page","status-publish","hentry"],"_links":{"self":[{"href":"https:\/\/portal.uern.br\/natal\/wp-json\/wp\/v2\/pages\/229","targetHints":{"allow":["GET"]}}],"collection":[{"href":"https:\/\/portal.uern.br\/natal\/wp-json\/wp\/v2\/pages"}],"about":[{"href":"https:\/\/portal.uern.br\/natal\/wp-json\/wp\/v2\/types\/page"}],"author":[{"embeddable":true,"href":"https:\/\/portal.uern.br\/natal\/wp-json\/wp\/v2\/users\/1"}],"replies":[{"embeddable":true,"href":"https:\/\/portal.uern.br\/natal\/wp-json\/wp\/v2\/comments?post=229"}],"version-history":[{"count":3,"href":"https:\/\/portal.uern.br\/natal\/wp-json\/wp\/v2\/pages\/229\/revisions"}],"predecessor-version":[{"id":1201,"href":"https:\/\/portal.uern.br\/natal\/wp-json\/wp\/v2\/pages\/229\/revisions\/1201"}],"wp:attachment":[{"href":"https:\/\/portal.uern.br\/natal\/wp-json\/wp\/v2\/media?parent=229"}],"curies":[{"name":"wp","href":"https:\/\/api.w.org\/{rel}","templated":true}]}}